{"id":4148,"date":"2025-10-20T12:11:25","date_gmt":"2025-10-20T10:11:25","guid":{"rendered":"https:\/\/cpi-europe.upv.es\/?post_type=mec-events&#038;p=4148"},"modified":"2025-10-20T12:21:56","modified_gmt":"2025-10-20T10:21:56","slug":"info-day-eic-2026","status":"publish","type":"mec-events","link":"https:\/\/cpi-europe.upv.es\/val\/eventos\/info-day-eic-2026\/","title":{"rendered":"Info Day Europeo EIC Work programme 2026"},"content":{"rendered":"<p>El <strong>EIC<\/strong> organiza el 13 de noviembre el webinario de presentaci\u00f3n del<strong> programa de trabajo de 2026<\/strong>.<\/p>\n<p>Se abordar\u00e1n los diferentes mecanismos de financiaci\u00f3n (<strong>EIC Pathfinder, Transition y Accelerator<\/strong>) y se celebrar\u00e1n sesiones espec\u00edficas sobre servicios financiados por el EIC, incluido el acceso a asesores, mentores, socios globales y el ecosistema de innovaci\u00f3n.<\/p>\n<p>Adem\u00e1s, se incluir\u00e1 en la presentaci\u00f3n la <strong>convocatoria STEP Scale up<\/strong>, introducida como novedad en el anterior programa de trabajo.<\/p>\n<p>Como novedad destaca el <strong>nuevo mecanismo de financiaci\u00f3n<\/strong> introducido en el programa de trabajo del EIC para 2026: <strong>EIC Advanced Innovation Challenges,<\/strong><\/p>\n<p>Pod\u00e9is acceder a toda la informaci\u00f3n de este evento en el <a href=\"https:\/\/eic.ec.europa.eu\/events\/online-info-day-eic-work-programme-2026-2025-11-13_en\" target=\"_blank\" rel=\"noopener\" data-saferedirecturl=\"https:\/\/www.google.com\/url?q=https:\/\/ec.europa.eu\/info\/research-and-innovation\/events\/upcoming-events\/horizon-europe-info-days\/cluster-1_en&amp;source=gmail&amp;ust=1634028422162000&amp;usg=AFQjCNHrdjUHBckAl3MjWoDlq047loGgZQ\">enlace<\/a>.<\/p>\n<p>&nbsp;<\/p>","protected":false},"excerpt":{"rendered":"<p>El EIC organiza el 13 de noviembre el webinario de presentaci\u00f3n del programa de trabajo de 2026. Se abordar\u00e1n los diferentes mecanismos de financiaci\u00f3n (EIC Pathfinder, Transition y Accelerator) y se celebrar\u00e1n sesiones espec\u00edficas sobre servicios financiados por el EIC, incluido el acceso a asesores, mentores, socios globales y el ecosistema de innovaci\u00f3n. Adem\u00e1s, se &hellip;<\/p>\n<p class=\"read-more\"> <a class=\"\" href=\"https:\/\/cpi-europe.upv.es\/val\/eventos\/info-day-eic-2026\/\"> <span class=\"screen-reader-text\">Info Day Europeo EIC Work programme 2026<\/span> Read More \u00bb<\/a><\/p>","protected":false},"author":4,"featured_media":3014,"comment_status":"closed","ping_status":"closed","template":"","tags":[77,30],"mec_category":[15],"class_list":["post-4148","mec-events","type-mec-events","status-publish","has-post-thumbnail","hentry","tag-eic","tag-horizon-europe","mec_category-externos"],"yoast_head":"<!-- This site is optimized with the Yoast SEO plugin v27.1.1 - https:\/\/yoast.com\/product\/yoast-seo-wordpress\/ -->\n<title>Info Day Europeo EIC Work programme 2026 | CPI EUROPE<\/title>\n<meta name=\"robots\" content=\"index, follow, max-snippet:-1, max-image-preview:large, max-video-preview:-1\" \/>\n<link rel=\"canonical\" href=\"https:\/\/cpi-europe.upv.es\/val\/eventos\/info-day-eic-2026\/\" \/>\n<meta property=\"og:locale\" content=\"en_US\" \/>\n<meta property=\"og:type\" content=\"article\" \/>\n<meta property=\"og:title\" content=\"Info Day Europeo EIC Work programme 2026 | CPI EUROPE\" \/>\n<meta property=\"og:description\" content=\"El EIC organiza el 13 de noviembre el webinario de presentaci\u00f3n del programa de trabajo de 2026. Se abordar\u00e1n los diferentes mecanismos de financiaci\u00f3n (EIC Pathfinder, Transition y Accelerator) y se celebrar\u00e1n sesiones espec\u00edficas sobre servicios financiados por el EIC, incluido el acceso a asesores, mentores, socios globales y el ecosistema de innovaci\u00f3n. Adem\u00e1s, se &hellip; Info Day Europeo EIC Work programme 2026 Read More \u00bb\" \/>\n<meta property=\"og:url\" content=\"https:\/\/cpi-europe.upv.es\/val\/eventos\/info-day-eic-2026\/\" \/>\n<meta property=\"og:site_name\" content=\"CPI EUROPE\" \/>\n<meta property=\"article:publisher\" content=\"https:\/\/www.facebook.com\/UPV\" \/>\n<meta property=\"article:modified_time\" content=\"2025-10-20T10:21:56+00:00\" \/>\n<meta property=\"og:image\" content=\"https:\/\/cpi-europe.upv.es\/wp-content\/uploads\/2023\/02\/EIC-European-Innovation-Council.jpg\" \/>\n\t<meta property=\"og:image:width\" content=\"1050\" \/>\n\t<meta property=\"og:image:height\" content=\"450\" \/>\n\t<meta property=\"og:image:type\" content=\"image\/jpeg\" \/>\n<meta name=\"twitter:card\" content=\"summary_large_image\" \/>\n<meta name=\"twitter:site\" content=\"@UPV\" \/>\n<meta name=\"twitter:label1\" content=\"Est. reading time\" \/>\n\t<meta name=\"twitter:data1\" content=\"1 minute\" \/>\n<script type=\"application\/ld+json\" class=\"yoast-schema-graph\">{\"@context\":\"https:\/\/schema.org\",\"@graph\":[{\"@type\":\"WebPage\",\"@id\":\"https:\/\/cpi-europe.upv.es\/eventos\/info-day-eic-2026\/\",\"url\":\"https:\/\/cpi-europe.upv.es\/eventos\/info-day-eic-2026\/\",\"name\":\"Info Day Europeo EIC Work programme 2026 | CPI EUROPE\",\"isPartOf\":{\"@id\":\"https:\/\/cpi-europe.upv.es\/#website\"},\"primaryImageOfPage\":{\"@id\":\"https:\/\/cpi-europe.upv.es\/eventos\/info-day-eic-2026\/#primaryimage\"},\"image\":{\"@id\":\"https:\/\/cpi-europe.upv.es\/eventos\/info-day-eic-2026\/#primaryimage\"},\"thumbnailUrl\":\"https:\/\/cpi-europe.upv.es\/wp-content\/uploads\/2023\/02\/EIC-European-Innovation-Council.jpg\",\"datePublished\":\"2025-10-20T10:11:25+00:00\",\"dateModified\":\"2025-10-20T10:21:56+00:00\",\"breadcrumb\":{\"@id\":\"https:\/\/cpi-europe.upv.es\/eventos\/info-day-eic-2026\/#breadcrumb\"},\"inLanguage\":\"va\",\"potentialAction\":[{\"@type\":\"ReadAction\",\"target\":[\"https:\/\/cpi-europe.upv.es\/eventos\/info-day-eic-2026\/\"]}]},{\"@type\":\"ImageObject\",\"inLanguage\":\"va\",\"@id\":\"https:\/\/cpi-europe.upv.es\/eventos\/info-day-eic-2026\/#primaryimage\",\"url\":\"https:\/\/cpi-europe.upv.es\/wp-content\/uploads\/2023\/02\/EIC-European-Innovation-Council.jpg\",\"contentUrl\":\"https:\/\/cpi-europe.upv.es\/wp-content\/uploads\/2023\/02\/EIC-European-Innovation-Council.jpg\",\"width\":1050,\"height\":450},{\"@type\":\"BreadcrumbList\",\"@id\":\"https:\/\/cpi-europe.upv.es\/eventos\/info-day-eic-2026\/#breadcrumb\",\"itemListElement\":[{\"@type\":\"ListItem\",\"position\":1,\"name\":\"Portada\",\"item\":\"https:\/\/cpi-europe.upv.es\/\"},{\"@type\":\"ListItem\",\"position\":2,\"name\":\"Info Day Europeo EIC Work programme 2026\"}]},{\"@type\":\"WebSite\",\"@id\":\"https:\/\/cpi-europe.upv.es\/#website\",\"url\":\"https:\/\/cpi-europe.upv.es\/\",\"name\":\"CPI EUROPE\",\"description\":\"\",\"publisher\":{\"@id\":\"https:\/\/cpi-europe.upv.es\/#organization\"},\"potentialAction\":[{\"@type\":\"SearchAction\",\"target\":{\"@type\":\"EntryPoint\",\"urlTemplate\":\"https:\/\/cpi-europe.upv.es\/?s={search_term_string}\"},\"query-input\":{\"@type\":\"PropertyValueSpecification\",\"valueRequired\":true,\"valueName\":\"search_term_string\"}}],\"inLanguage\":\"va\"},{\"@type\":\"Organization\",\"@id\":\"https:\/\/cpi-europe.upv.es\/#organization\",\"name\":\"CPI Europe\",\"url\":\"https:\/\/cpi-europe.upv.es\/\",\"logo\":{\"@type\":\"ImageObject\",\"inLanguage\":\"va\",\"@id\":\"https:\/\/cpi-europe.upv.es\/#\/schema\/logo\/image\/\",\"url\":\"https:\/\/cpi-europe.upv.es\/wp-content\/uploads\/2020\/12\/logo-cpi-web-ok.png\",\"contentUrl\":\"https:\/\/cpi-europe.upv.es\/wp-content\/uploads\/2020\/12\/logo-cpi-web-ok.png\",\"width\":869,\"height\":111,\"caption\":\"CPI Europe\"},\"image\":{\"@id\":\"https:\/\/cpi-europe.upv.es\/#\/schema\/logo\/image\/\"},\"sameAs\":[\"https:\/\/www.facebook.com\/UPV\",\"https:\/\/x.com\/UPV\",\"https:\/\/www.instagram.com\/instaUPV\/\"]}]}<\/script>\n<!-- \/ Yoast SEO plugin. -->","yoast_head_json":{"title":"Info Day Europeo EIC Work programme 2026 | CPI EUROPE","robots":{"index":"index","follow":"follow","max-snippet":"max-snippet:-1","max-image-preview":"max-image-preview:large","max-video-preview":"max-video-preview:-1"},"canonical":"https:\/\/cpi-europe.upv.es\/val\/eventos\/info-day-eic-2026\/","og_locale":"en_US","og_type":"article","og_title":"Info Day Europeo EIC Work programme 2026 | CPI EUROPE","og_description":"El EIC organiza el 13 de noviembre el webinario de presentaci\u00f3n del programa de trabajo de 2026. Se abordar\u00e1n los diferentes mecanismos de financiaci\u00f3n (EIC Pathfinder, Transition y Accelerator) y se celebrar\u00e1n sesiones espec\u00edficas sobre servicios financiados por el EIC, incluido el acceso a asesores, mentores, socios globales y el ecosistema de innovaci\u00f3n. Adem\u00e1s, se &hellip; Info Day Europeo EIC Work programme 2026 Read More \u00bb","og_url":"https:\/\/cpi-europe.upv.es\/val\/eventos\/info-day-eic-2026\/","og_site_name":"CPI EUROPE","article_publisher":"https:\/\/www.facebook.com\/UPV","article_modified_time":"2025-10-20T10:21:56+00:00","og_image":[{"width":1050,"height":450,"url":"https:\/\/cpi-europe.upv.es\/wp-content\/uploads\/2023\/02\/EIC-European-Innovation-Council.jpg","type":"image\/jpeg"}],"twitter_card":"summary_large_image","twitter_site":"@UPV","twitter_misc":{"Est. reading time":"1 minute"},"schema":{"@context":"https:\/\/schema.org","@graph":[{"@type":"WebPage","@id":"https:\/\/cpi-europe.upv.es\/eventos\/info-day-eic-2026\/","url":"https:\/\/cpi-europe.upv.es\/eventos\/info-day-eic-2026\/","name":"Info Day Europeo EIC Work programme 2026 | CPI EUROPE","isPartOf":{"@id":"https:\/\/cpi-europe.upv.es\/#website"},"primaryImageOfPage":{"@id":"https:\/\/cpi-europe.upv.es\/eventos\/info-day-eic-2026\/#primaryimage"},"image":{"@id":"https:\/\/cpi-europe.upv.es\/eventos\/info-day-eic-2026\/#primaryimage"},"thumbnailUrl":"https:\/\/cpi-europe.upv.es\/wp-content\/uploads\/2023\/02\/EIC-European-Innovation-Council.jpg","datePublished":"2025-10-20T10:11:25+00:00","dateModified":"2025-10-20T10:21:56+00:00","breadcrumb":{"@id":"https:\/\/cpi-europe.upv.es\/eventos\/info-day-eic-2026\/#breadcrumb"},"inLanguage":"va","potentialAction":[{"@type":"ReadAction","target":["https:\/\/cpi-europe.upv.es\/eventos\/info-day-eic-2026\/"]}]},{"@type":"ImageObject","inLanguage":"va","@id":"https:\/\/cpi-europe.upv.es\/eventos\/info-day-eic-2026\/#primaryimage","url":"https:\/\/cpi-europe.upv.es\/wp-content\/uploads\/2023\/02\/EIC-European-Innovation-Council.jpg","contentUrl":"https:\/\/cpi-europe.upv.es\/wp-content\/uploads\/2023\/02\/EIC-European-Innovation-Council.jpg","width":1050,"height":450},{"@type":"BreadcrumbList","@id":"https:\/\/cpi-europe.upv.es\/eventos\/info-day-eic-2026\/#breadcrumb","itemListElement":[{"@type":"ListItem","position":1,"name":"Portada","item":"https:\/\/cpi-europe.upv.es\/"},{"@type":"ListItem","position":2,"name":"Info Day Europeo EIC Work programme 2026"}]},{"@type":"WebSite","@id":"https:\/\/cpi-europe.upv.es\/#website","url":"https:\/\/cpi-europe.upv.es\/","name":"CPI EUROPE","description":"","publisher":{"@id":"https:\/\/cpi-europe.upv.es\/#organization"},"potentialAction":[{"@type":"SearchAction","target":{"@type":"EntryPoint","urlTemplate":"https:\/\/cpi-europe.upv.es\/?s={search_term_string}"},"query-input":{"@type":"PropertyValueSpecification","valueRequired":true,"valueName":"search_term_string"}}],"inLanguage":"va"},{"@type":"Organization","@id":"https:\/\/cpi-europe.upv.es\/#organization","name":"CPI Europe","url":"https:\/\/cpi-europe.upv.es\/","logo":{"@type":"ImageObject","inLanguage":"va","@id":"https:\/\/cpi-europe.upv.es\/#\/schema\/logo\/image\/","url":"https:\/\/cpi-europe.upv.es\/wp-content\/uploads\/2020\/12\/logo-cpi-web-ok.png","contentUrl":"https:\/\/cpi-europe.upv.es\/wp-content\/uploads\/2020\/12\/logo-cpi-web-ok.png","width":869,"height":111,"caption":"CPI Europe"},"image":{"@id":"https:\/\/cpi-europe.upv.es\/#\/schema\/logo\/image\/"},"sameAs":["https:\/\/www.facebook.com\/UPV","https:\/\/x.com\/UPV","https:\/\/www.instagram.com\/instaUPV\/"]}]}},"_links":{"self":[{"href":"https:\/\/cpi-europe.upv.es\/val\/wp-json\/wp\/v2\/mec-events\/4148","targetHints":{"allow":["GET"]}}],"collection":[{"href":"https:\/\/cpi-europe.upv.es\/val\/wp-json\/wp\/v2\/mec-events"}],"about":[{"href":"https:\/\/cpi-europe.upv.es\/val\/wp-json\/wp\/v2\/types\/mec-events"}],"author":[{"embeddable":true,"href":"https:\/\/cpi-europe.upv.es\/val\/wp-json\/wp\/v2\/users\/4"}],"replies":[{"embeddable":true,"href":"https:\/\/cpi-europe.upv.es\/val\/wp-json\/wp\/v2\/comments?post=4148"}],"wp:featuredmedia":[{"embeddable":true,"href":"https:\/\/cpi-europe.upv.es\/val\/wp-json\/wp\/v2\/media\/3014"}],"wp:attachment":[{"href":"https:\/\/cpi-europe.upv.es\/val\/wp-json\/wp\/v2\/media?parent=4148"}],"wp:term":[{"taxonomy":"post_tag","embeddable":true,"href":"https:\/\/cpi-europe.upv.es\/val\/wp-json\/wp\/v2\/tags?post=4148"},{"taxonomy":"mec_category","embeddable":true,"href":"https:\/\/cpi-europe.upv.es\/val\/wp-json\/wp\/v2\/mec_category?post=4148"}],"curies":[{"name":"wp","href":"https:\/\/api.w.org\/{rel}","templated":true}]}}

<p>El <strong>EIC</strong> organiza el 13 de noviembre el webinario de presentación del<strong> programa de trabajo de 2026</strong>.</p>
<p>Se abordarán los diferentes mecanismos de financiación (<strong>EIC Pathfinder, Transition y Accelerator</strong>) y se celebrarán sesiones específicas sobre servicios financiados por el EIC, incluido el acceso a asesores, mentores, socios globales y el ecosistema de innovación.</p>
<p>Además, se incluirá en la presentación la <strong>convocatoria STEP Scale up</strong>, introducida como novedad en el anterior programa de trabajo.</p>
<p>Como novedad destaca el <strong>nuevo mecanismo de financiación</strong> introducido en el programa de trabajo del EIC para 2026: <strong>EIC Advanced Innovation Challenges,</strong></p>
<p>Podéis acceder a toda la información de este evento en el <a href="https://eic.ec.europa.eu/events/online-info-day-eic-work-programme-2026-2025-11-13_en" target="_blank" rel="noopener" data-saferedirecturl="https://www.google.com/url?q=https://ec.europa.eu/info/research-and-innovation/events/upcoming-events/horizon-europe-info-days/cluster-1_en&amp;source=gmail&amp;ust=1634028422162000&amp;usg=AFQjCNHrdjUHBckAl3MjWoDlq047loGgZQ">enlace</a>.</p>
<p>&nbsp;</p>

<p>El EIC organiza el 13 de noviembre el webinario de presentación del programa de trabajo de 2026. Se abordarán los diferentes mecanismos de financiación (EIC Pathfinder, Transition y Accelerator) y se celebrarán sesiones específicas sobre servicios financiados por el EIC, incluido el acceso a asesores, mentores, socios globales y el ecosistema de innovación. Además, se &hellip;</p>
<p class="read-more"> <a class="" href="https://cpi-europe.upv.es/val/eventos/info-day-eic-2026/"> <span class="screen-reader-text">Info Day Europeo EIC Work programme 2026</span> Read More »</a></p>

<!-- This site is optimized with the Yoast SEO plugin v27.1.1 - https://yoast.com/product/yoast-seo-wordpress/ -->
<title>Info Day Europeo EIC Work programme 2026 | CPI EUROPE</title>
<meta name="robots" content="index, follow, max-snippet:-1, max-image-preview:large, max-video-preview:-1" />
<link rel="canonical" href="https://cpi-europe.upv.es/val/eventos/info-day-eic-2026/" />
<meta property="og:locale" content="en_US" />
<meta property="og:type" content="article" />
<meta property="og:title" content="Info Day Europeo EIC Work programme 2026 | CPI EUROPE" />
<meta property="og:description" content="El EIC organiza el 13 de noviembre el webinario de presentación del programa de trabajo de 2026. Se abordarán los diferentes mecanismos de financiación (EIC Pathfinder, Transition y Accelerator) y se celebrarán sesiones específicas sobre servicios financiados por el EIC, incluido el acceso a asesores, mentores, socios globales y el ecosistema de innovación. Además, se &hellip; Info Day Europeo EIC Work programme 2026 Read More »" />
<meta property="og:url" content="https://cpi-europe.upv.es/val/eventos/info-day-eic-2026/" />
<meta property="og:site_name" content="CPI EUROPE" />
<meta property="article:publisher" content="https://www.facebook.com/UPV" />
<meta property="article:modified_time" content="2025-10-20T10:21:56+00:00" />
<meta property="og:image" content="https://cpi-europe.upv.es/wp-content/uploads/2023/02/EIC-European-Innovation-Council.jpg" />
	<meta property="og:image:width" content="1050" />
	<meta property="og:image:height" content="450" />
	<meta property="og:image:type" content="image/jpeg" />
<meta name="twitter:card" content="summary_large_image" />
<meta name="twitter:site" content="@UPV" />
<meta name="twitter:label1" content="Est. reading time" />
	<meta name="twitter:data1" content="1 minute" />
<script type="application/ld+json" class="yoast-schema-graph">{"@context":"https://schema.org","@graph":[{"@type":"WebPage","@id":"https://cpi-europe.upv.es/eventos/info-day-eic-2026/","url":"https://cpi-europe.upv.es/eventos/info-day-eic-2026/","name":"Info Day Europeo EIC Work programme 2026 | CPI EUROPE","isPartOf":{"@id":"https://cpi-europe.upv.es/#website"},"primaryImageOfPage":{"@id":"https://cpi-europe.upv.es/eventos/info-day-eic-2026/#primaryimage"},"image":{"@id":"https://cpi-europe.upv.es/eventos/info-day-eic-2026/#primaryimage"},"thumbnailUrl":"https://cpi-europe.upv.es/wp-content/uploads/2023/02/EIC-European-Innovation-Council.jpg","datePublished":"2025-10-20T10:11:25+00:00","dateModified":"2025-10-20T10:21:56+00:00","breadcrumb":{"@id":"https://cpi-europe.upv.es/eventos/info-day-eic-2026/#breadcrumb"},"inLanguage":"va","potentialAction":[{"@type":"ReadAction","target":["https://cpi-europe.upv.es/eventos/info-day-eic-2026/"]}]},{"@type":"ImageObject","inLanguage":"va","@id":"https://cpi-europe.upv.es/eventos/info-day-eic-2026/#primaryimage","url":"https://cpi-europe.upv.es/wp-content/uploads/2023/02/EIC-European-Innovation-Council.jpg","contentUrl":"https://cpi-europe.upv.es/wp-content/uploads/2023/02/EIC-European-Innovation-Council.jpg","width":1050,"height":450},{"@type":"BreadcrumbList","@id":"https://cpi-europe.upv.es/eventos/info-day-eic-2026/#breadcrumb","itemListElement":[{"@type":"ListItem","position":1,"name":"Portada","item":"https://cpi-europe.upv.es/"},{"@type":"ListItem","position":2,"name":"Info Day Europeo EIC Work programme 2026"}]},{"@type":"WebSite","@id":"https://cpi-europe.upv.es/#website","url":"https://cpi-europe.upv.es/","name":"CPI EUROPE","description":"","publisher":{"@id":"https://cpi-europe.upv.es/#organization"},"potentialAction":[{"@type":"SearchAction","target":{"@type":"EntryPoint","urlTemplate":"https://cpi-europe.upv.es/?s={search_term_string}"},"query-input":{"@type":"PropertyValueSpecification","valueRequired":true,"valueName":"search_term_string"}}],"inLanguage":"va"},{"@type":"Organization","@id":"https://cpi-europe.upv.es/#organization","name":"CPI Europe","url":"https://cpi-europe.upv.es/","logo":{"@type":"ImageObject","inLanguage":"va","@id":"https://cpi-europe.upv.es/#/schema/logo/image/","url":"https://cpi-europe.upv.es/wp-content/uploads/2020/12/logo-cpi-web-ok.png","contentUrl":"https://cpi-europe.upv.es/wp-content/uploads/2020/12/logo-cpi-web-ok.png","width":869,"height":111,"caption":"CPI Europe"},"image":{"@id":"https://cpi-europe.upv.es/#/schema/logo/image/"},"sameAs":["https://www.facebook.com/UPV","https://x.com/UPV","https://www.instagram.com/instaUPV/"]}]}</script>
<!-- / Yoast SEO plugin. -->

El EIC organiza el 13 de noviembre el webinario de presentación del programa de trabajo de 2026. Se abordarán los diferentes mecanismos de financiación (EIC Pathfinder, Transition y Accelerator) y se celebrarán sesiones específicas sobre servicios financiados por el EIC, incluido el acceso a asesores, mentores, socios globales y el ecosistema de innovación. Además, se &hellip; Info Day Europeo EIC Work programme 2026 Read More »
