{"id":4042,"date":"2025-03-31T16:20:54","date_gmt":"2025-03-31T14:20:54","guid":{"rendered":"https:\/\/cpi-europe.upv.es\/eventos\/webinar-cl5-ciudades-2025-copy\/"},"modified":"2025-03-31T16:25:32","modified_gmt":"2025-03-31T14:25:32","slug":"webinar-cl6-wp2025","status":"publish","type":"mec-events","link":"https:\/\/cpi-europe.upv.es\/val\/eventos\/webinar-cl6-wp2025\/","title":{"rendered":"Webinar CDTI Cl\u00faster 6 y Clima"},"content":{"rendered":"<p>El <strong>24 de abril<\/strong>, CDTI organiza el\u00a0sexto y \u00faltimo <strong>webinario<\/strong> de la serie <strong>\u00abPreparando las Convocatorias del Programa de Trabajo 2025\u00bb<\/strong>, sesiones dise\u00f1adas para proporcionar informaci\u00f3n clave y preparar a los posibles participantes para las pr\u00f3ximas convocatorias de Horizonte Europa, cuya apertura est\u00e1 prevista para mayo de 2025.<\/p>\n<p>El sexto webinario tiene como objetivo presentar el <strong>calendario<\/strong> de convocatorias 2025 as\u00ed como los eventos de promoci\u00f3n previstos.<\/p>\n<p>Se abordar\u00e1n los siguientes temas:<\/p>\n<ul>\n<li>Cl\u00faster 6.<\/li>\n<li>Cl\u00faster 5-Clima<\/li>\n<li>Misiones Suelos, Adaptaci\u00f3n al cambio clim\u00e1tico y Oc\u00e9anos y aguas.<\/li>\n<li>Circular Bio-based Europe (CBE)<\/li>\n<li>PRIMA.<\/li>\n<li>Resumen de los webinarios 1 a 5.<\/li>\n<li>Pr\u00f3ximos eventos y actuaciones CDTI de apoyo a los participantes.<\/li>\n<\/ul>\n<p>M\u00e1s <strong>informaci\u00f3n y registro<\/strong> en la web del <a href=\"https:\/\/eventos.cdti.es\/agenda\/20241202_WP2025\" target=\"_blank\" rel=\"noopener\">evento<\/a>.<\/p>","protected":false},"excerpt":{"rendered":"<p>El 24 de abril, CDTI organiza el\u00a0sexto y \u00faltimo webinario de la serie \u00abPreparando las Convocatorias del Programa de Trabajo 2025\u00bb, sesiones dise\u00f1adas para proporcionar informaci\u00f3n clave y preparar a los posibles participantes para las pr\u00f3ximas convocatorias de Horizonte Europa, cuya apertura est\u00e1 prevista para mayo de 2025. El sexto webinario tiene como objetivo presentar &hellip;<\/p>\n<p class=\"read-more\"> <a class=\"\" href=\"https:\/\/cpi-europe.upv.es\/val\/eventos\/webinar-cl6-wp2025\/\"> <span class=\"screen-reader-text\">Webinar CDTI Cl\u00faster 6 y Clima<\/span> Read More \u00bb<\/a><\/p>","protected":false},"author":4,"featured_media":1738,"comment_status":"closed","ping_status":"closed","template":"","tags":[153,85],"mec_category":[15],"class_list":["post-4042","mec-events","type-mec-events","status-publish","has-post-thumbnail","hentry","tag-cluster-5-clima","tag-cluster-6","mec_category-externos"],"yoast_head":"<!-- This site is optimized with the Yoast SEO plugin v27.1.1 - https:\/\/yoast.com\/product\/yoast-seo-wordpress\/ -->\n<title>Webinar CDTI Cl\u00faster 6 y Clima | CPI EUROPE<\/title>\n<meta name=\"robots\" content=\"index, follow, max-snippet:-1, max-image-preview:large, max-video-preview:-1\" \/>\n<link rel=\"canonical\" href=\"https:\/\/cpi-europe.upv.es\/val\/eventos\/webinar-cl6-wp2025\/\" \/>\n<meta property=\"og:locale\" content=\"en_US\" \/>\n<meta property=\"og:type\" content=\"article\" \/>\n<meta property=\"og:title\" content=\"Webinar CDTI Cl\u00faster 6 y Clima | CPI EUROPE\" \/>\n<meta property=\"og:description\" content=\"El 24 de abril, CDTI organiza el\u00a0sexto y \u00faltimo webinario de la serie \u00abPreparando las Convocatorias del Programa de Trabajo 2025\u00bb, sesiones dise\u00f1adas para proporcionar informaci\u00f3n clave y preparar a los posibles participantes para las pr\u00f3ximas convocatorias de Horizonte Europa, cuya apertura est\u00e1 prevista para mayo de 2025. El sexto webinario tiene como objetivo presentar &hellip; Webinar CDTI Cl\u00faster 6 y Clima Read More \u00bb\" \/>\n<meta property=\"og:url\" content=\"https:\/\/cpi-europe.upv.es\/val\/eventos\/webinar-cl6-wp2025\/\" \/>\n<meta property=\"og:site_name\" content=\"CPI EUROPE\" \/>\n<meta property=\"article:publisher\" content=\"https:\/\/www.facebook.com\/UPV\" \/>\n<meta property=\"article:modified_time\" content=\"2025-03-31T14:25:32+00:00\" \/>\n<meta property=\"og:image\" content=\"https:\/\/cpi-europe.upv.es\/wp-content\/uploads\/2021\/10\/he.jpg\" \/>\n\t<meta property=\"og:image:width\" content=\"480\" \/>\n\t<meta property=\"og:image:height\" content=\"480\" \/>\n\t<meta property=\"og:image:type\" content=\"image\/jpeg\" \/>\n<meta name=\"twitter:card\" content=\"summary_large_image\" \/>\n<meta name=\"twitter:site\" content=\"@UPV\" \/>\n<meta name=\"twitter:label1\" content=\"Est. reading time\" \/>\n\t<meta name=\"twitter:data1\" content=\"1 minute\" \/>\n<script type=\"application\/ld+json\" class=\"yoast-schema-graph\">{\"@context\":\"https:\/\/schema.org\",\"@graph\":[{\"@type\":\"WebPage\",\"@id\":\"https:\/\/cpi-europe.upv.es\/eventos\/webinar-cl6-wp2025\/\",\"url\":\"https:\/\/cpi-europe.upv.es\/eventos\/webinar-cl6-wp2025\/\",\"name\":\"Webinar CDTI Cl\u00faster 6 y Clima | CPI EUROPE\",\"isPartOf\":{\"@id\":\"https:\/\/cpi-europe.upv.es\/#website\"},\"primaryImageOfPage\":{\"@id\":\"https:\/\/cpi-europe.upv.es\/eventos\/webinar-cl6-wp2025\/#primaryimage\"},\"image\":{\"@id\":\"https:\/\/cpi-europe.upv.es\/eventos\/webinar-cl6-wp2025\/#primaryimage\"},\"thumbnailUrl\":\"https:\/\/cpi-europe.upv.es\/wp-content\/uploads\/2021\/10\/he.jpg\",\"datePublished\":\"2025-03-31T14:20:54+00:00\",\"dateModified\":\"2025-03-31T14:25:32+00:00\",\"breadcrumb\":{\"@id\":\"https:\/\/cpi-europe.upv.es\/eventos\/webinar-cl6-wp2025\/#breadcrumb\"},\"inLanguage\":\"va\",\"potentialAction\":[{\"@type\":\"ReadAction\",\"target\":[\"https:\/\/cpi-europe.upv.es\/eventos\/webinar-cl6-wp2025\/\"]}]},{\"@type\":\"ImageObject\",\"inLanguage\":\"va\",\"@id\":\"https:\/\/cpi-europe.upv.es\/eventos\/webinar-cl6-wp2025\/#primaryimage\",\"url\":\"https:\/\/cpi-europe.upv.es\/wp-content\/uploads\/2021\/10\/he.jpg\",\"contentUrl\":\"https:\/\/cpi-europe.upv.es\/wp-content\/uploads\/2021\/10\/he.jpg\",\"width\":480,\"height\":480},{\"@type\":\"BreadcrumbList\",\"@id\":\"https:\/\/cpi-europe.upv.es\/eventos\/webinar-cl6-wp2025\/#breadcrumb\",\"itemListElement\":[{\"@type\":\"ListItem\",\"position\":1,\"name\":\"Portada\",\"item\":\"https:\/\/cpi-europe.upv.es\/\"},{\"@type\":\"ListItem\",\"position\":2,\"name\":\"Webinar CDTI Cl\u00faster 6 y Clima\"}]},{\"@type\":\"WebSite\",\"@id\":\"https:\/\/cpi-europe.upv.es\/#website\",\"url\":\"https:\/\/cpi-europe.upv.es\/\",\"name\":\"CPI EUROPE\",\"description\":\"\",\"publisher\":{\"@id\":\"https:\/\/cpi-europe.upv.es\/#organization\"},\"potentialAction\":[{\"@type\":\"SearchAction\",\"target\":{\"@type\":\"EntryPoint\",\"urlTemplate\":\"https:\/\/cpi-europe.upv.es\/?s={search_term_string}\"},\"query-input\":{\"@type\":\"PropertyValueSpecification\",\"valueRequired\":true,\"valueName\":\"search_term_string\"}}],\"inLanguage\":\"va\"},{\"@type\":\"Organization\",\"@id\":\"https:\/\/cpi-europe.upv.es\/#organization\",\"name\":\"CPI Europe\",\"url\":\"https:\/\/cpi-europe.upv.es\/\",\"logo\":{\"@type\":\"ImageObject\",\"inLanguage\":\"va\",\"@id\":\"https:\/\/cpi-europe.upv.es\/#\/schema\/logo\/image\/\",\"url\":\"https:\/\/cpi-europe.upv.es\/wp-content\/uploads\/2020\/12\/logo-cpi-web-ok.png\",\"contentUrl\":\"https:\/\/cpi-europe.upv.es\/wp-content\/uploads\/2020\/12\/logo-cpi-web-ok.png\",\"width\":869,\"height\":111,\"caption\":\"CPI Europe\"},\"image\":{\"@id\":\"https:\/\/cpi-europe.upv.es\/#\/schema\/logo\/image\/\"},\"sameAs\":[\"https:\/\/www.facebook.com\/UPV\",\"https:\/\/x.com\/UPV\",\"https:\/\/www.instagram.com\/instaUPV\/\"]}]}<\/script>\n<!-- \/ Yoast SEO plugin. -->","yoast_head_json":{"title":"Webinar CDTI Cl\u00faster 6 y Clima | CPI EUROPE","robots":{"index":"index","follow":"follow","max-snippet":"max-snippet:-1","max-image-preview":"max-image-preview:large","max-video-preview":"max-video-preview:-1"},"canonical":"https:\/\/cpi-europe.upv.es\/val\/eventos\/webinar-cl6-wp2025\/","og_locale":"en_US","og_type":"article","og_title":"Webinar CDTI Cl\u00faster 6 y Clima | CPI EUROPE","og_description":"El 24 de abril, CDTI organiza el\u00a0sexto y \u00faltimo webinario de la serie \u00abPreparando las Convocatorias del Programa de Trabajo 2025\u00bb, sesiones dise\u00f1adas para proporcionar informaci\u00f3n clave y preparar a los posibles participantes para las pr\u00f3ximas convocatorias de Horizonte Europa, cuya apertura est\u00e1 prevista para mayo de 2025. El sexto webinario tiene como objetivo presentar &hellip; Webinar CDTI Cl\u00faster 6 y Clima Read More \u00bb","og_url":"https:\/\/cpi-europe.upv.es\/val\/eventos\/webinar-cl6-wp2025\/","og_site_name":"CPI EUROPE","article_publisher":"https:\/\/www.facebook.com\/UPV","article_modified_time":"2025-03-31T14:25:32+00:00","og_image":[{"width":480,"height":480,"url":"https:\/\/cpi-europe.upv.es\/wp-content\/uploads\/2021\/10\/he.jpg","type":"image\/jpeg"}],"twitter_card":"summary_large_image","twitter_site":"@UPV","twitter_misc":{"Est. reading time":"1 minute"},"schema":{"@context":"https:\/\/schema.org","@graph":[{"@type":"WebPage","@id":"https:\/\/cpi-europe.upv.es\/eventos\/webinar-cl6-wp2025\/","url":"https:\/\/cpi-europe.upv.es\/eventos\/webinar-cl6-wp2025\/","name":"Webinar CDTI Cl\u00faster 6 y Clima | CPI EUROPE","isPartOf":{"@id":"https:\/\/cpi-europe.upv.es\/#website"},"primaryImageOfPage":{"@id":"https:\/\/cpi-europe.upv.es\/eventos\/webinar-cl6-wp2025\/#primaryimage"},"image":{"@id":"https:\/\/cpi-europe.upv.es\/eventos\/webinar-cl6-wp2025\/#primaryimage"},"thumbnailUrl":"https:\/\/cpi-europe.upv.es\/wp-content\/uploads\/2021\/10\/he.jpg","datePublished":"2025-03-31T14:20:54+00:00","dateModified":"2025-03-31T14:25:32+00:00","breadcrumb":{"@id":"https:\/\/cpi-europe.upv.es\/eventos\/webinar-cl6-wp2025\/#breadcrumb"},"inLanguage":"va","potentialAction":[{"@type":"ReadAction","target":["https:\/\/cpi-europe.upv.es\/eventos\/webinar-cl6-wp2025\/"]}]},{"@type":"ImageObject","inLanguage":"va","@id":"https:\/\/cpi-europe.upv.es\/eventos\/webinar-cl6-wp2025\/#primaryimage","url":"https:\/\/cpi-europe.upv.es\/wp-content\/uploads\/2021\/10\/he.jpg","contentUrl":"https:\/\/cpi-europe.upv.es\/wp-content\/uploads\/2021\/10\/he.jpg","width":480,"height":480},{"@type":"BreadcrumbList","@id":"https:\/\/cpi-europe.upv.es\/eventos\/webinar-cl6-wp2025\/#breadcrumb","itemListElement":[{"@type":"ListItem","position":1,"name":"Portada","item":"https:\/\/cpi-europe.upv.es\/"},{"@type":"ListItem","position":2,"name":"Webinar CDTI Cl\u00faster 6 y Clima"}]},{"@type":"WebSite","@id":"https:\/\/cpi-europe.upv.es\/#website","url":"https:\/\/cpi-europe.upv.es\/","name":"CPI EUROPE","description":"","publisher":{"@id":"https:\/\/cpi-europe.upv.es\/#organization"},"potentialAction":[{"@type":"SearchAction","target":{"@type":"EntryPoint","urlTemplate":"https:\/\/cpi-europe.upv.es\/?s={search_term_string}"},"query-input":{"@type":"PropertyValueSpecification","valueRequired":true,"valueName":"search_term_string"}}],"inLanguage":"va"},{"@type":"Organization","@id":"https:\/\/cpi-europe.upv.es\/#organization","name":"CPI Europe","url":"https:\/\/cpi-europe.upv.es\/","logo":{"@type":"ImageObject","inLanguage":"va","@id":"https:\/\/cpi-europe.upv.es\/#\/schema\/logo\/image\/","url":"https:\/\/cpi-europe.upv.es\/wp-content\/uploads\/2020\/12\/logo-cpi-web-ok.png","contentUrl":"https:\/\/cpi-europe.upv.es\/wp-content\/uploads\/2020\/12\/logo-cpi-web-ok.png","width":869,"height":111,"caption":"CPI Europe"},"image":{"@id":"https:\/\/cpi-europe.upv.es\/#\/schema\/logo\/image\/"},"sameAs":["https:\/\/www.facebook.com\/UPV","https:\/\/x.com\/UPV","https:\/\/www.instagram.com\/instaUPV\/"]}]}},"_links":{"self":[{"href":"https:\/\/cpi-europe.upv.es\/val\/wp-json\/wp\/v2\/mec-events\/4042","targetHints":{"allow":["GET"]}}],"collection":[{"href":"https:\/\/cpi-europe.upv.es\/val\/wp-json\/wp\/v2\/mec-events"}],"about":[{"href":"https:\/\/cpi-europe.upv.es\/val\/wp-json\/wp\/v2\/types\/mec-events"}],"author":[{"embeddable":true,"href":"https:\/\/cpi-europe.upv.es\/val\/wp-json\/wp\/v2\/users\/4"}],"replies":[{"embeddable":true,"href":"https:\/\/cpi-europe.upv.es\/val\/wp-json\/wp\/v2\/comments?post=4042"}],"wp:featuredmedia":[{"embeddable":true,"href":"https:\/\/cpi-europe.upv.es\/val\/wp-json\/wp\/v2\/media\/1738"}],"wp:attachment":[{"href":"https:\/\/cpi-europe.upv.es\/val\/wp-json\/wp\/v2\/media?parent=4042"}],"wp:term":[{"taxonomy":"post_tag","embeddable":true,"href":"https:\/\/cpi-europe.upv.es\/val\/wp-json\/wp\/v2\/tags?post=4042"},{"taxonomy":"mec_category","embeddable":true,"href":"https:\/\/cpi-europe.upv.es\/val\/wp-json\/wp\/v2\/mec_category?post=4042"}],"curies":[{"name":"wp","href":"https:\/\/api.w.org\/{rel}","templated":true}]}}

Webinar CDTI Clúster 6 y Clima

<p>El <strong>24 de abril</strong>, CDTI organiza el sexto y último <strong>webinario</strong> de la serie <strong>«Preparando las Convocatorias del Programa de Trabajo 2025»</strong>, sesiones diseñadas para proporcionar información clave y preparar a los posibles participantes para las próximas convocatorias de Horizonte Europa, cuya apertura está prevista para mayo de 2025.</p>
<p>El sexto webinario tiene como objetivo presentar el <strong>calendario</strong> de convocatorias 2025 así como los eventos de promoción previstos.</p>
<p>Se abordarán los siguientes temas:</p>
<ul>
<li>Clúster 6.</li>
<li>Clúster 5-Clima</li>
<li>Misiones Suelos, Adaptación al cambio climático y Océanos y aguas.</li>
<li>Circular Bio-based Europe (CBE)</li>
<li>PRIMA.</li>
<li>Resumen de los webinarios 1 a 5.</li>
<li>Próximos eventos y actuaciones CDTI de apoyo a los participantes.</li>
</ul>
<p>Más <strong>información y registro</strong> en la web del <a href="https://eventos.cdti.es/agenda/20241202_WP2025" target="_blank" rel="noopener">evento</a>.</p>

<p>El 24 de abril, CDTI organiza el sexto y último webinario de la serie «Preparando las Convocatorias del Programa de Trabajo 2025», sesiones diseñadas para proporcionar información clave y preparar a los posibles participantes para las próximas convocatorias de Horizonte Europa, cuya apertura está prevista para mayo de 2025. El sexto webinario tiene como objetivo presentar &hellip;</p>
<p class="read-more"> <a class="" href="https://cpi-europe.upv.es/val/eventos/webinar-cl6-wp2025/"> <span class="screen-reader-text">Webinar CDTI Clúster 6 y Clima</span> Read More »</a></p>

<!-- This site is optimized with the Yoast SEO plugin v27.1.1 - https://yoast.com/product/yoast-seo-wordpress/ -->
<title>Webinar CDTI Clúster 6 y Clima | CPI EUROPE</title>
<meta name="robots" content="index, follow, max-snippet:-1, max-image-preview:large, max-video-preview:-1" />
<link rel="canonical" href="https://cpi-europe.upv.es/val/eventos/webinar-cl6-wp2025/" />
<meta property="og:locale" content="en_US" />
<meta property="og:type" content="article" />
<meta property="og:title" content="Webinar CDTI Clúster 6 y Clima | CPI EUROPE" />
<meta property="og:description" content="El 24 de abril, CDTI organiza el sexto y último webinario de la serie «Preparando las Convocatorias del Programa de Trabajo 2025», sesiones diseñadas para proporcionar información clave y preparar a los posibles participantes para las próximas convocatorias de Horizonte Europa, cuya apertura está prevista para mayo de 2025. El sexto webinario tiene como objetivo presentar &hellip; Webinar CDTI Clúster 6 y Clima Read More »" />
<meta property="og:url" content="https://cpi-europe.upv.es/val/eventos/webinar-cl6-wp2025/" />
<meta property="og:site_name" content="CPI EUROPE" />
<meta property="article:publisher" content="https://www.facebook.com/UPV" />
<meta property="article:modified_time" content="2025-03-31T14:25:32+00:00" />
<meta property="og:image" content="https://cpi-europe.upv.es/wp-content/uploads/2021/10/he.jpg" />
	<meta property="og:image:width" content="480" />
	<meta property="og:image:height" content="480" />
	<meta property="og:image:type" content="image/jpeg" />
<meta name="twitter:card" content="summary_large_image" />
<meta name="twitter:site" content="@UPV" />
<meta name="twitter:label1" content="Est. reading time" />
	<meta name="twitter:data1" content="1 minute" />
<script type="application/ld+json" class="yoast-schema-graph">{"@context":"https://schema.org","@graph":[{"@type":"WebPage","@id":"https://cpi-europe.upv.es/eventos/webinar-cl6-wp2025/","url":"https://cpi-europe.upv.es/eventos/webinar-cl6-wp2025/","name":"Webinar CDTI Clúster 6 y Clima | CPI EUROPE","isPartOf":{"@id":"https://cpi-europe.upv.es/#website"},"primaryImageOfPage":{"@id":"https://cpi-europe.upv.es/eventos/webinar-cl6-wp2025/#primaryimage"},"image":{"@id":"https://cpi-europe.upv.es/eventos/webinar-cl6-wp2025/#primaryimage"},"thumbnailUrl":"https://cpi-europe.upv.es/wp-content/uploads/2021/10/he.jpg","datePublished":"2025-03-31T14:20:54+00:00","dateModified":"2025-03-31T14:25:32+00:00","breadcrumb":{"@id":"https://cpi-europe.upv.es/eventos/webinar-cl6-wp2025/#breadcrumb"},"inLanguage":"va","potentialAction":[{"@type":"ReadAction","target":["https://cpi-europe.upv.es/eventos/webinar-cl6-wp2025/"]}]},{"@type":"ImageObject","inLanguage":"va","@id":"https://cpi-europe.upv.es/eventos/webinar-cl6-wp2025/#primaryimage","url":"https://cpi-europe.upv.es/wp-content/uploads/2021/10/he.jpg","contentUrl":"https://cpi-europe.upv.es/wp-content/uploads/2021/10/he.jpg","width":480,"height":480},{"@type":"BreadcrumbList","@id":"https://cpi-europe.upv.es/eventos/webinar-cl6-wp2025/#breadcrumb","itemListElement":[{"@type":"ListItem","position":1,"name":"Portada","item":"https://cpi-europe.upv.es/"},{"@type":"ListItem","position":2,"name":"Webinar CDTI Clúster 6 y Clima"}]},{"@type":"WebSite","@id":"https://cpi-europe.upv.es/#website","url":"https://cpi-europe.upv.es/","name":"CPI EUROPE","description":"","publisher":{"@id":"https://cpi-europe.upv.es/#organization"},"potentialAction":[{"@type":"SearchAction","target":{"@type":"EntryPoint","urlTemplate":"https://cpi-europe.upv.es/?s={search_term_string}"},"query-input":{"@type":"PropertyValueSpecification","valueRequired":true,"valueName":"search_term_string"}}],"inLanguage":"va"},{"@type":"Organization","@id":"https://cpi-europe.upv.es/#organization","name":"CPI Europe","url":"https://cpi-europe.upv.es/","logo":{"@type":"ImageObject","inLanguage":"va","@id":"https://cpi-europe.upv.es/#/schema/logo/image/","url":"https://cpi-europe.upv.es/wp-content/uploads/2020/12/logo-cpi-web-ok.png","contentUrl":"https://cpi-europe.upv.es/wp-content/uploads/2020/12/logo-cpi-web-ok.png","width":869,"height":111,"caption":"CPI Europe"},"image":{"@id":"https://cpi-europe.upv.es/#/schema/logo/image/"},"sameAs":["https://www.facebook.com/UPV","https://x.com/UPV","https://www.instagram.com/instaUPV/"]}]}</script>
<!-- / Yoast SEO plugin. -->

Webinar CDTI Clúster 6 y Clima | CPI EUROPE

El 24 de abril, CDTI organiza el sexto y último webinario de la serie «Preparando las Convocatorias del Programa de Trabajo 2025», sesiones diseñadas para proporcionar información clave y preparar a los posibles participantes para las próximas convocatorias de Horizonte Europa, cuya apertura está prevista para mayo de 2025. El sexto webinario tiene como objetivo presentar &hellip; Webinar CDTI Clúster 6 y Clima Read More »
