{"id":3898,"date":"2025-01-17T11:28:05","date_gmt":"2025-01-17T10:28:05","guid":{"rendered":"https:\/\/cpi-europe.upv.es\/eventos\/webinarios_wp2025-copy\/"},"modified":"2025-01-17T11:40:50","modified_gmt":"2025-01-17T10:40:50","slug":"webinarios_2025_cl4_industria","status":"publish","type":"mec-events","link":"https:\/\/cpi-europe.upv.es\/val\/eventos\/webinarios_2025_cl4_industria\/","title":{"rendered":"Los martes de HE Cl\u00faster 4 Industria"},"content":{"rendered":"<p>El equipo del Cl\u00faster 4 Industria, Nieves Gonz\u00e1lez (Delegada) y Carlos Toledo (NCP), organiza una serie de<strong> 3 sesiones on line de una duraci\u00f3n breve,<\/strong> situadas todas ellas en martes, en las cuales ir\u00e1n recorriendo diferentes aspectos relevantes para estar preparados en el momento de la<strong> publicaci\u00f3n oficial del programa de trabajo de 2025 (prevista en primavera).<\/strong><\/p>\n<p>Las fechas previstas de los webinarios son las siguientes:<\/p>\n<ul>\n<li><strong>Martes 4 de febrero. Sesi\u00f3n 1: El camino del \u00e9xito hacia el WP 2025.<\/strong>\n<ul>\n<li>Cluster 4 industria: como hemos llegado hasta aqu\u00ed (2021-2024)<\/li>\n<li>WP2025 aspectos generales (provisional): planificaci\u00f3n , estructura, destinations, orientaci\u00f3n presupuestaria, tendencias tem\u00e1ticas<\/li>\n<\/ul>\n<\/li>\n<li><strong>Martes 25 de febrero. Sesi\u00f3n 2: De los partenariados nuevos y conocidos.<\/strong>\n<ul>\n<li>Partenariados en las convocatorias WP 21-24:Made in Europe, Processes4Planet, Cleansteel.<\/li>\n<li>Nuevos partenariados 2025 al detalle.<\/li>\n<\/ul>\n<\/li>\n<li><strong>Martes 18 de marzo. Sesi\u00f3n 3: Preparando la propuesta<\/strong>\n<ul>\n<li>Aspectos transversales<\/li>\n<li>Lump sum, Blind evaluation<\/li>\n<li>Aspectos legales y financieros<\/li>\n<\/ul>\n<\/li>\n<\/ul>\n<p>Adem\u00e1s, est\u00e1 previsto un infoday nacional presencial que inicialmente se ha programado para inicios de abril.<\/p>\n<p>M\u00e1s informaci\u00f3n y <a href=\"https:\/\/cpi-europe.upv.es\/wp-content\/uploads\/2025\/01\/Agenda_CL4.pdf\" target=\"_blank\" rel=\"noopener\">AGENDA<\/a>\u00a0en el siguiente <a href=\"https:\/\/eventos.cdti.es\/agenda\/20250204_Los_martes_de_industria\" target=\"_blank\" rel=\"noopener\">enlace.<\/a><\/p>","protected":false},"excerpt":{"rendered":"<p>El equipo del Cl\u00faster 4 Industria, Nieves Gonz\u00e1lez (Delegada) y Carlos Toledo (NCP), organiza una serie de 3 sesiones on line de una duraci\u00f3n breve, situadas todas ellas en martes, en las cuales ir\u00e1n recorriendo diferentes aspectos relevantes para estar preparados en el momento de la publicaci\u00f3n oficial del programa de trabajo de 2025 (prevista &hellip;<\/p>\n<p class=\"read-more\"> <a class=\"\" href=\"https:\/\/cpi-europe.upv.es\/val\/eventos\/webinarios_2025_cl4_industria\/\"> <span class=\"screen-reader-text\">Los martes de HE Cl\u00faster 4 Industria<\/span> Read More \u00bb<\/a><\/p>","protected":false},"author":4,"featured_media":3901,"comment_status":"closed","ping_status":"closed","template":"","tags":[76,94,440],"mec_category":[15],"class_list":["post-3898","mec-events","type-mec-events","status-publish","has-post-thumbnail","hentry","tag-cluster-4","tag-industria","tag-wp2025","mec_category-externos"],"yoast_head":"<!-- This site is optimized with the Yoast SEO plugin v27.1.1 - https:\/\/yoast.com\/product\/yoast-seo-wordpress\/ -->\n<title>Los martes de HE Cl\u00faster 4 Industria | CPI EUROPE<\/title>\n<meta name=\"robots\" content=\"index, follow, max-snippet:-1, max-image-preview:large, max-video-preview:-1\" \/>\n<link rel=\"canonical\" href=\"https:\/\/cpi-europe.upv.es\/val\/eventos\/webinarios_2025_cl4_industria\/\" \/>\n<meta property=\"og:locale\" content=\"en_US\" \/>\n<meta property=\"og:type\" content=\"article\" \/>\n<meta property=\"og:title\" content=\"Los martes de HE Cl\u00faster 4 Industria | CPI EUROPE\" \/>\n<meta property=\"og:description\" content=\"El equipo del Cl\u00faster 4 Industria, Nieves Gonz\u00e1lez (Delegada) y Carlos Toledo (NCP), organiza una serie de 3 sesiones on line de una duraci\u00f3n breve, situadas todas ellas en martes, en las cuales ir\u00e1n recorriendo diferentes aspectos relevantes para estar preparados en el momento de la publicaci\u00f3n oficial del programa de trabajo de 2025 (prevista &hellip; Los martes de HE Cl\u00faster 4 Industria Read More \u00bb\" \/>\n<meta property=\"og:url\" content=\"https:\/\/cpi-europe.upv.es\/val\/eventos\/webinarios_2025_cl4_industria\/\" \/>\n<meta property=\"og:site_name\" content=\"CPI EUROPE\" \/>\n<meta property=\"article:publisher\" content=\"https:\/\/www.facebook.com\/UPV\" \/>\n<meta property=\"article:modified_time\" content=\"2025-01-17T10:40:50+00:00\" \/>\n<meta property=\"og:image\" content=\"https:\/\/cpi-europe.upv.es\/wp-content\/uploads\/2025\/01\/cl4_ind.jpg\" \/>\n\t<meta property=\"og:image:width\" content=\"960\" \/>\n\t<meta property=\"og:image:height\" content=\"540\" \/>\n\t<meta property=\"og:image:type\" content=\"image\/jpeg\" \/>\n<meta name=\"twitter:card\" content=\"summary_large_image\" \/>\n<meta name=\"twitter:site\" content=\"@UPV\" \/>\n<meta name=\"twitter:label1\" content=\"Est. reading time\" \/>\n\t<meta name=\"twitter:data1\" content=\"1 minute\" \/>\n<script type=\"application\/ld+json\" class=\"yoast-schema-graph\">{\"@context\":\"https:\/\/schema.org\",\"@graph\":[{\"@type\":\"WebPage\",\"@id\":\"https:\/\/cpi-europe.upv.es\/eventos\/webinarios_2025_cl4_industria\/\",\"url\":\"https:\/\/cpi-europe.upv.es\/eventos\/webinarios_2025_cl4_industria\/\",\"name\":\"Los martes de HE Cl\u00faster 4 Industria | CPI EUROPE\",\"isPartOf\":{\"@id\":\"https:\/\/cpi-europe.upv.es\/#website\"},\"primaryImageOfPage\":{\"@id\":\"https:\/\/cpi-europe.upv.es\/eventos\/webinarios_2025_cl4_industria\/#primaryimage\"},\"image\":{\"@id\":\"https:\/\/cpi-europe.upv.es\/eventos\/webinarios_2025_cl4_industria\/#primaryimage\"},\"thumbnailUrl\":\"https:\/\/cpi-europe.upv.es\/wp-content\/uploads\/2025\/01\/cl4_ind.jpg\",\"datePublished\":\"2025-01-17T10:28:05+00:00\",\"dateModified\":\"2025-01-17T10:40:50+00:00\",\"breadcrumb\":{\"@id\":\"https:\/\/cpi-europe.upv.es\/eventos\/webinarios_2025_cl4_industria\/#breadcrumb\"},\"inLanguage\":\"va\",\"potentialAction\":[{\"@type\":\"ReadAction\",\"target\":[\"https:\/\/cpi-europe.upv.es\/eventos\/webinarios_2025_cl4_industria\/\"]}]},{\"@type\":\"ImageObject\",\"inLanguage\":\"va\",\"@id\":\"https:\/\/cpi-europe.upv.es\/eventos\/webinarios_2025_cl4_industria\/#primaryimage\",\"url\":\"https:\/\/cpi-europe.upv.es\/wp-content\/uploads\/2025\/01\/cl4_ind.jpg\",\"contentUrl\":\"https:\/\/cpi-europe.upv.es\/wp-content\/uploads\/2025\/01\/cl4_ind.jpg\",\"width\":960,\"height\":540},{\"@type\":\"BreadcrumbList\",\"@id\":\"https:\/\/cpi-europe.upv.es\/eventos\/webinarios_2025_cl4_industria\/#breadcrumb\",\"itemListElement\":[{\"@type\":\"ListItem\",\"position\":1,\"name\":\"Portada\",\"item\":\"https:\/\/cpi-europe.upv.es\/\"},{\"@type\":\"ListItem\",\"position\":2,\"name\":\"Los martes de HE Cl\u00faster 4 Industria\"}]},{\"@type\":\"WebSite\",\"@id\":\"https:\/\/cpi-europe.upv.es\/#website\",\"url\":\"https:\/\/cpi-europe.upv.es\/\",\"name\":\"CPI EUROPE\",\"description\":\"\",\"publisher\":{\"@id\":\"https:\/\/cpi-europe.upv.es\/#organization\"},\"potentialAction\":[{\"@type\":\"SearchAction\",\"target\":{\"@type\":\"EntryPoint\",\"urlTemplate\":\"https:\/\/cpi-europe.upv.es\/?s={search_term_string}\"},\"query-input\":{\"@type\":\"PropertyValueSpecification\",\"valueRequired\":true,\"valueName\":\"search_term_string\"}}],\"inLanguage\":\"va\"},{\"@type\":\"Organization\",\"@id\":\"https:\/\/cpi-europe.upv.es\/#organization\",\"name\":\"CPI Europe\",\"url\":\"https:\/\/cpi-europe.upv.es\/\",\"logo\":{\"@type\":\"ImageObject\",\"inLanguage\":\"va\",\"@id\":\"https:\/\/cpi-europe.upv.es\/#\/schema\/logo\/image\/\",\"url\":\"https:\/\/cpi-europe.upv.es\/wp-content\/uploads\/2020\/12\/logo-cpi-web-ok.png\",\"contentUrl\":\"https:\/\/cpi-europe.upv.es\/wp-content\/uploads\/2020\/12\/logo-cpi-web-ok.png\",\"width\":869,\"height\":111,\"caption\":\"CPI Europe\"},\"image\":{\"@id\":\"https:\/\/cpi-europe.upv.es\/#\/schema\/logo\/image\/\"},\"sameAs\":[\"https:\/\/www.facebook.com\/UPV\",\"https:\/\/x.com\/UPV\",\"https:\/\/www.instagram.com\/instaUPV\/\"]}]}<\/script>\n<!-- \/ Yoast SEO plugin. -->","yoast_head_json":{"title":"Los martes de HE Cl\u00faster 4 Industria | CPI EUROPE","robots":{"index":"index","follow":"follow","max-snippet":"max-snippet:-1","max-image-preview":"max-image-preview:large","max-video-preview":"max-video-preview:-1"},"canonical":"https:\/\/cpi-europe.upv.es\/val\/eventos\/webinarios_2025_cl4_industria\/","og_locale":"en_US","og_type":"article","og_title":"Los martes de HE Cl\u00faster 4 Industria | CPI EUROPE","og_description":"El equipo del Cl\u00faster 4 Industria, Nieves Gonz\u00e1lez (Delegada) y Carlos Toledo (NCP), organiza una serie de 3 sesiones on line de una duraci\u00f3n breve, situadas todas ellas en martes, en las cuales ir\u00e1n recorriendo diferentes aspectos relevantes para estar preparados en el momento de la publicaci\u00f3n oficial del programa de trabajo de 2025 (prevista &hellip; Los martes de HE Cl\u00faster 4 Industria Read More \u00bb","og_url":"https:\/\/cpi-europe.upv.es\/val\/eventos\/webinarios_2025_cl4_industria\/","og_site_name":"CPI EUROPE","article_publisher":"https:\/\/www.facebook.com\/UPV","article_modified_time":"2025-01-17T10:40:50+00:00","og_image":[{"width":960,"height":540,"url":"https:\/\/cpi-europe.upv.es\/wp-content\/uploads\/2025\/01\/cl4_ind.jpg","type":"image\/jpeg"}],"twitter_card":"summary_large_image","twitter_site":"@UPV","twitter_misc":{"Est. reading time":"1 minute"},"schema":{"@context":"https:\/\/schema.org","@graph":[{"@type":"WebPage","@id":"https:\/\/cpi-europe.upv.es\/eventos\/webinarios_2025_cl4_industria\/","url":"https:\/\/cpi-europe.upv.es\/eventos\/webinarios_2025_cl4_industria\/","name":"Los martes de HE Cl\u00faster 4 Industria | CPI EUROPE","isPartOf":{"@id":"https:\/\/cpi-europe.upv.es\/#website"},"primaryImageOfPage":{"@id":"https:\/\/cpi-europe.upv.es\/eventos\/webinarios_2025_cl4_industria\/#primaryimage"},"image":{"@id":"https:\/\/cpi-europe.upv.es\/eventos\/webinarios_2025_cl4_industria\/#primaryimage"},"thumbnailUrl":"https:\/\/cpi-europe.upv.es\/wp-content\/uploads\/2025\/01\/cl4_ind.jpg","datePublished":"2025-01-17T10:28:05+00:00","dateModified":"2025-01-17T10:40:50+00:00","breadcrumb":{"@id":"https:\/\/cpi-europe.upv.es\/eventos\/webinarios_2025_cl4_industria\/#breadcrumb"},"inLanguage":"va","potentialAction":[{"@type":"ReadAction","target":["https:\/\/cpi-europe.upv.es\/eventos\/webinarios_2025_cl4_industria\/"]}]},{"@type":"ImageObject","inLanguage":"va","@id":"https:\/\/cpi-europe.upv.es\/eventos\/webinarios_2025_cl4_industria\/#primaryimage","url":"https:\/\/cpi-europe.upv.es\/wp-content\/uploads\/2025\/01\/cl4_ind.jpg","contentUrl":"https:\/\/cpi-europe.upv.es\/wp-content\/uploads\/2025\/01\/cl4_ind.jpg","width":960,"height":540},{"@type":"BreadcrumbList","@id":"https:\/\/cpi-europe.upv.es\/eventos\/webinarios_2025_cl4_industria\/#breadcrumb","itemListElement":[{"@type":"ListItem","position":1,"name":"Portada","item":"https:\/\/cpi-europe.upv.es\/"},{"@type":"ListItem","position":2,"name":"Los martes de HE Cl\u00faster 4 Industria"}]},{"@type":"WebSite","@id":"https:\/\/cpi-europe.upv.es\/#website","url":"https:\/\/cpi-europe.upv.es\/","name":"CPI EUROPE","description":"","publisher":{"@id":"https:\/\/cpi-europe.upv.es\/#organization"},"potentialAction":[{"@type":"SearchAction","target":{"@type":"EntryPoint","urlTemplate":"https:\/\/cpi-europe.upv.es\/?s={search_term_string}"},"query-input":{"@type":"PropertyValueSpecification","valueRequired":true,"valueName":"search_term_string"}}],"inLanguage":"va"},{"@type":"Organization","@id":"https:\/\/cpi-europe.upv.es\/#organization","name":"CPI Europe","url":"https:\/\/cpi-europe.upv.es\/","logo":{"@type":"ImageObject","inLanguage":"va","@id":"https:\/\/cpi-europe.upv.es\/#\/schema\/logo\/image\/","url":"https:\/\/cpi-europe.upv.es\/wp-content\/uploads\/2020\/12\/logo-cpi-web-ok.png","contentUrl":"https:\/\/cpi-europe.upv.es\/wp-content\/uploads\/2020\/12\/logo-cpi-web-ok.png","width":869,"height":111,"caption":"CPI Europe"},"image":{"@id":"https:\/\/cpi-europe.upv.es\/#\/schema\/logo\/image\/"},"sameAs":["https:\/\/www.facebook.com\/UPV","https:\/\/x.com\/UPV","https:\/\/www.instagram.com\/instaUPV\/"]}]}},"_links":{"self":[{"href":"https:\/\/cpi-europe.upv.es\/val\/wp-json\/wp\/v2\/mec-events\/3898","targetHints":{"allow":["GET"]}}],"collection":[{"href":"https:\/\/cpi-europe.upv.es\/val\/wp-json\/wp\/v2\/mec-events"}],"about":[{"href":"https:\/\/cpi-europe.upv.es\/val\/wp-json\/wp\/v2\/types\/mec-events"}],"author":[{"embeddable":true,"href":"https:\/\/cpi-europe.upv.es\/val\/wp-json\/wp\/v2\/users\/4"}],"replies":[{"embeddable":true,"href":"https:\/\/cpi-europe.upv.es\/val\/wp-json\/wp\/v2\/comments?post=3898"}],"wp:featuredmedia":[{"embeddable":true,"href":"https:\/\/cpi-europe.upv.es\/val\/wp-json\/wp\/v2\/media\/3901"}],"wp:attachment":[{"href":"https:\/\/cpi-europe.upv.es\/val\/wp-json\/wp\/v2\/media?parent=3898"}],"wp:term":[{"taxonomy":"post_tag","embeddable":true,"href":"https:\/\/cpi-europe.upv.es\/val\/wp-json\/wp\/v2\/tags?post=3898"},{"taxonomy":"mec_category","embeddable":true,"href":"https:\/\/cpi-europe.upv.es\/val\/wp-json\/wp\/v2\/mec_category?post=3898"}],"curies":[{"name":"wp","href":"https:\/\/api.w.org\/{rel}","templated":true}]}}

Los martes de HE Clúster 4 Industria

<p>El equipo del Clúster 4 Industria, Nieves González (Delegada) y Carlos Toledo (NCP), organiza una serie de<strong> 3 sesiones on line de una duración breve,</strong> situadas todas ellas en martes, en las cuales irán recorriendo diferentes aspectos relevantes para estar preparados en el momento de la<strong> publicación oficial del programa de trabajo de 2025 (prevista en primavera).</strong></p>
<p>Las fechas previstas de los webinarios son las siguientes:</p>
<ul>
<li><strong>Martes 4 de febrero. Sesión 1: El camino del éxito hacia el WP 2025.</strong>
<ul>
<li>Cluster 4 industria: como hemos llegado hasta aquí (2021-2024)</li>
<li>WP2025 aspectos generales (provisional): planificación , estructura, destinations, orientación presupuestaria, tendencias temáticas</li>
</ul>
</li>
<li><strong>Martes 25 de febrero. Sesión 2: De los partenariados nuevos y conocidos.</strong>
<ul>
<li>Partenariados en las convocatorias WP 21-24:Made in Europe, Processes4Planet, Cleansteel.</li>
<li>Nuevos partenariados 2025 al detalle.</li>
</ul>
</li>
<li><strong>Martes 18 de marzo. Sesión 3: Preparando la propuesta</strong>
<ul>
<li>Aspectos transversales</li>
<li>Lump sum, Blind evaluation</li>
<li>Aspectos legales y financieros</li>
</ul>
</li>
</ul>
<p>Además, está previsto un infoday nacional presencial que inicialmente se ha programado para inicios de abril.</p>
<p>Más información y <a href="https://cpi-europe.upv.es/wp-content/uploads/2025/01/Agenda_CL4.pdf" target="_blank" rel="noopener">AGENDA</a> en el siguiente <a href="https://eventos.cdti.es/agenda/20250204_Los_martes_de_industria" target="_blank" rel="noopener">enlace.</a></p>

<p>El equipo del Clúster 4 Industria, Nieves González (Delegada) y Carlos Toledo (NCP), organiza una serie de 3 sesiones on line de una duración breve, situadas todas ellas en martes, en las cuales irán recorriendo diferentes aspectos relevantes para estar preparados en el momento de la publicación oficial del programa de trabajo de 2025 (prevista &hellip;</p>
<p class="read-more"> <a class="" href="https://cpi-europe.upv.es/val/eventos/webinarios_2025_cl4_industria/"> <span class="screen-reader-text">Los martes de HE Clúster 4 Industria</span> Read More »</a></p>

<!-- This site is optimized with the Yoast SEO plugin v27.1.1 - https://yoast.com/product/yoast-seo-wordpress/ -->
<title>Los martes de HE Clúster 4 Industria | CPI EUROPE</title>
<meta name="robots" content="index, follow, max-snippet:-1, max-image-preview:large, max-video-preview:-1" />
<link rel="canonical" href="https://cpi-europe.upv.es/val/eventos/webinarios_2025_cl4_industria/" />
<meta property="og:locale" content="en_US" />
<meta property="og:type" content="article" />
<meta property="og:title" content="Los martes de HE Clúster 4 Industria | CPI EUROPE" />
<meta property="og:description" content="El equipo del Clúster 4 Industria, Nieves González (Delegada) y Carlos Toledo (NCP), organiza una serie de 3 sesiones on line de una duración breve, situadas todas ellas en martes, en las cuales irán recorriendo diferentes aspectos relevantes para estar preparados en el momento de la publicación oficial del programa de trabajo de 2025 (prevista &hellip; Los martes de HE Clúster 4 Industria Read More »" />
<meta property="og:url" content="https://cpi-europe.upv.es/val/eventos/webinarios_2025_cl4_industria/" />
<meta property="og:site_name" content="CPI EUROPE" />
<meta property="article:publisher" content="https://www.facebook.com/UPV" />
<meta property="article:modified_time" content="2025-01-17T10:40:50+00:00" />
<meta property="og:image" content="https://cpi-europe.upv.es/wp-content/uploads/2025/01/cl4_ind.jpg" />
	<meta property="og:image:width" content="960" />
	<meta property="og:image:height" content="540" />
	<meta property="og:image:type" content="image/jpeg" />
<meta name="twitter:card" content="summary_large_image" />
<meta name="twitter:site" content="@UPV" />
<meta name="twitter:label1" content="Est. reading time" />
	<meta name="twitter:data1" content="1 minute" />
<script type="application/ld+json" class="yoast-schema-graph">{"@context":"https://schema.org","@graph":[{"@type":"WebPage","@id":"https://cpi-europe.upv.es/eventos/webinarios_2025_cl4_industria/","url":"https://cpi-europe.upv.es/eventos/webinarios_2025_cl4_industria/","name":"Los martes de HE Clúster 4 Industria | CPI EUROPE","isPartOf":{"@id":"https://cpi-europe.upv.es/#website"},"primaryImageOfPage":{"@id":"https://cpi-europe.upv.es/eventos/webinarios_2025_cl4_industria/#primaryimage"},"image":{"@id":"https://cpi-europe.upv.es/eventos/webinarios_2025_cl4_industria/#primaryimage"},"thumbnailUrl":"https://cpi-europe.upv.es/wp-content/uploads/2025/01/cl4_ind.jpg","datePublished":"2025-01-17T10:28:05+00:00","dateModified":"2025-01-17T10:40:50+00:00","breadcrumb":{"@id":"https://cpi-europe.upv.es/eventos/webinarios_2025_cl4_industria/#breadcrumb"},"inLanguage":"va","potentialAction":[{"@type":"ReadAction","target":["https://cpi-europe.upv.es/eventos/webinarios_2025_cl4_industria/"]}]},{"@type":"ImageObject","inLanguage":"va","@id":"https://cpi-europe.upv.es/eventos/webinarios_2025_cl4_industria/#primaryimage","url":"https://cpi-europe.upv.es/wp-content/uploads/2025/01/cl4_ind.jpg","contentUrl":"https://cpi-europe.upv.es/wp-content/uploads/2025/01/cl4_ind.jpg","width":960,"height":540},{"@type":"BreadcrumbList","@id":"https://cpi-europe.upv.es/eventos/webinarios_2025_cl4_industria/#breadcrumb","itemListElement":[{"@type":"ListItem","position":1,"name":"Portada","item":"https://cpi-europe.upv.es/"},{"@type":"ListItem","position":2,"name":"Los martes de HE Clúster 4 Industria"}]},{"@type":"WebSite","@id":"https://cpi-europe.upv.es/#website","url":"https://cpi-europe.upv.es/","name":"CPI EUROPE","description":"","publisher":{"@id":"https://cpi-europe.upv.es/#organization"},"potentialAction":[{"@type":"SearchAction","target":{"@type":"EntryPoint","urlTemplate":"https://cpi-europe.upv.es/?s={search_term_string}"},"query-input":{"@type":"PropertyValueSpecification","valueRequired":true,"valueName":"search_term_string"}}],"inLanguage":"va"},{"@type":"Organization","@id":"https://cpi-europe.upv.es/#organization","name":"CPI Europe","url":"https://cpi-europe.upv.es/","logo":{"@type":"ImageObject","inLanguage":"va","@id":"https://cpi-europe.upv.es/#/schema/logo/image/","url":"https://cpi-europe.upv.es/wp-content/uploads/2020/12/logo-cpi-web-ok.png","contentUrl":"https://cpi-europe.upv.es/wp-content/uploads/2020/12/logo-cpi-web-ok.png","width":869,"height":111,"caption":"CPI Europe"},"image":{"@id":"https://cpi-europe.upv.es/#/schema/logo/image/"},"sameAs":["https://www.facebook.com/UPV","https://x.com/UPV","https://www.instagram.com/instaUPV/"]}]}</script>
<!-- / Yoast SEO plugin. -->

Los martes de HE Clúster 4 Industria | CPI EUROPE

El equipo del Clúster 4 Industria, Nieves González (Delegada) y Carlos Toledo (NCP), organiza una serie de 3 sesiones on line de una duración breve, situadas todas ellas en martes, en las cuales irán recorriendo diferentes aspectos relevantes para estar preparados en el momento de la publicación oficial del programa de trabajo de 2025 (prevista &hellip; Los martes de HE Clúster 4 Industria Read More »
