{"id":3719,"date":"2024-05-13T12:48:52","date_gmt":"2024-05-13T10:48:52","guid":{"rendered":"https:\/\/cpi-europe.upv.es\/eventos\/infoday_nacional_cl5_2024-copy\/"},"modified":"2024-05-13T12:52:53","modified_gmt":"2024-05-13T10:52:53","slug":"infoday_nacional_cl4_2024_digital","status":"publish","type":"mec-events","link":"https:\/\/cpi-europe.upv.es\/val\/eventos\/infoday_nacional_cl4_2024_digital\/","title":{"rendered":"Jornada Informativa Nacional Cl\u00faster 4 &#8211; Digital"},"content":{"rendered":"<p>El martes 14 de mayo a las 10:00 CDTI organiza una sesi\u00f3n on-line para informar sobre todas las novedades tras la modificaci\u00f3n del programa de trabajo de Horizonte Europa que afecta a las convocatorias del Cl\u00faster 4 en la parte digital, m\u00e1s concretamente a los destinos DIGITAL-EMERGING y HUMAN.<\/p>\n<p>No se necesita registro previo para asistir, s\u00f3lo entrar en el enlace que puede encontrarse en la <a href=\"https:\/\/eventos.cdti.es\/agenda\/20240514-HE-DIG\" target=\"_blank\" rel=\"noopener\">agenda<\/a>.<\/p>\n<p>M\u00e1s informaci\u00f3n en el siguiente <a href=\"https:\/\/eventos.cdti.es\/agenda\/20240514-HE-DIG\" target=\"_blank\" rel=\"noopener\">enlace.<\/a><\/p>","protected":false},"excerpt":{"rendered":"<p>El martes 14 de mayo a las 10:00 CDTI organiza una sesi\u00f3n on-line para informar sobre todas las novedades tras la modificaci\u00f3n del programa de trabajo de Horizonte Europa que afecta a las convocatorias del Cl\u00faster 4 en la parte digital, m\u00e1s concretamente a los destinos DIGITAL-EMERGING y HUMAN. No se necesita registro previo para &hellip;<\/p>\n<p class=\"read-more\"> <a class=\"\" href=\"https:\/\/cpi-europe.upv.es\/val\/eventos\/infoday_nacional_cl4_2024_digital\/\"> <span class=\"screen-reader-text\">Jornada Informativa Nacional Cl\u00faster 4 &#8211; Digital<\/span> Read More \u00bb<\/a><\/p>","protected":false},"author":4,"featured_media":3149,"comment_status":"closed","ping_status":"closed","template":"","tags":[93,91,92],"mec_category":[15],"class_list":["post-3719","mec-events","type-mec-events","status-publish","has-post-thumbnail","hentry","tag-digital","tag-infoday","tag-nacional","mec_category-externos"],"yoast_head":"<!-- This site is optimized with the Yoast SEO plugin v27.1.1 - https:\/\/yoast.com\/product\/yoast-seo-wordpress\/ -->\n<title>Jornada Informativa Nacional Cl\u00faster 4 - Digital | CPI EUROPE<\/title>\n<meta name=\"robots\" content=\"index, follow, max-snippet:-1, max-image-preview:large, max-video-preview:-1\" \/>\n<link rel=\"canonical\" href=\"https:\/\/cpi-europe.upv.es\/val\/eventos\/infoday_nacional_cl4_2024_digital\/\" \/>\n<meta property=\"og:locale\" content=\"en_US\" \/>\n<meta property=\"og:type\" content=\"article\" \/>\n<meta property=\"og:title\" content=\"Jornada Informativa Nacional Cl\u00faster 4 - Digital | CPI EUROPE\" \/>\n<meta property=\"og:description\" content=\"El martes 14 de mayo a las 10:00 CDTI organiza una sesi\u00f3n on-line para informar sobre todas las novedades tras la modificaci\u00f3n del programa de trabajo de Horizonte Europa que afecta a las convocatorias del Cl\u00faster 4 en la parte digital, m\u00e1s concretamente a los destinos DIGITAL-EMERGING y HUMAN. No se necesita registro previo para &hellip; Jornada Informativa Nacional Cl\u00faster 4 &#8211; Digital Read More \u00bb\" \/>\n<meta property=\"og:url\" content=\"https:\/\/cpi-europe.upv.es\/val\/eventos\/infoday_nacional_cl4_2024_digital\/\" \/>\n<meta property=\"og:site_name\" content=\"CPI EUROPE\" \/>\n<meta property=\"article:publisher\" content=\"https:\/\/www.facebook.com\/UPV\" \/>\n<meta property=\"article:modified_time\" content=\"2024-05-13T10:52:53+00:00\" \/>\n<meta property=\"og:image\" content=\"https:\/\/cpi-europe.upv.es\/wp-content\/uploads\/2023\/09\/CL65.png\" \/>\n\t<meta property=\"og:image:width\" content=\"750\" \/>\n\t<meta property=\"og:image:height\" content=\"215\" \/>\n\t<meta property=\"og:image:type\" content=\"image\/png\" \/>\n<meta name=\"twitter:card\" content=\"summary_large_image\" \/>\n<meta name=\"twitter:site\" content=\"@UPV\" \/>\n<meta name=\"twitter:label1\" content=\"Est. reading time\" \/>\n\t<meta name=\"twitter:data1\" content=\"1 minute\" \/>\n<script type=\"application\/ld+json\" class=\"yoast-schema-graph\">{\"@context\":\"https:\/\/schema.org\",\"@graph\":[{\"@type\":\"WebPage\",\"@id\":\"https:\/\/cpi-europe.upv.es\/eventos\/infoday_nacional_cl4_2024_digital\/\",\"url\":\"https:\/\/cpi-europe.upv.es\/eventos\/infoday_nacional_cl4_2024_digital\/\",\"name\":\"Jornada Informativa Nacional Cl\u00faster 4 - Digital | CPI EUROPE\",\"isPartOf\":{\"@id\":\"https:\/\/cpi-europe.upv.es\/#website\"},\"primaryImageOfPage\":{\"@id\":\"https:\/\/cpi-europe.upv.es\/eventos\/infoday_nacional_cl4_2024_digital\/#primaryimage\"},\"image\":{\"@id\":\"https:\/\/cpi-europe.upv.es\/eventos\/infoday_nacional_cl4_2024_digital\/#primaryimage\"},\"thumbnailUrl\":\"https:\/\/cpi-europe.upv.es\/wp-content\/uploads\/2023\/09\/CL65.png\",\"datePublished\":\"2024-05-13T10:48:52+00:00\",\"dateModified\":\"2024-05-13T10:52:53+00:00\",\"breadcrumb\":{\"@id\":\"https:\/\/cpi-europe.upv.es\/eventos\/infoday_nacional_cl4_2024_digital\/#breadcrumb\"},\"inLanguage\":\"va\",\"potentialAction\":[{\"@type\":\"ReadAction\",\"target\":[\"https:\/\/cpi-europe.upv.es\/eventos\/infoday_nacional_cl4_2024_digital\/\"]}]},{\"@type\":\"ImageObject\",\"inLanguage\":\"va\",\"@id\":\"https:\/\/cpi-europe.upv.es\/eventos\/infoday_nacional_cl4_2024_digital\/#primaryimage\",\"url\":\"https:\/\/cpi-europe.upv.es\/wp-content\/uploads\/2023\/09\/CL65.png\",\"contentUrl\":\"https:\/\/cpi-europe.upv.es\/wp-content\/uploads\/2023\/09\/CL65.png\",\"width\":750,\"height\":215},{\"@type\":\"BreadcrumbList\",\"@id\":\"https:\/\/cpi-europe.upv.es\/eventos\/infoday_nacional_cl4_2024_digital\/#breadcrumb\",\"itemListElement\":[{\"@type\":\"ListItem\",\"position\":1,\"name\":\"Portada\",\"item\":\"https:\/\/cpi-europe.upv.es\/\"},{\"@type\":\"ListItem\",\"position\":2,\"name\":\"Jornada Informativa Nacional Cl\u00faster 4 &#8211; Digital\"}]},{\"@type\":\"WebSite\",\"@id\":\"https:\/\/cpi-europe.upv.es\/#website\",\"url\":\"https:\/\/cpi-europe.upv.es\/\",\"name\":\"CPI EUROPE\",\"description\":\"\",\"publisher\":{\"@id\":\"https:\/\/cpi-europe.upv.es\/#organization\"},\"potentialAction\":[{\"@type\":\"SearchAction\",\"target\":{\"@type\":\"EntryPoint\",\"urlTemplate\":\"https:\/\/cpi-europe.upv.es\/?s={search_term_string}\"},\"query-input\":{\"@type\":\"PropertyValueSpecification\",\"valueRequired\":true,\"valueName\":\"search_term_string\"}}],\"inLanguage\":\"va\"},{\"@type\":\"Organization\",\"@id\":\"https:\/\/cpi-europe.upv.es\/#organization\",\"name\":\"CPI Europe\",\"url\":\"https:\/\/cpi-europe.upv.es\/\",\"logo\":{\"@type\":\"ImageObject\",\"inLanguage\":\"va\",\"@id\":\"https:\/\/cpi-europe.upv.es\/#\/schema\/logo\/image\/\",\"url\":\"https:\/\/cpi-europe.upv.es\/wp-content\/uploads\/2020\/12\/logo-cpi-web-ok.png\",\"contentUrl\":\"https:\/\/cpi-europe.upv.es\/wp-content\/uploads\/2020\/12\/logo-cpi-web-ok.png\",\"width\":869,\"height\":111,\"caption\":\"CPI Europe\"},\"image\":{\"@id\":\"https:\/\/cpi-europe.upv.es\/#\/schema\/logo\/image\/\"},\"sameAs\":[\"https:\/\/www.facebook.com\/UPV\",\"https:\/\/x.com\/UPV\",\"https:\/\/www.instagram.com\/instaUPV\/\"]}]}<\/script>\n<!-- \/ Yoast SEO plugin. -->","yoast_head_json":{"title":"Jornada Informativa Nacional Cl\u00faster 4 - Digital | CPI EUROPE","robots":{"index":"index","follow":"follow","max-snippet":"max-snippet:-1","max-image-preview":"max-image-preview:large","max-video-preview":"max-video-preview:-1"},"canonical":"https:\/\/cpi-europe.upv.es\/val\/eventos\/infoday_nacional_cl4_2024_digital\/","og_locale":"en_US","og_type":"article","og_title":"Jornada Informativa Nacional Cl\u00faster 4 - Digital | CPI EUROPE","og_description":"El martes 14 de mayo a las 10:00 CDTI organiza una sesi\u00f3n on-line para informar sobre todas las novedades tras la modificaci\u00f3n del programa de trabajo de Horizonte Europa que afecta a las convocatorias del Cl\u00faster 4 en la parte digital, m\u00e1s concretamente a los destinos DIGITAL-EMERGING y HUMAN. No se necesita registro previo para &hellip; Jornada Informativa Nacional Cl\u00faster 4 &#8211; Digital Read More \u00bb","og_url":"https:\/\/cpi-europe.upv.es\/val\/eventos\/infoday_nacional_cl4_2024_digital\/","og_site_name":"CPI EUROPE","article_publisher":"https:\/\/www.facebook.com\/UPV","article_modified_time":"2024-05-13T10:52:53+00:00","og_image":[{"width":750,"height":215,"url":"https:\/\/cpi-europe.upv.es\/wp-content\/uploads\/2023\/09\/CL65.png","type":"image\/png"}],"twitter_card":"summary_large_image","twitter_site":"@UPV","twitter_misc":{"Est. reading time":"1 minute"},"schema":{"@context":"https:\/\/schema.org","@graph":[{"@type":"WebPage","@id":"https:\/\/cpi-europe.upv.es\/eventos\/infoday_nacional_cl4_2024_digital\/","url":"https:\/\/cpi-europe.upv.es\/eventos\/infoday_nacional_cl4_2024_digital\/","name":"Jornada Informativa Nacional Cl\u00faster 4 - Digital | CPI EUROPE","isPartOf":{"@id":"https:\/\/cpi-europe.upv.es\/#website"},"primaryImageOfPage":{"@id":"https:\/\/cpi-europe.upv.es\/eventos\/infoday_nacional_cl4_2024_digital\/#primaryimage"},"image":{"@id":"https:\/\/cpi-europe.upv.es\/eventos\/infoday_nacional_cl4_2024_digital\/#primaryimage"},"thumbnailUrl":"https:\/\/cpi-europe.upv.es\/wp-content\/uploads\/2023\/09\/CL65.png","datePublished":"2024-05-13T10:48:52+00:00","dateModified":"2024-05-13T10:52:53+00:00","breadcrumb":{"@id":"https:\/\/cpi-europe.upv.es\/eventos\/infoday_nacional_cl4_2024_digital\/#breadcrumb"},"inLanguage":"va","potentialAction":[{"@type":"ReadAction","target":["https:\/\/cpi-europe.upv.es\/eventos\/infoday_nacional_cl4_2024_digital\/"]}]},{"@type":"ImageObject","inLanguage":"va","@id":"https:\/\/cpi-europe.upv.es\/eventos\/infoday_nacional_cl4_2024_digital\/#primaryimage","url":"https:\/\/cpi-europe.upv.es\/wp-content\/uploads\/2023\/09\/CL65.png","contentUrl":"https:\/\/cpi-europe.upv.es\/wp-content\/uploads\/2023\/09\/CL65.png","width":750,"height":215},{"@type":"BreadcrumbList","@id":"https:\/\/cpi-europe.upv.es\/eventos\/infoday_nacional_cl4_2024_digital\/#breadcrumb","itemListElement":[{"@type":"ListItem","position":1,"name":"Portada","item":"https:\/\/cpi-europe.upv.es\/"},{"@type":"ListItem","position":2,"name":"Jornada Informativa Nacional Cl\u00faster 4 &#8211; Digital"}]},{"@type":"WebSite","@id":"https:\/\/cpi-europe.upv.es\/#website","url":"https:\/\/cpi-europe.upv.es\/","name":"CPI EUROPE","description":"","publisher":{"@id":"https:\/\/cpi-europe.upv.es\/#organization"},"potentialAction":[{"@type":"SearchAction","target":{"@type":"EntryPoint","urlTemplate":"https:\/\/cpi-europe.upv.es\/?s={search_term_string}"},"query-input":{"@type":"PropertyValueSpecification","valueRequired":true,"valueName":"search_term_string"}}],"inLanguage":"va"},{"@type":"Organization","@id":"https:\/\/cpi-europe.upv.es\/#organization","name":"CPI Europe","url":"https:\/\/cpi-europe.upv.es\/","logo":{"@type":"ImageObject","inLanguage":"va","@id":"https:\/\/cpi-europe.upv.es\/#\/schema\/logo\/image\/","url":"https:\/\/cpi-europe.upv.es\/wp-content\/uploads\/2020\/12\/logo-cpi-web-ok.png","contentUrl":"https:\/\/cpi-europe.upv.es\/wp-content\/uploads\/2020\/12\/logo-cpi-web-ok.png","width":869,"height":111,"caption":"CPI Europe"},"image":{"@id":"https:\/\/cpi-europe.upv.es\/#\/schema\/logo\/image\/"},"sameAs":["https:\/\/www.facebook.com\/UPV","https:\/\/x.com\/UPV","https:\/\/www.instagram.com\/instaUPV\/"]}]}},"_links":{"self":[{"href":"https:\/\/cpi-europe.upv.es\/val\/wp-json\/wp\/v2\/mec-events\/3719","targetHints":{"allow":["GET"]}}],"collection":[{"href":"https:\/\/cpi-europe.upv.es\/val\/wp-json\/wp\/v2\/mec-events"}],"about":[{"href":"https:\/\/cpi-europe.upv.es\/val\/wp-json\/wp\/v2\/types\/mec-events"}],"author":[{"embeddable":true,"href":"https:\/\/cpi-europe.upv.es\/val\/wp-json\/wp\/v2\/users\/4"}],"replies":[{"embeddable":true,"href":"https:\/\/cpi-europe.upv.es\/val\/wp-json\/wp\/v2\/comments?post=3719"}],"wp:featuredmedia":[{"embeddable":true,"href":"https:\/\/cpi-europe.upv.es\/val\/wp-json\/wp\/v2\/media\/3149"}],"wp:attachment":[{"href":"https:\/\/cpi-europe.upv.es\/val\/wp-json\/wp\/v2\/media?parent=3719"}],"wp:term":[{"taxonomy":"post_tag","embeddable":true,"href":"https:\/\/cpi-europe.upv.es\/val\/wp-json\/wp\/v2\/tags?post=3719"},{"taxonomy":"mec_category","embeddable":true,"href":"https:\/\/cpi-europe.upv.es\/val\/wp-json\/wp\/v2\/mec_category?post=3719"}],"curies":[{"name":"wp","href":"https:\/\/api.w.org\/{rel}","templated":true}]}}

Jornada Informativa Nacional Clúster 4 &#8211; Digital

<p>El martes 14 de mayo a las 10:00 CDTI organiza una sesión on-line para informar sobre todas las novedades tras la modificación del programa de trabajo de Horizonte Europa que afecta a las convocatorias del Clúster 4 en la parte digital, más concretamente a los destinos DIGITAL-EMERGING y HUMAN.</p>
<p>No se necesita registro previo para asistir, sólo entrar en el enlace que puede encontrarse en la <a href="https://eventos.cdti.es/agenda/20240514-HE-DIG" target="_blank" rel="noopener">agenda</a>.</p>
<p>Más información en el siguiente <a href="https://eventos.cdti.es/agenda/20240514-HE-DIG" target="_blank" rel="noopener">enlace.</a></p>

<p>El martes 14 de mayo a las 10:00 CDTI organiza una sesión on-line para informar sobre todas las novedades tras la modificación del programa de trabajo de Horizonte Europa que afecta a las convocatorias del Clúster 4 en la parte digital, más concretamente a los destinos DIGITAL-EMERGING y HUMAN. No se necesita registro previo para &hellip;</p>
<p class="read-more"> <a class="" href="https://cpi-europe.upv.es/val/eventos/infoday_nacional_cl4_2024_digital/"> <span class="screen-reader-text">Jornada Informativa Nacional Clúster 4 &#8211; Digital</span> Read More »</a></p>

<!-- This site is optimized with the Yoast SEO plugin v27.1.1 - https://yoast.com/product/yoast-seo-wordpress/ -->
<title>Jornada Informativa Nacional Clúster 4 - Digital | CPI EUROPE</title>
<meta name="robots" content="index, follow, max-snippet:-1, max-image-preview:large, max-video-preview:-1" />
<link rel="canonical" href="https://cpi-europe.upv.es/val/eventos/infoday_nacional_cl4_2024_digital/" />
<meta property="og:locale" content="en_US" />
<meta property="og:type" content="article" />
<meta property="og:title" content="Jornada Informativa Nacional Clúster 4 - Digital | CPI EUROPE" />
<meta property="og:description" content="El martes 14 de mayo a las 10:00 CDTI organiza una sesión on-line para informar sobre todas las novedades tras la modificación del programa de trabajo de Horizonte Europa que afecta a las convocatorias del Clúster 4 en la parte digital, más concretamente a los destinos DIGITAL-EMERGING y HUMAN. No se necesita registro previo para &hellip; Jornada Informativa Nacional Clúster 4 &#8211; Digital Read More »" />
<meta property="og:url" content="https://cpi-europe.upv.es/val/eventos/infoday_nacional_cl4_2024_digital/" />
<meta property="og:site_name" content="CPI EUROPE" />
<meta property="article:publisher" content="https://www.facebook.com/UPV" />
<meta property="article:modified_time" content="2024-05-13T10:52:53+00:00" />
<meta property="og:image" content="https://cpi-europe.upv.es/wp-content/uploads/2023/09/CL65.png" />
	<meta property="og:image:width" content="750" />
	<meta property="og:image:height" content="215" />
	<meta property="og:image:type" content="image/png" />
<meta name="twitter:card" content="summary_large_image" />
<meta name="twitter:site" content="@UPV" />
<meta name="twitter:label1" content="Est. reading time" />
	<meta name="twitter:data1" content="1 minute" />
<script type="application/ld+json" class="yoast-schema-graph">{"@context":"https://schema.org","@graph":[{"@type":"WebPage","@id":"https://cpi-europe.upv.es/eventos/infoday_nacional_cl4_2024_digital/","url":"https://cpi-europe.upv.es/eventos/infoday_nacional_cl4_2024_digital/","name":"Jornada Informativa Nacional Clúster 4 - Digital | CPI EUROPE","isPartOf":{"@id":"https://cpi-europe.upv.es/#website"},"primaryImageOfPage":{"@id":"https://cpi-europe.upv.es/eventos/infoday_nacional_cl4_2024_digital/#primaryimage"},"image":{"@id":"https://cpi-europe.upv.es/eventos/infoday_nacional_cl4_2024_digital/#primaryimage"},"thumbnailUrl":"https://cpi-europe.upv.es/wp-content/uploads/2023/09/CL65.png","datePublished":"2024-05-13T10:48:52+00:00","dateModified":"2024-05-13T10:52:53+00:00","breadcrumb":{"@id":"https://cpi-europe.upv.es/eventos/infoday_nacional_cl4_2024_digital/#breadcrumb"},"inLanguage":"va","potentialAction":[{"@type":"ReadAction","target":["https://cpi-europe.upv.es/eventos/infoday_nacional_cl4_2024_digital/"]}]},{"@type":"ImageObject","inLanguage":"va","@id":"https://cpi-europe.upv.es/eventos/infoday_nacional_cl4_2024_digital/#primaryimage","url":"https://cpi-europe.upv.es/wp-content/uploads/2023/09/CL65.png","contentUrl":"https://cpi-europe.upv.es/wp-content/uploads/2023/09/CL65.png","width":750,"height":215},{"@type":"BreadcrumbList","@id":"https://cpi-europe.upv.es/eventos/infoday_nacional_cl4_2024_digital/#breadcrumb","itemListElement":[{"@type":"ListItem","position":1,"name":"Portada","item":"https://cpi-europe.upv.es/"},{"@type":"ListItem","position":2,"name":"Jornada Informativa Nacional Clúster 4 &#8211; Digital"}]},{"@type":"WebSite","@id":"https://cpi-europe.upv.es/#website","url":"https://cpi-europe.upv.es/","name":"CPI EUROPE","description":"","publisher":{"@id":"https://cpi-europe.upv.es/#organization"},"potentialAction":[{"@type":"SearchAction","target":{"@type":"EntryPoint","urlTemplate":"https://cpi-europe.upv.es/?s={search_term_string}"},"query-input":{"@type":"PropertyValueSpecification","valueRequired":true,"valueName":"search_term_string"}}],"inLanguage":"va"},{"@type":"Organization","@id":"https://cpi-europe.upv.es/#organization","name":"CPI Europe","url":"https://cpi-europe.upv.es/","logo":{"@type":"ImageObject","inLanguage":"va","@id":"https://cpi-europe.upv.es/#/schema/logo/image/","url":"https://cpi-europe.upv.es/wp-content/uploads/2020/12/logo-cpi-web-ok.png","contentUrl":"https://cpi-europe.upv.es/wp-content/uploads/2020/12/logo-cpi-web-ok.png","width":869,"height":111,"caption":"CPI Europe"},"image":{"@id":"https://cpi-europe.upv.es/#/schema/logo/image/"},"sameAs":["https://www.facebook.com/UPV","https://x.com/UPV","https://www.instagram.com/instaUPV/"]}]}</script>
<!-- / Yoast SEO plugin. -->

Jornada Informativa Nacional Clúster 4 - Digital | CPI EUROPE

El martes 14 de mayo a las 10:00 CDTI organiza una sesión on-line para informar sobre todas las novedades tras la modificación del programa de trabajo de Horizonte Europa que afecta a las convocatorias del Clúster 4 en la parte digital, más concretamente a los destinos DIGITAL-EMERGING y HUMAN. No se necesita registro previo para &hellip; Jornada Informativa Nacional Clúster 4 &#8211; Digital Read More »
