{"id":3073,"date":"2023-04-18T14:44:54","date_gmt":"2023-04-18T12:44:54","guid":{"rendered":"https:\/\/cpi-europe.upv.es\/eventos\/infoday_nacional_hydrogen_2023-copy\/"},"modified":"2023-04-18T14:48:27","modified_gmt":"2023-04-18T12:48:27","slug":"infoday_nacional_cbe_ju_2023","status":"publish","type":"mec-events","link":"https:\/\/cpi-europe.upv.es\/val\/eventos\/infoday_nacional_cbe_ju_2023\/","title":{"rendered":"Infoday Nacional CBE JU 2023"},"content":{"rendered":"<p>CDTI organiza un <strong>Infoday Nacional<\/strong> de la iniciativa Circular Bio-based Europe (CBE JU) para el pr\u00f3ximo 11 de mayo por la ma\u00f1ana, en la sala multiusos de CDTI.<\/p>\n<p>Ser\u00e1 una <strong>sesi\u00f3n informativa,<\/strong> \u00fanicamente <strong>presencial,<\/strong> en la que se presentar\u00e1 la iniciativa, sus reglas de participaci\u00f3n y los contenidos de la convocatoria 2023, para lo que se contar\u00e1 con la participaci\u00f3n presencial de <strong>Pilar Llorente, Programme Officer de CBE.<\/strong> Durante la tarde, se podr\u00e1n mantener <strong>reuniones bilaterales<\/strong> con los NCP (en horario de 15:00 a 18:00 h), debiendo completar el formulario de revisi\u00f3n y enviarlo a marta.dediego@cdti.es antes del 9 de mayo a las 10.00 h, utilizando la plantilla facilitada en la web del evento.<\/p>\n<p>Adem\u00e1s, a trav\u00e9s de la pesta\u00f1a \u201cNetworking Asistentes\u201d de la web del evento, se propone un \u00e1rea para favorecer los contactos entre los asistentes. Para participar es necesario tener configurado el perfil personal en modo \u201cP\u00fablico\u201d y responder a la pregunta \u201c\u00bfCu\u00e1les son tus razones para asistir?\u201d en el formulario de registro indicando <strong>\u00abParticipar en Networking\u00bb.<\/strong><\/p>\n<p>La agenda y el registro est\u00e1n disponibles en el siguiente <a href=\"https:\/\/eventos.cdti.es\/ES\/infoday_nacional_CBE_2023\" target=\"_blank\" rel=\"noopener\">enlace.<\/a><\/p>","protected":false},"excerpt":{"rendered":"<p>CDTI organiza un Infoday Nacional de la iniciativa Circular Bio-based Europe (CBE JU) para el pr\u00f3ximo 11 de mayo por la ma\u00f1ana, en la sala multiusos de CDTI. Ser\u00e1 una sesi\u00f3n informativa, \u00fanicamente presencial, en la que se presentar\u00e1 la iniciativa, sus reglas de participaci\u00f3n y los contenidos de la convocatoria 2023, para lo que &hellip;<\/p>\n<p class=\"read-more\"> <a class=\"\" href=\"https:\/\/cpi-europe.upv.es\/val\/eventos\/infoday_nacional_cbe_ju_2023\/\"> <span class=\"screen-reader-text\">Infoday Nacional CBE JU 2023<\/span> Read More \u00bb<\/a><\/p>","protected":false},"author":4,"featured_media":1359,"comment_status":"closed","ping_status":"closed","template":"","tags":[139,91,92],"mec_category":[15],"class_list":["post-3073","mec-events","type-mec-events","status-publish","has-post-thumbnail","hentry","tag-clean-hydrogen","tag-infoday","tag-nacional","mec_category-externos"],"yoast_head":"<!-- This site is optimized with the Yoast SEO plugin v27.1.1 - https:\/\/yoast.com\/product\/yoast-seo-wordpress\/ -->\n<title>Infoday Nacional CBE JU 2023 | CPI EUROPE<\/title>\n<meta name=\"robots\" content=\"index, follow, max-snippet:-1, max-image-preview:large, max-video-preview:-1\" \/>\n<link rel=\"canonical\" href=\"https:\/\/cpi-europe.upv.es\/val\/eventos\/infoday_nacional_cbe_ju_2023\/\" \/>\n<meta property=\"og:locale\" content=\"en_US\" \/>\n<meta property=\"og:type\" content=\"article\" \/>\n<meta property=\"og:title\" content=\"Infoday Nacional CBE JU 2023 | CPI EUROPE\" \/>\n<meta property=\"og:description\" content=\"CDTI organiza un Infoday Nacional de la iniciativa Circular Bio-based Europe (CBE JU) para el pr\u00f3ximo 11 de mayo por la ma\u00f1ana, en la sala multiusos de CDTI. Ser\u00e1 una sesi\u00f3n informativa, \u00fanicamente presencial, en la que se presentar\u00e1 la iniciativa, sus reglas de participaci\u00f3n y los contenidos de la convocatoria 2023, para lo que &hellip; Infoday Nacional CBE JU 2023 Read More \u00bb\" \/>\n<meta property=\"og:url\" content=\"https:\/\/cpi-europe.upv.es\/val\/eventos\/infoday_nacional_cbe_ju_2023\/\" \/>\n<meta property=\"og:site_name\" content=\"CPI EUROPE\" \/>\n<meta property=\"article:publisher\" content=\"https:\/\/www.facebook.com\/UPV\" \/>\n<meta property=\"article:modified_time\" content=\"2023-04-18T12:48:27+00:00\" \/>\n<meta property=\"og:image\" content=\"https:\/\/cpi-europe.upv.es\/wp-content\/uploads\/2021\/03\/imagen-CDTI-web.png\" \/>\n\t<meta property=\"og:image:width\" content=\"549\" \/>\n\t<meta property=\"og:image:height\" content=\"413\" \/>\n\t<meta property=\"og:image:type\" content=\"image\/png\" \/>\n<meta name=\"twitter:card\" content=\"summary_large_image\" \/>\n<meta name=\"twitter:site\" content=\"@UPV\" \/>\n<meta name=\"twitter:label1\" content=\"Est. reading time\" \/>\n\t<meta name=\"twitter:data1\" content=\"1 minute\" \/>\n<script type=\"application\/ld+json\" class=\"yoast-schema-graph\">{\"@context\":\"https:\/\/schema.org\",\"@graph\":[{\"@type\":\"WebPage\",\"@id\":\"https:\/\/cpi-europe.upv.es\/eventos\/infoday_nacional_cbe_ju_2023\/\",\"url\":\"https:\/\/cpi-europe.upv.es\/eventos\/infoday_nacional_cbe_ju_2023\/\",\"name\":\"Infoday Nacional CBE JU 2023 | CPI EUROPE\",\"isPartOf\":{\"@id\":\"https:\/\/cpi-europe.upv.es\/#website\"},\"primaryImageOfPage\":{\"@id\":\"https:\/\/cpi-europe.upv.es\/eventos\/infoday_nacional_cbe_ju_2023\/#primaryimage\"},\"image\":{\"@id\":\"https:\/\/cpi-europe.upv.es\/eventos\/infoday_nacional_cbe_ju_2023\/#primaryimage\"},\"thumbnailUrl\":\"https:\/\/cpi-europe.upv.es\/wp-content\/uploads\/2021\/03\/imagen-CDTI-web.png\",\"datePublished\":\"2023-04-18T12:44:54+00:00\",\"dateModified\":\"2023-04-18T12:48:27+00:00\",\"breadcrumb\":{\"@id\":\"https:\/\/cpi-europe.upv.es\/eventos\/infoday_nacional_cbe_ju_2023\/#breadcrumb\"},\"inLanguage\":\"va\",\"potentialAction\":[{\"@type\":\"ReadAction\",\"target\":[\"https:\/\/cpi-europe.upv.es\/eventos\/infoday_nacional_cbe_ju_2023\/\"]}]},{\"@type\":\"ImageObject\",\"inLanguage\":\"va\",\"@id\":\"https:\/\/cpi-europe.upv.es\/eventos\/infoday_nacional_cbe_ju_2023\/#primaryimage\",\"url\":\"https:\/\/cpi-europe.upv.es\/wp-content\/uploads\/2021\/03\/imagen-CDTI-web.png\",\"contentUrl\":\"https:\/\/cpi-europe.upv.es\/wp-content\/uploads\/2021\/03\/imagen-CDTI-web.png\",\"width\":549,\"height\":413},{\"@type\":\"BreadcrumbList\",\"@id\":\"https:\/\/cpi-europe.upv.es\/eventos\/infoday_nacional_cbe_ju_2023\/#breadcrumb\",\"itemListElement\":[{\"@type\":\"ListItem\",\"position\":1,\"name\":\"Portada\",\"item\":\"https:\/\/cpi-europe.upv.es\/\"},{\"@type\":\"ListItem\",\"position\":2,\"name\":\"Infoday Nacional CBE JU 2023\"}]},{\"@type\":\"WebSite\",\"@id\":\"https:\/\/cpi-europe.upv.es\/#website\",\"url\":\"https:\/\/cpi-europe.upv.es\/\",\"name\":\"CPI EUROPE\",\"description\":\"\",\"publisher\":{\"@id\":\"https:\/\/cpi-europe.upv.es\/#organization\"},\"potentialAction\":[{\"@type\":\"SearchAction\",\"target\":{\"@type\":\"EntryPoint\",\"urlTemplate\":\"https:\/\/cpi-europe.upv.es\/?s={search_term_string}\"},\"query-input\":{\"@type\":\"PropertyValueSpecification\",\"valueRequired\":true,\"valueName\":\"search_term_string\"}}],\"inLanguage\":\"va\"},{\"@type\":\"Organization\",\"@id\":\"https:\/\/cpi-europe.upv.es\/#organization\",\"name\":\"CPI Europe\",\"url\":\"https:\/\/cpi-europe.upv.es\/\",\"logo\":{\"@type\":\"ImageObject\",\"inLanguage\":\"va\",\"@id\":\"https:\/\/cpi-europe.upv.es\/#\/schema\/logo\/image\/\",\"url\":\"https:\/\/cpi-europe.upv.es\/wp-content\/uploads\/2020\/12\/logo-cpi-web-ok.png\",\"contentUrl\":\"https:\/\/cpi-europe.upv.es\/wp-content\/uploads\/2020\/12\/logo-cpi-web-ok.png\",\"width\":869,\"height\":111,\"caption\":\"CPI Europe\"},\"image\":{\"@id\":\"https:\/\/cpi-europe.upv.es\/#\/schema\/logo\/image\/\"},\"sameAs\":[\"https:\/\/www.facebook.com\/UPV\",\"https:\/\/x.com\/UPV\",\"https:\/\/www.instagram.com\/instaUPV\/\"]}]}<\/script>\n<!-- \/ Yoast SEO plugin. -->","yoast_head_json":{"title":"Infoday Nacional CBE JU 2023 | CPI EUROPE","robots":{"index":"index","follow":"follow","max-snippet":"max-snippet:-1","max-image-preview":"max-image-preview:large","max-video-preview":"max-video-preview:-1"},"canonical":"https:\/\/cpi-europe.upv.es\/val\/eventos\/infoday_nacional_cbe_ju_2023\/","og_locale":"en_US","og_type":"article","og_title":"Infoday Nacional CBE JU 2023 | CPI EUROPE","og_description":"CDTI organiza un Infoday Nacional de la iniciativa Circular Bio-based Europe (CBE JU) para el pr\u00f3ximo 11 de mayo por la ma\u00f1ana, en la sala multiusos de CDTI. Ser\u00e1 una sesi\u00f3n informativa, \u00fanicamente presencial, en la que se presentar\u00e1 la iniciativa, sus reglas de participaci\u00f3n y los contenidos de la convocatoria 2023, para lo que &hellip; Infoday Nacional CBE JU 2023 Read More \u00bb","og_url":"https:\/\/cpi-europe.upv.es\/val\/eventos\/infoday_nacional_cbe_ju_2023\/","og_site_name":"CPI EUROPE","article_publisher":"https:\/\/www.facebook.com\/UPV","article_modified_time":"2023-04-18T12:48:27+00:00","og_image":[{"width":549,"height":413,"url":"https:\/\/cpi-europe.upv.es\/wp-content\/uploads\/2021\/03\/imagen-CDTI-web.png","type":"image\/png"}],"twitter_card":"summary_large_image","twitter_site":"@UPV","twitter_misc":{"Est. reading time":"1 minute"},"schema":{"@context":"https:\/\/schema.org","@graph":[{"@type":"WebPage","@id":"https:\/\/cpi-europe.upv.es\/eventos\/infoday_nacional_cbe_ju_2023\/","url":"https:\/\/cpi-europe.upv.es\/eventos\/infoday_nacional_cbe_ju_2023\/","name":"Infoday Nacional CBE JU 2023 | CPI EUROPE","isPartOf":{"@id":"https:\/\/cpi-europe.upv.es\/#website"},"primaryImageOfPage":{"@id":"https:\/\/cpi-europe.upv.es\/eventos\/infoday_nacional_cbe_ju_2023\/#primaryimage"},"image":{"@id":"https:\/\/cpi-europe.upv.es\/eventos\/infoday_nacional_cbe_ju_2023\/#primaryimage"},"thumbnailUrl":"https:\/\/cpi-europe.upv.es\/wp-content\/uploads\/2021\/03\/imagen-CDTI-web.png","datePublished":"2023-04-18T12:44:54+00:00","dateModified":"2023-04-18T12:48:27+00:00","breadcrumb":{"@id":"https:\/\/cpi-europe.upv.es\/eventos\/infoday_nacional_cbe_ju_2023\/#breadcrumb"},"inLanguage":"va","potentialAction":[{"@type":"ReadAction","target":["https:\/\/cpi-europe.upv.es\/eventos\/infoday_nacional_cbe_ju_2023\/"]}]},{"@type":"ImageObject","inLanguage":"va","@id":"https:\/\/cpi-europe.upv.es\/eventos\/infoday_nacional_cbe_ju_2023\/#primaryimage","url":"https:\/\/cpi-europe.upv.es\/wp-content\/uploads\/2021\/03\/imagen-CDTI-web.png","contentUrl":"https:\/\/cpi-europe.upv.es\/wp-content\/uploads\/2021\/03\/imagen-CDTI-web.png","width":549,"height":413},{"@type":"BreadcrumbList","@id":"https:\/\/cpi-europe.upv.es\/eventos\/infoday_nacional_cbe_ju_2023\/#breadcrumb","itemListElement":[{"@type":"ListItem","position":1,"name":"Portada","item":"https:\/\/cpi-europe.upv.es\/"},{"@type":"ListItem","position":2,"name":"Infoday Nacional CBE JU 2023"}]},{"@type":"WebSite","@id":"https:\/\/cpi-europe.upv.es\/#website","url":"https:\/\/cpi-europe.upv.es\/","name":"CPI EUROPE","description":"","publisher":{"@id":"https:\/\/cpi-europe.upv.es\/#organization"},"potentialAction":[{"@type":"SearchAction","target":{"@type":"EntryPoint","urlTemplate":"https:\/\/cpi-europe.upv.es\/?s={search_term_string}"},"query-input":{"@type":"PropertyValueSpecification","valueRequired":true,"valueName":"search_term_string"}}],"inLanguage":"va"},{"@type":"Organization","@id":"https:\/\/cpi-europe.upv.es\/#organization","name":"CPI Europe","url":"https:\/\/cpi-europe.upv.es\/","logo":{"@type":"ImageObject","inLanguage":"va","@id":"https:\/\/cpi-europe.upv.es\/#\/schema\/logo\/image\/","url":"https:\/\/cpi-europe.upv.es\/wp-content\/uploads\/2020\/12\/logo-cpi-web-ok.png","contentUrl":"https:\/\/cpi-europe.upv.es\/wp-content\/uploads\/2020\/12\/logo-cpi-web-ok.png","width":869,"height":111,"caption":"CPI Europe"},"image":{"@id":"https:\/\/cpi-europe.upv.es\/#\/schema\/logo\/image\/"},"sameAs":["https:\/\/www.facebook.com\/UPV","https:\/\/x.com\/UPV","https:\/\/www.instagram.com\/instaUPV\/"]}]}},"_links":{"self":[{"href":"https:\/\/cpi-europe.upv.es\/val\/wp-json\/wp\/v2\/mec-events\/3073","targetHints":{"allow":["GET"]}}],"collection":[{"href":"https:\/\/cpi-europe.upv.es\/val\/wp-json\/wp\/v2\/mec-events"}],"about":[{"href":"https:\/\/cpi-europe.upv.es\/val\/wp-json\/wp\/v2\/types\/mec-events"}],"author":[{"embeddable":true,"href":"https:\/\/cpi-europe.upv.es\/val\/wp-json\/wp\/v2\/users\/4"}],"replies":[{"embeddable":true,"href":"https:\/\/cpi-europe.upv.es\/val\/wp-json\/wp\/v2\/comments?post=3073"}],"wp:featuredmedia":[{"embeddable":true,"href":"https:\/\/cpi-europe.upv.es\/val\/wp-json\/wp\/v2\/media\/1359"}],"wp:attachment":[{"href":"https:\/\/cpi-europe.upv.es\/val\/wp-json\/wp\/v2\/media?parent=3073"}],"wp:term":[{"taxonomy":"post_tag","embeddable":true,"href":"https:\/\/cpi-europe.upv.es\/val\/wp-json\/wp\/v2\/tags?post=3073"},{"taxonomy":"mec_category","embeddable":true,"href":"https:\/\/cpi-europe.upv.es\/val\/wp-json\/wp\/v2\/mec_category?post=3073"}],"curies":[{"name":"wp","href":"https:\/\/api.w.org\/{rel}","templated":true}]}}

<p>CDTI organiza un <strong>Infoday Nacional</strong> de la iniciativa Circular Bio-based Europe (CBE JU) para el próximo 11 de mayo por la mañana, en la sala multiusos de CDTI.</p>
<p>Será una <strong>sesión informativa,</strong> únicamente <strong>presencial,</strong> en la que se presentará la iniciativa, sus reglas de participación y los contenidos de la convocatoria 2023, para lo que se contará con la participación presencial de <strong>Pilar Llorente, Programme Officer de CBE.</strong> Durante la tarde, se podrán mantener <strong>reuniones bilaterales</strong> con los NCP (en horario de 15:00 a 18:00 h), debiendo completar el formulario de revisión y enviarlo a marta.dediego@cdti.es antes del 9 de mayo a las 10.00 h, utilizando la plantilla facilitada en la web del evento.</p>
<p>Además, a través de la pestaña “Networking Asistentes” de la web del evento, se propone un área para favorecer los contactos entre los asistentes. Para participar es necesario tener configurado el perfil personal en modo “Público” y responder a la pregunta “¿Cuáles son tus razones para asistir?” en el formulario de registro indicando <strong>«Participar en Networking».</strong></p>
<p>La agenda y el registro están disponibles en el siguiente <a href="https://eventos.cdti.es/ES/infoday_nacional_CBE_2023" target="_blank" rel="noopener">enlace.</a></p>

<p>CDTI organiza un Infoday Nacional de la iniciativa Circular Bio-based Europe (CBE JU) para el próximo 11 de mayo por la mañana, en la sala multiusos de CDTI. Será una sesión informativa, únicamente presencial, en la que se presentará la iniciativa, sus reglas de participación y los contenidos de la convocatoria 2023, para lo que &hellip;</p>
<p class="read-more"> <a class="" href="https://cpi-europe.upv.es/val/eventos/infoday_nacional_cbe_ju_2023/"> <span class="screen-reader-text">Infoday Nacional CBE JU 2023</span> Read More »</a></p>

<!-- This site is optimized with the Yoast SEO plugin v27.1.1 - https://yoast.com/product/yoast-seo-wordpress/ -->
<title>Infoday Nacional CBE JU 2023 | CPI EUROPE</title>
<meta name="robots" content="index, follow, max-snippet:-1, max-image-preview:large, max-video-preview:-1" />
<link rel="canonical" href="https://cpi-europe.upv.es/val/eventos/infoday_nacional_cbe_ju_2023/" />
<meta property="og:locale" content="en_US" />
<meta property="og:type" content="article" />
<meta property="og:title" content="Infoday Nacional CBE JU 2023 | CPI EUROPE" />
<meta property="og:description" content="CDTI organiza un Infoday Nacional de la iniciativa Circular Bio-based Europe (CBE JU) para el próximo 11 de mayo por la mañana, en la sala multiusos de CDTI. Será una sesión informativa, únicamente presencial, en la que se presentará la iniciativa, sus reglas de participación y los contenidos de la convocatoria 2023, para lo que &hellip; Infoday Nacional CBE JU 2023 Read More »" />
<meta property="og:url" content="https://cpi-europe.upv.es/val/eventos/infoday_nacional_cbe_ju_2023/" />
<meta property="og:site_name" content="CPI EUROPE" />
<meta property="article:publisher" content="https://www.facebook.com/UPV" />
<meta property="article:modified_time" content="2023-04-18T12:48:27+00:00" />
<meta property="og:image" content="https://cpi-europe.upv.es/wp-content/uploads/2021/03/imagen-CDTI-web.png" />
	<meta property="og:image:width" content="549" />
	<meta property="og:image:height" content="413" />
	<meta property="og:image:type" content="image/png" />
<meta name="twitter:card" content="summary_large_image" />
<meta name="twitter:site" content="@UPV" />
<meta name="twitter:label1" content="Est. reading time" />
	<meta name="twitter:data1" content="1 minute" />
<script type="application/ld+json" class="yoast-schema-graph">{"@context":"https://schema.org","@graph":[{"@type":"WebPage","@id":"https://cpi-europe.upv.es/eventos/infoday_nacional_cbe_ju_2023/","url":"https://cpi-europe.upv.es/eventos/infoday_nacional_cbe_ju_2023/","name":"Infoday Nacional CBE JU 2023 | CPI EUROPE","isPartOf":{"@id":"https://cpi-europe.upv.es/#website"},"primaryImageOfPage":{"@id":"https://cpi-europe.upv.es/eventos/infoday_nacional_cbe_ju_2023/#primaryimage"},"image":{"@id":"https://cpi-europe.upv.es/eventos/infoday_nacional_cbe_ju_2023/#primaryimage"},"thumbnailUrl":"https://cpi-europe.upv.es/wp-content/uploads/2021/03/imagen-CDTI-web.png","datePublished":"2023-04-18T12:44:54+00:00","dateModified":"2023-04-18T12:48:27+00:00","breadcrumb":{"@id":"https://cpi-europe.upv.es/eventos/infoday_nacional_cbe_ju_2023/#breadcrumb"},"inLanguage":"va","potentialAction":[{"@type":"ReadAction","target":["https://cpi-europe.upv.es/eventos/infoday_nacional_cbe_ju_2023/"]}]},{"@type":"ImageObject","inLanguage":"va","@id":"https://cpi-europe.upv.es/eventos/infoday_nacional_cbe_ju_2023/#primaryimage","url":"https://cpi-europe.upv.es/wp-content/uploads/2021/03/imagen-CDTI-web.png","contentUrl":"https://cpi-europe.upv.es/wp-content/uploads/2021/03/imagen-CDTI-web.png","width":549,"height":413},{"@type":"BreadcrumbList","@id":"https://cpi-europe.upv.es/eventos/infoday_nacional_cbe_ju_2023/#breadcrumb","itemListElement":[{"@type":"ListItem","position":1,"name":"Portada","item":"https://cpi-europe.upv.es/"},{"@type":"ListItem","position":2,"name":"Infoday Nacional CBE JU 2023"}]},{"@type":"WebSite","@id":"https://cpi-europe.upv.es/#website","url":"https://cpi-europe.upv.es/","name":"CPI EUROPE","description":"","publisher":{"@id":"https://cpi-europe.upv.es/#organization"},"potentialAction":[{"@type":"SearchAction","target":{"@type":"EntryPoint","urlTemplate":"https://cpi-europe.upv.es/?s={search_term_string}"},"query-input":{"@type":"PropertyValueSpecification","valueRequired":true,"valueName":"search_term_string"}}],"inLanguage":"va"},{"@type":"Organization","@id":"https://cpi-europe.upv.es/#organization","name":"CPI Europe","url":"https://cpi-europe.upv.es/","logo":{"@type":"ImageObject","inLanguage":"va","@id":"https://cpi-europe.upv.es/#/schema/logo/image/","url":"https://cpi-europe.upv.es/wp-content/uploads/2020/12/logo-cpi-web-ok.png","contentUrl":"https://cpi-europe.upv.es/wp-content/uploads/2020/12/logo-cpi-web-ok.png","width":869,"height":111,"caption":"CPI Europe"},"image":{"@id":"https://cpi-europe.upv.es/#/schema/logo/image/"},"sameAs":["https://www.facebook.com/UPV","https://x.com/UPV","https://www.instagram.com/instaUPV/"]}]}</script>
<!-- / Yoast SEO plugin. -->

CDTI organiza un Infoday Nacional de la iniciativa Circular Bio-based Europe (CBE JU) para el próximo 11 de mayo por la mañana, en la sala multiusos de CDTI. Será una sesión informativa, únicamente presencial, en la que se presentará la iniciativa, sus reglas de participación y los contenidos de la convocatoria 2023, para lo que &hellip; Infoday Nacional CBE JU 2023 Read More »
