{"id":2993,"date":"2023-01-13T14:00:05","date_gmt":"2023-01-13T13:00:05","guid":{"rendered":"https:\/\/cpi-europe.upv.es\/eventos\/infoday-nacional-cl5-movilidad-copy\/"},"modified":"2023-01-13T14:15:57","modified_gmt":"2023-01-13T13:15:57","slug":"infoday-nacional-23-cl1-salud","status":"publish","type":"mec-events","link":"https:\/\/cpi-europe.upv.es\/val\/eventos\/infoday-nacional-23-cl1-salud\/","title":{"rendered":"Infoday Nacional Horizonte Europa Cl\u00faster 1 &#8211; Salud"},"content":{"rendered":"<p>El <strong>26 de enero de 2023<\/strong> tendr\u00e1 lugar en CDTI el <strong>Infoday Nacional del Cl\u00faster 1 de Salud.\u00a0<\/strong><\/p>\n<p>Durante la sesi\u00f3n, y con la colaboraci\u00f3n de Carmen Laplaza, jefa de la Unidad de Health Innovations and Ecosystems en la Direcci\u00f3n general de Investigaci\u00f3n de Innovaci\u00f3n <strong>(DG RTD)<\/strong>, se presentar\u00e1n las oportunidades para los a\u00f1os 2023\/2024, incluyendo la <strong>Misi\u00f3n de C\u00e1ncer<\/strong>. Se contar\u00e1n los aspectos estrat\u00e9gicos del cl\u00faster, las reglas de participaci\u00f3n en las convocatorias, los Partenariados europeos y la Iniciativa de Salud Innovadora.<\/p>\n<p>Asimismo, se podr\u00e1 solicitar una reuni\u00f3n bilateral con los Puntos Nacionales de Contacto de CDTI y FECYT para la revisi\u00f3n de ideas de propuestas en marcha.<\/p>\n<p>M\u00e1s informaci\u00f3n e inscripci\u00f3n en el siguiente <strong><a href=\"https:\/\/eventos.cdti.es\/ES\/Infoday_Nacional_HE_Cluster1_PT2023-24\">enlace<\/a><\/strong><\/p>","protected":false},"excerpt":{"rendered":"<p>El 26 de enero de 2023 tendr\u00e1 lugar en CDTI el Infoday Nacional del Cl\u00faster 1 de Salud.\u00a0 Durante la sesi\u00f3n, y con la colaboraci\u00f3n de Carmen Laplaza, jefa de la Unidad de Health Innovations and Ecosystems en la Direcci\u00f3n general de Investigaci\u00f3n de Innovaci\u00f3n (DG RTD), se presentar\u00e1n las oportunidades para los a\u00f1os 2023\/2024, &hellip;<\/p>\n<p class=\"read-more\"> <a class=\"\" href=\"https:\/\/cpi-europe.upv.es\/val\/eventos\/infoday-nacional-23-cl1-salud\/\"> <span class=\"screen-reader-text\">Infoday Nacional Horizonte Europa Cl\u00faster 1 &#8211; Salud<\/span> Read More \u00bb<\/a><\/p>","protected":false},"author":2,"featured_media":1358,"comment_status":"closed","ping_status":"closed","template":"","tags":[106,91,138,92,65,107],"mec_category":[15],"class_list":["post-2993","mec-events","type-mec-events","status-publish","has-post-thumbnail","hentry","tag-cluster-1","tag-infoday","tag-mision-cancer","tag-nacional","tag-presencial","tag-salud","mec_category-externos"],"yoast_head":"<!-- This site is optimized with the Yoast SEO plugin v27.1.1 - https:\/\/yoast.com\/product\/yoast-seo-wordpress\/ -->\n<title>Infoday Nacional Horizonte Europa Cl\u00faster 1 - Salud | CPI EUROPE<\/title>\n<meta name=\"robots\" content=\"index, follow, max-snippet:-1, max-image-preview:large, max-video-preview:-1\" \/>\n<link rel=\"canonical\" href=\"https:\/\/cpi-europe.upv.es\/val\/eventos\/infoday-nacional-23-cl1-salud\/\" \/>\n<meta property=\"og:locale\" content=\"en_US\" \/>\n<meta property=\"og:type\" content=\"article\" \/>\n<meta property=\"og:title\" content=\"Infoday Nacional Horizonte Europa Cl\u00faster 1 - Salud | CPI EUROPE\" \/>\n<meta property=\"og:description\" content=\"El 26 de enero de 2023 tendr\u00e1 lugar en CDTI el Infoday Nacional del Cl\u00faster 1 de Salud.\u00a0 Durante la sesi\u00f3n, y con la colaboraci\u00f3n de Carmen Laplaza, jefa de la Unidad de Health Innovations and Ecosystems en la Direcci\u00f3n general de Investigaci\u00f3n de Innovaci\u00f3n (DG RTD), se presentar\u00e1n las oportunidades para los a\u00f1os 2023\/2024, &hellip; Infoday Nacional Horizonte Europa Cl\u00faster 1 &#8211; Salud Read More \u00bb\" \/>\n<meta property=\"og:url\" content=\"https:\/\/cpi-europe.upv.es\/val\/eventos\/infoday-nacional-23-cl1-salud\/\" \/>\n<meta property=\"og:site_name\" content=\"CPI EUROPE\" \/>\n<meta property=\"article:publisher\" content=\"https:\/\/www.facebook.com\/UPV\" \/>\n<meta property=\"article:modified_time\" content=\"2023-01-13T13:15:57+00:00\" \/>\n<meta property=\"og:image\" content=\"https:\/\/cpi-europe.upv.es\/wp-content\/uploads\/2021\/03\/lg-e1614932597643.jpg\" \/>\n\t<meta property=\"og:image:width\" content=\"400\" \/>\n\t<meta property=\"og:image:height\" content=\"174\" \/>\n\t<meta property=\"og:image:type\" content=\"image\/jpeg\" \/>\n<meta name=\"twitter:card\" content=\"summary_large_image\" \/>\n<meta name=\"twitter:site\" content=\"@UPV\" \/>\n<meta name=\"twitter:label1\" content=\"Est. reading time\" \/>\n\t<meta name=\"twitter:data1\" content=\"1 minute\" \/>\n<script type=\"application\/ld+json\" class=\"yoast-schema-graph\">{\"@context\":\"https:\/\/schema.org\",\"@graph\":[{\"@type\":\"WebPage\",\"@id\":\"https:\/\/cpi-europe.upv.es\/eventos\/infoday-nacional-23-cl1-salud\/\",\"url\":\"https:\/\/cpi-europe.upv.es\/eventos\/infoday-nacional-23-cl1-salud\/\",\"name\":\"Infoday Nacional Horizonte Europa Cl\u00faster 1 - Salud | CPI EUROPE\",\"isPartOf\":{\"@id\":\"https:\/\/cpi-europe.upv.es\/#website\"},\"primaryImageOfPage\":{\"@id\":\"https:\/\/cpi-europe.upv.es\/eventos\/infoday-nacional-23-cl1-salud\/#primaryimage\"},\"image\":{\"@id\":\"https:\/\/cpi-europe.upv.es\/eventos\/infoday-nacional-23-cl1-salud\/#primaryimage\"},\"thumbnailUrl\":\"https:\/\/cpi-europe.upv.es\/wp-content\/uploads\/2021\/03\/lg-e1614932597643.jpg\",\"datePublished\":\"2023-01-13T13:00:05+00:00\",\"dateModified\":\"2023-01-13T13:15:57+00:00\",\"breadcrumb\":{\"@id\":\"https:\/\/cpi-europe.upv.es\/eventos\/infoday-nacional-23-cl1-salud\/#breadcrumb\"},\"inLanguage\":\"va\",\"potentialAction\":[{\"@type\":\"ReadAction\",\"target\":[\"https:\/\/cpi-europe.upv.es\/eventos\/infoday-nacional-23-cl1-salud\/\"]}]},{\"@type\":\"ImageObject\",\"inLanguage\":\"va\",\"@id\":\"https:\/\/cpi-europe.upv.es\/eventos\/infoday-nacional-23-cl1-salud\/#primaryimage\",\"url\":\"https:\/\/cpi-europe.upv.es\/wp-content\/uploads\/2021\/03\/lg-e1614932597643.jpg\",\"contentUrl\":\"https:\/\/cpi-europe.upv.es\/wp-content\/uploads\/2021\/03\/lg-e1614932597643.jpg\",\"width\":400,\"height\":174},{\"@type\":\"BreadcrumbList\",\"@id\":\"https:\/\/cpi-europe.upv.es\/eventos\/infoday-nacional-23-cl1-salud\/#breadcrumb\",\"itemListElement\":[{\"@type\":\"ListItem\",\"position\":1,\"name\":\"Portada\",\"item\":\"https:\/\/cpi-europe.upv.es\/\"},{\"@type\":\"ListItem\",\"position\":2,\"name\":\"Infoday Nacional Horizonte Europa Cl\u00faster 1 &#8211; Salud\"}]},{\"@type\":\"WebSite\",\"@id\":\"https:\/\/cpi-europe.upv.es\/#website\",\"url\":\"https:\/\/cpi-europe.upv.es\/\",\"name\":\"CPI EUROPE\",\"description\":\"\",\"publisher\":{\"@id\":\"https:\/\/cpi-europe.upv.es\/#organization\"},\"potentialAction\":[{\"@type\":\"SearchAction\",\"target\":{\"@type\":\"EntryPoint\",\"urlTemplate\":\"https:\/\/cpi-europe.upv.es\/?s={search_term_string}\"},\"query-input\":{\"@type\":\"PropertyValueSpecification\",\"valueRequired\":true,\"valueName\":\"search_term_string\"}}],\"inLanguage\":\"va\"},{\"@type\":\"Organization\",\"@id\":\"https:\/\/cpi-europe.upv.es\/#organization\",\"name\":\"CPI Europe\",\"url\":\"https:\/\/cpi-europe.upv.es\/\",\"logo\":{\"@type\":\"ImageObject\",\"inLanguage\":\"va\",\"@id\":\"https:\/\/cpi-europe.upv.es\/#\/schema\/logo\/image\/\",\"url\":\"https:\/\/cpi-europe.upv.es\/wp-content\/uploads\/2020\/12\/logo-cpi-web-ok.png\",\"contentUrl\":\"https:\/\/cpi-europe.upv.es\/wp-content\/uploads\/2020\/12\/logo-cpi-web-ok.png\",\"width\":869,\"height\":111,\"caption\":\"CPI Europe\"},\"image\":{\"@id\":\"https:\/\/cpi-europe.upv.es\/#\/schema\/logo\/image\/\"},\"sameAs\":[\"https:\/\/www.facebook.com\/UPV\",\"https:\/\/x.com\/UPV\",\"https:\/\/www.instagram.com\/instaUPV\/\"]}]}<\/script>\n<!-- \/ Yoast SEO plugin. -->","yoast_head_json":{"title":"Infoday Nacional Horizonte Europa Cl\u00faster 1 - Salud | CPI EUROPE","robots":{"index":"index","follow":"follow","max-snippet":"max-snippet:-1","max-image-preview":"max-image-preview:large","max-video-preview":"max-video-preview:-1"},"canonical":"https:\/\/cpi-europe.upv.es\/val\/eventos\/infoday-nacional-23-cl1-salud\/","og_locale":"en_US","og_type":"article","og_title":"Infoday Nacional Horizonte Europa Cl\u00faster 1 - Salud | CPI EUROPE","og_description":"El 26 de enero de 2023 tendr\u00e1 lugar en CDTI el Infoday Nacional del Cl\u00faster 1 de Salud.\u00a0 Durante la sesi\u00f3n, y con la colaboraci\u00f3n de Carmen Laplaza, jefa de la Unidad de Health Innovations and Ecosystems en la Direcci\u00f3n general de Investigaci\u00f3n de Innovaci\u00f3n (DG RTD), se presentar\u00e1n las oportunidades para los a\u00f1os 2023\/2024, &hellip; Infoday Nacional Horizonte Europa Cl\u00faster 1 &#8211; Salud Read More \u00bb","og_url":"https:\/\/cpi-europe.upv.es\/val\/eventos\/infoday-nacional-23-cl1-salud\/","og_site_name":"CPI EUROPE","article_publisher":"https:\/\/www.facebook.com\/UPV","article_modified_time":"2023-01-13T13:15:57+00:00","og_image":[{"width":400,"height":174,"url":"https:\/\/cpi-europe.upv.es\/wp-content\/uploads\/2021\/03\/lg-e1614932597643.jpg","type":"image\/jpeg"}],"twitter_card":"summary_large_image","twitter_site":"@UPV","twitter_misc":{"Est. reading time":"1 minute"},"schema":{"@context":"https:\/\/schema.org","@graph":[{"@type":"WebPage","@id":"https:\/\/cpi-europe.upv.es\/eventos\/infoday-nacional-23-cl1-salud\/","url":"https:\/\/cpi-europe.upv.es\/eventos\/infoday-nacional-23-cl1-salud\/","name":"Infoday Nacional Horizonte Europa Cl\u00faster 1 - Salud | CPI EUROPE","isPartOf":{"@id":"https:\/\/cpi-europe.upv.es\/#website"},"primaryImageOfPage":{"@id":"https:\/\/cpi-europe.upv.es\/eventos\/infoday-nacional-23-cl1-salud\/#primaryimage"},"image":{"@id":"https:\/\/cpi-europe.upv.es\/eventos\/infoday-nacional-23-cl1-salud\/#primaryimage"},"thumbnailUrl":"https:\/\/cpi-europe.upv.es\/wp-content\/uploads\/2021\/03\/lg-e1614932597643.jpg","datePublished":"2023-01-13T13:00:05+00:00","dateModified":"2023-01-13T13:15:57+00:00","breadcrumb":{"@id":"https:\/\/cpi-europe.upv.es\/eventos\/infoday-nacional-23-cl1-salud\/#breadcrumb"},"inLanguage":"va","potentialAction":[{"@type":"ReadAction","target":["https:\/\/cpi-europe.upv.es\/eventos\/infoday-nacional-23-cl1-salud\/"]}]},{"@type":"ImageObject","inLanguage":"va","@id":"https:\/\/cpi-europe.upv.es\/eventos\/infoday-nacional-23-cl1-salud\/#primaryimage","url":"https:\/\/cpi-europe.upv.es\/wp-content\/uploads\/2021\/03\/lg-e1614932597643.jpg","contentUrl":"https:\/\/cpi-europe.upv.es\/wp-content\/uploads\/2021\/03\/lg-e1614932597643.jpg","width":400,"height":174},{"@type":"BreadcrumbList","@id":"https:\/\/cpi-europe.upv.es\/eventos\/infoday-nacional-23-cl1-salud\/#breadcrumb","itemListElement":[{"@type":"ListItem","position":1,"name":"Portada","item":"https:\/\/cpi-europe.upv.es\/"},{"@type":"ListItem","position":2,"name":"Infoday Nacional Horizonte Europa Cl\u00faster 1 &#8211; Salud"}]},{"@type":"WebSite","@id":"https:\/\/cpi-europe.upv.es\/#website","url":"https:\/\/cpi-europe.upv.es\/","name":"CPI EUROPE","description":"","publisher":{"@id":"https:\/\/cpi-europe.upv.es\/#organization"},"potentialAction":[{"@type":"SearchAction","target":{"@type":"EntryPoint","urlTemplate":"https:\/\/cpi-europe.upv.es\/?s={search_term_string}"},"query-input":{"@type":"PropertyValueSpecification","valueRequired":true,"valueName":"search_term_string"}}],"inLanguage":"va"},{"@type":"Organization","@id":"https:\/\/cpi-europe.upv.es\/#organization","name":"CPI Europe","url":"https:\/\/cpi-europe.upv.es\/","logo":{"@type":"ImageObject","inLanguage":"va","@id":"https:\/\/cpi-europe.upv.es\/#\/schema\/logo\/image\/","url":"https:\/\/cpi-europe.upv.es\/wp-content\/uploads\/2020\/12\/logo-cpi-web-ok.png","contentUrl":"https:\/\/cpi-europe.upv.es\/wp-content\/uploads\/2020\/12\/logo-cpi-web-ok.png","width":869,"height":111,"caption":"CPI Europe"},"image":{"@id":"https:\/\/cpi-europe.upv.es\/#\/schema\/logo\/image\/"},"sameAs":["https:\/\/www.facebook.com\/UPV","https:\/\/x.com\/UPV","https:\/\/www.instagram.com\/instaUPV\/"]}]}},"_links":{"self":[{"href":"https:\/\/cpi-europe.upv.es\/val\/wp-json\/wp\/v2\/mec-events\/2993","targetHints":{"allow":["GET"]}}],"collection":[{"href":"https:\/\/cpi-europe.upv.es\/val\/wp-json\/wp\/v2\/mec-events"}],"about":[{"href":"https:\/\/cpi-europe.upv.es\/val\/wp-json\/wp\/v2\/types\/mec-events"}],"author":[{"embeddable":true,"href":"https:\/\/cpi-europe.upv.es\/val\/wp-json\/wp\/v2\/users\/2"}],"replies":[{"embeddable":true,"href":"https:\/\/cpi-europe.upv.es\/val\/wp-json\/wp\/v2\/comments?post=2993"}],"wp:featuredmedia":[{"embeddable":true,"href":"https:\/\/cpi-europe.upv.es\/val\/wp-json\/wp\/v2\/media\/1358"}],"wp:attachment":[{"href":"https:\/\/cpi-europe.upv.es\/val\/wp-json\/wp\/v2\/media?parent=2993"}],"wp:term":[{"taxonomy":"post_tag","embeddable":true,"href":"https:\/\/cpi-europe.upv.es\/val\/wp-json\/wp\/v2\/tags?post=2993"},{"taxonomy":"mec_category","embeddable":true,"href":"https:\/\/cpi-europe.upv.es\/val\/wp-json\/wp\/v2\/mec_category?post=2993"}],"curies":[{"name":"wp","href":"https:\/\/api.w.org\/{rel}","templated":true}]}}

Infoday Nacional Horizonte Europa Clúster 1 &#8211; Salud

<p>El <strong>26 de enero de 2023</strong> tendrá lugar en CDTI el <strong>Infoday Nacional del Clúster 1 de Salud. </strong></p>
<p>Durante la sesión, y con la colaboración de Carmen Laplaza, jefa de la Unidad de Health Innovations and Ecosystems en la Dirección general de Investigación de Innovación <strong>(DG RTD)</strong>, se presentarán las oportunidades para los años 2023/2024, incluyendo la <strong>Misión de Cáncer</strong>. Se contarán los aspectos estratégicos del clúster, las reglas de participación en las convocatorias, los Partenariados europeos y la Iniciativa de Salud Innovadora.</p>
<p>Asimismo, se podrá solicitar una reunión bilateral con los Puntos Nacionales de Contacto de CDTI y FECYT para la revisión de ideas de propuestas en marcha.</p>
<p>Más información e inscripción en el siguiente <strong><a href="https://eventos.cdti.es/ES/Infoday_Nacional_HE_Cluster1_PT2023-24">enlace</a></strong></p>

<p>El 26 de enero de 2023 tendrá lugar en CDTI el Infoday Nacional del Clúster 1 de Salud.  Durante la sesión, y con la colaboración de Carmen Laplaza, jefa de la Unidad de Health Innovations and Ecosystems en la Dirección general de Investigación de Innovación (DG RTD), se presentarán las oportunidades para los años 2023/2024, &hellip;</p>
<p class="read-more"> <a class="" href="https://cpi-europe.upv.es/val/eventos/infoday-nacional-23-cl1-salud/"> <span class="screen-reader-text">Infoday Nacional Horizonte Europa Clúster 1 &#8211; Salud</span> Read More »</a></p>

<!-- This site is optimized with the Yoast SEO plugin v27.1.1 - https://yoast.com/product/yoast-seo-wordpress/ -->
<title>Infoday Nacional Horizonte Europa Clúster 1 - Salud | CPI EUROPE</title>
<meta name="robots" content="index, follow, max-snippet:-1, max-image-preview:large, max-video-preview:-1" />
<link rel="canonical" href="https://cpi-europe.upv.es/val/eventos/infoday-nacional-23-cl1-salud/" />
<meta property="og:locale" content="en_US" />
<meta property="og:type" content="article" />
<meta property="og:title" content="Infoday Nacional Horizonte Europa Clúster 1 - Salud | CPI EUROPE" />
<meta property="og:description" content="El 26 de enero de 2023 tendrá lugar en CDTI el Infoday Nacional del Clúster 1 de Salud.  Durante la sesión, y con la colaboración de Carmen Laplaza, jefa de la Unidad de Health Innovations and Ecosystems en la Dirección general de Investigación de Innovación (DG RTD), se presentarán las oportunidades para los años 2023/2024, &hellip; Infoday Nacional Horizonte Europa Clúster 1 &#8211; Salud Read More »" />
<meta property="og:url" content="https://cpi-europe.upv.es/val/eventos/infoday-nacional-23-cl1-salud/" />
<meta property="og:site_name" content="CPI EUROPE" />
<meta property="article:publisher" content="https://www.facebook.com/UPV" />
<meta property="article:modified_time" content="2023-01-13T13:15:57+00:00" />
<meta property="og:image" content="https://cpi-europe.upv.es/wp-content/uploads/2021/03/lg-e1614932597643.jpg" />
	<meta property="og:image:width" content="400" />
	<meta property="og:image:height" content="174" />
	<meta property="og:image:type" content="image/jpeg" />
<meta name="twitter:card" content="summary_large_image" />
<meta name="twitter:site" content="@UPV" />
<meta name="twitter:label1" content="Est. reading time" />
	<meta name="twitter:data1" content="1 minute" />
<script type="application/ld+json" class="yoast-schema-graph">{"@context":"https://schema.org","@graph":[{"@type":"WebPage","@id":"https://cpi-europe.upv.es/eventos/infoday-nacional-23-cl1-salud/","url":"https://cpi-europe.upv.es/eventos/infoday-nacional-23-cl1-salud/","name":"Infoday Nacional Horizonte Europa Clúster 1 - Salud | CPI EUROPE","isPartOf":{"@id":"https://cpi-europe.upv.es/#website"},"primaryImageOfPage":{"@id":"https://cpi-europe.upv.es/eventos/infoday-nacional-23-cl1-salud/#primaryimage"},"image":{"@id":"https://cpi-europe.upv.es/eventos/infoday-nacional-23-cl1-salud/#primaryimage"},"thumbnailUrl":"https://cpi-europe.upv.es/wp-content/uploads/2021/03/lg-e1614932597643.jpg","datePublished":"2023-01-13T13:00:05+00:00","dateModified":"2023-01-13T13:15:57+00:00","breadcrumb":{"@id":"https://cpi-europe.upv.es/eventos/infoday-nacional-23-cl1-salud/#breadcrumb"},"inLanguage":"va","potentialAction":[{"@type":"ReadAction","target":["https://cpi-europe.upv.es/eventos/infoday-nacional-23-cl1-salud/"]}]},{"@type":"ImageObject","inLanguage":"va","@id":"https://cpi-europe.upv.es/eventos/infoday-nacional-23-cl1-salud/#primaryimage","url":"https://cpi-europe.upv.es/wp-content/uploads/2021/03/lg-e1614932597643.jpg","contentUrl":"https://cpi-europe.upv.es/wp-content/uploads/2021/03/lg-e1614932597643.jpg","width":400,"height":174},{"@type":"BreadcrumbList","@id":"https://cpi-europe.upv.es/eventos/infoday-nacional-23-cl1-salud/#breadcrumb","itemListElement":[{"@type":"ListItem","position":1,"name":"Portada","item":"https://cpi-europe.upv.es/"},{"@type":"ListItem","position":2,"name":"Infoday Nacional Horizonte Europa Clúster 1 &#8211; Salud"}]},{"@type":"WebSite","@id":"https://cpi-europe.upv.es/#website","url":"https://cpi-europe.upv.es/","name":"CPI EUROPE","description":"","publisher":{"@id":"https://cpi-europe.upv.es/#organization"},"potentialAction":[{"@type":"SearchAction","target":{"@type":"EntryPoint","urlTemplate":"https://cpi-europe.upv.es/?s={search_term_string}"},"query-input":{"@type":"PropertyValueSpecification","valueRequired":true,"valueName":"search_term_string"}}],"inLanguage":"va"},{"@type":"Organization","@id":"https://cpi-europe.upv.es/#organization","name":"CPI Europe","url":"https://cpi-europe.upv.es/","logo":{"@type":"ImageObject","inLanguage":"va","@id":"https://cpi-europe.upv.es/#/schema/logo/image/","url":"https://cpi-europe.upv.es/wp-content/uploads/2020/12/logo-cpi-web-ok.png","contentUrl":"https://cpi-europe.upv.es/wp-content/uploads/2020/12/logo-cpi-web-ok.png","width":869,"height":111,"caption":"CPI Europe"},"image":{"@id":"https://cpi-europe.upv.es/#/schema/logo/image/"},"sameAs":["https://www.facebook.com/UPV","https://x.com/UPV","https://www.instagram.com/instaUPV/"]}]}</script>
<!-- / Yoast SEO plugin. -->

Infoday Nacional Horizonte Europa Clúster 1 - Salud | CPI EUROPE

El 26 de enero de 2023 tendrá lugar en CDTI el Infoday Nacional del Clúster 1 de Salud.  Durante la sesión, y con la colaboración de Carmen Laplaza, jefa de la Unidad de Health Innovations and Ecosystems en la Dirección general de Investigación de Innovación (DG RTD), se presentarán las oportunidades para los años 2023/2024, &hellip; Infoday Nacional Horizonte Europa Clúster 1 &#8211; Salud Read More »
