{"id":1718,"date":"2021-09-03T13:38:42","date_gmt":"2021-09-03T11:38:42","guid":{"rendered":"https:\/\/cpi-europe.upv.es\/eventos\/sesion-informativa-msca-dn-2021-copy\/"},"modified":"2021-09-03T13:41:25","modified_gmt":"2021-09-03T11:41:25","slug":"sesion-informativa-msca-dn-2021-aspectos","status":"publish","type":"mec-events","link":"https:\/\/cpi-europe.upv.es\/val\/eventos\/sesion-informativa-msca-dn-2021-aspectos\/","title":{"rendered":"Sesi\u00f3n informativa nacional &#8211; Redes Doctorales MSCA"},"content":{"rendered":"<p>El 7 de septiembre de 10:00 a 12:00 tendr\u00e1 lugar una <strong>Sesi\u00f3n informativa sobre la Convocatoria Redes Doctorales del Programa Acciones Marie Sklodowska-Curie (MSCA)<\/strong> (Call MSCA DN 2021), organizada por <strong>FECYT<\/strong>.<\/p>\n<p>Durante esta sesi\u00f3n se har\u00e1 una revisi\u00f3n r\u00e1pida de las reglas de participaci\u00f3n, pero se centrar\u00e1 sobre todo en aspectos m\u00e1s pr\u00e1cticos relacionados con los diferentes criterios de evaluaci\u00f3n y pautas para escribir una propuesta competitiva. Los Puntos Nacionales de Contacto de MSCA ser\u00e1n los encargados de impartir este seminario, contando tambi\u00e9n con la participaci\u00f3n de una evaluadora de proyectos ITN de Horizonte 2020.<\/p>\n<p>Para asistir es necesario registrarse en el siguiente <a href=\"https:\/\/www.horizonteeuropa.es\/sesion-informativa-acciones-msca-redes-doctorales-aspectos-practicos-y-preparacion-de-propuestas-1\" target=\"_blank\" rel=\"noopener\">enlace<\/a>.<\/p>\n<p>&nbsp;<\/p>\n<p>&nbsp;<\/p>","protected":false},"excerpt":{"rendered":"<p>El 7 de septiembre de 10:00 a 12:00 tendr\u00e1 lugar una Sesi\u00f3n informativa sobre la Convocatoria Redes Doctorales del Programa Acciones Marie Sklodowska-Curie (MSCA) (Call MSCA DN 2021), organizada por FECYT. Durante esta sesi\u00f3n se har\u00e1 una revisi\u00f3n r\u00e1pida de las reglas de participaci\u00f3n, pero se centrar\u00e1 sobre todo en aspectos m\u00e1s pr\u00e1cticos relacionados con &hellip;<\/p>\n<p class=\"read-more\"> <a class=\"\" href=\"https:\/\/cpi-europe.upv.es\/val\/eventos\/sesion-informativa-msca-dn-2021-aspectos\/\"> <span class=\"screen-reader-text\">Sesi\u00f3n informativa nacional &#8211; Redes Doctorales MSCA<\/span> Read More \u00bb<\/a><\/p>","protected":false},"author":4,"featured_media":1356,"comment_status":"closed","ping_status":"closed","template":"","tags":[],"mec_category":[15],"class_list":["post-1718","mec-events","type-mec-events","status-publish","has-post-thumbnail","hentry","mec_category-externos"],"yoast_head":"<!-- This site is optimized with the Yoast SEO plugin v27.1.1 - https:\/\/yoast.com\/product\/yoast-seo-wordpress\/ -->\n<title>Sesi\u00f3n informativa nacional - Redes Doctorales MSCA | CPI EUROPE<\/title>\n<meta name=\"robots\" content=\"index, follow, max-snippet:-1, max-image-preview:large, max-video-preview:-1\" \/>\n<link rel=\"canonical\" href=\"https:\/\/cpi-europe.upv.es\/val\/eventos\/sesion-informativa-msca-dn-2021-aspectos\/\" \/>\n<meta property=\"og:locale\" content=\"en_US\" \/>\n<meta property=\"og:type\" content=\"article\" \/>\n<meta property=\"og:title\" content=\"Sesi\u00f3n informativa nacional - Redes Doctorales MSCA | CPI EUROPE\" \/>\n<meta property=\"og:description\" content=\"El 7 de septiembre de 10:00 a 12:00 tendr\u00e1 lugar una Sesi\u00f3n informativa sobre la Convocatoria Redes Doctorales del Programa Acciones Marie Sklodowska-Curie (MSCA) (Call MSCA DN 2021), organizada por FECYT. Durante esta sesi\u00f3n se har\u00e1 una revisi\u00f3n r\u00e1pida de las reglas de participaci\u00f3n, pero se centrar\u00e1 sobre todo en aspectos m\u00e1s pr\u00e1cticos relacionados con &hellip; Sesi\u00f3n informativa nacional &#8211; Redes Doctorales MSCA Read More \u00bb\" \/>\n<meta property=\"og:url\" content=\"https:\/\/cpi-europe.upv.es\/val\/eventos\/sesion-informativa-msca-dn-2021-aspectos\/\" \/>\n<meta property=\"og:site_name\" content=\"CPI EUROPE\" \/>\n<meta property=\"article:publisher\" content=\"https:\/\/www.facebook.com\/UPV\" \/>\n<meta property=\"article:modified_time\" content=\"2021-09-03T11:41:25+00:00\" \/>\n<meta property=\"og:image\" content=\"https:\/\/cpi-europe.upv.es\/wp-content\/uploads\/2021\/03\/he.png\" \/>\n\t<meta property=\"og:image:width\" content=\"750\" \/>\n\t<meta property=\"og:image:height\" content=\"215\" \/>\n\t<meta property=\"og:image:type\" content=\"image\/png\" \/>\n<meta name=\"twitter:card\" content=\"summary_large_image\" \/>\n<meta name=\"twitter:site\" content=\"@UPV\" \/>\n<meta name=\"twitter:label1\" content=\"Est. reading time\" \/>\n\t<meta name=\"twitter:data1\" content=\"1 minute\" \/>\n<script type=\"application\/ld+json\" class=\"yoast-schema-graph\">{\"@context\":\"https:\/\/schema.org\",\"@graph\":[{\"@type\":\"WebPage\",\"@id\":\"https:\/\/cpi-europe.upv.es\/eventos\/sesion-informativa-msca-dn-2021-aspectos\/\",\"url\":\"https:\/\/cpi-europe.upv.es\/eventos\/sesion-informativa-msca-dn-2021-aspectos\/\",\"name\":\"Sesi\u00f3n informativa nacional - Redes Doctorales MSCA | CPI EUROPE\",\"isPartOf\":{\"@id\":\"https:\/\/cpi-europe.upv.es\/#website\"},\"primaryImageOfPage\":{\"@id\":\"https:\/\/cpi-europe.upv.es\/eventos\/sesion-informativa-msca-dn-2021-aspectos\/#primaryimage\"},\"image\":{\"@id\":\"https:\/\/cpi-europe.upv.es\/eventos\/sesion-informativa-msca-dn-2021-aspectos\/#primaryimage\"},\"thumbnailUrl\":\"https:\/\/cpi-europe.upv.es\/wp-content\/uploads\/2021\/03\/he.png\",\"datePublished\":\"2021-09-03T11:38:42+00:00\",\"dateModified\":\"2021-09-03T11:41:25+00:00\",\"breadcrumb\":{\"@id\":\"https:\/\/cpi-europe.upv.es\/eventos\/sesion-informativa-msca-dn-2021-aspectos\/#breadcrumb\"},\"inLanguage\":\"va\",\"potentialAction\":[{\"@type\":\"ReadAction\",\"target\":[\"https:\/\/cpi-europe.upv.es\/eventos\/sesion-informativa-msca-dn-2021-aspectos\/\"]}]},{\"@type\":\"ImageObject\",\"inLanguage\":\"va\",\"@id\":\"https:\/\/cpi-europe.upv.es\/eventos\/sesion-informativa-msca-dn-2021-aspectos\/#primaryimage\",\"url\":\"https:\/\/cpi-europe.upv.es\/wp-content\/uploads\/2021\/03\/he.png\",\"contentUrl\":\"https:\/\/cpi-europe.upv.es\/wp-content\/uploads\/2021\/03\/he.png\",\"width\":750,\"height\":215},{\"@type\":\"BreadcrumbList\",\"@id\":\"https:\/\/cpi-europe.upv.es\/eventos\/sesion-informativa-msca-dn-2021-aspectos\/#breadcrumb\",\"itemListElement\":[{\"@type\":\"ListItem\",\"position\":1,\"name\":\"Portada\",\"item\":\"https:\/\/cpi-europe.upv.es\/\"},{\"@type\":\"ListItem\",\"position\":2,\"name\":\"Sesi\u00f3n informativa nacional &#8211; Redes Doctorales MSCA\"}]},{\"@type\":\"WebSite\",\"@id\":\"https:\/\/cpi-europe.upv.es\/#website\",\"url\":\"https:\/\/cpi-europe.upv.es\/\",\"name\":\"CPI EUROPE\",\"description\":\"\",\"publisher\":{\"@id\":\"https:\/\/cpi-europe.upv.es\/#organization\"},\"potentialAction\":[{\"@type\":\"SearchAction\",\"target\":{\"@type\":\"EntryPoint\",\"urlTemplate\":\"https:\/\/cpi-europe.upv.es\/?s={search_term_string}\"},\"query-input\":{\"@type\":\"PropertyValueSpecification\",\"valueRequired\":true,\"valueName\":\"search_term_string\"}}],\"inLanguage\":\"va\"},{\"@type\":\"Organization\",\"@id\":\"https:\/\/cpi-europe.upv.es\/#organization\",\"name\":\"CPI Europe\",\"url\":\"https:\/\/cpi-europe.upv.es\/\",\"logo\":{\"@type\":\"ImageObject\",\"inLanguage\":\"va\",\"@id\":\"https:\/\/cpi-europe.upv.es\/#\/schema\/logo\/image\/\",\"url\":\"https:\/\/cpi-europe.upv.es\/wp-content\/uploads\/2020\/12\/logo-cpi-web-ok.png\",\"contentUrl\":\"https:\/\/cpi-europe.upv.es\/wp-content\/uploads\/2020\/12\/logo-cpi-web-ok.png\",\"width\":869,\"height\":111,\"caption\":\"CPI Europe\"},\"image\":{\"@id\":\"https:\/\/cpi-europe.upv.es\/#\/schema\/logo\/image\/\"},\"sameAs\":[\"https:\/\/www.facebook.com\/UPV\",\"https:\/\/x.com\/UPV\",\"https:\/\/www.instagram.com\/instaUPV\/\"]}]}<\/script>\n<!-- \/ Yoast SEO plugin. -->","yoast_head_json":{"title":"Sesi\u00f3n informativa nacional - Redes Doctorales MSCA | CPI EUROPE","robots":{"index":"index","follow":"follow","max-snippet":"max-snippet:-1","max-image-preview":"max-image-preview:large","max-video-preview":"max-video-preview:-1"},"canonical":"https:\/\/cpi-europe.upv.es\/val\/eventos\/sesion-informativa-msca-dn-2021-aspectos\/","og_locale":"en_US","og_type":"article","og_title":"Sesi\u00f3n informativa nacional - Redes Doctorales MSCA | CPI EUROPE","og_description":"El 7 de septiembre de 10:00 a 12:00 tendr\u00e1 lugar una Sesi\u00f3n informativa sobre la Convocatoria Redes Doctorales del Programa Acciones Marie Sklodowska-Curie (MSCA) (Call MSCA DN 2021), organizada por FECYT. Durante esta sesi\u00f3n se har\u00e1 una revisi\u00f3n r\u00e1pida de las reglas de participaci\u00f3n, pero se centrar\u00e1 sobre todo en aspectos m\u00e1s pr\u00e1cticos relacionados con &hellip; Sesi\u00f3n informativa nacional &#8211; Redes Doctorales MSCA Read More \u00bb","og_url":"https:\/\/cpi-europe.upv.es\/val\/eventos\/sesion-informativa-msca-dn-2021-aspectos\/","og_site_name":"CPI EUROPE","article_publisher":"https:\/\/www.facebook.com\/UPV","article_modified_time":"2021-09-03T11:41:25+00:00","og_image":[{"width":750,"height":215,"url":"https:\/\/cpi-europe.upv.es\/wp-content\/uploads\/2021\/03\/he.png","type":"image\/png"}],"twitter_card":"summary_large_image","twitter_site":"@UPV","twitter_misc":{"Est. reading time":"1 minute"},"schema":{"@context":"https:\/\/schema.org","@graph":[{"@type":"WebPage","@id":"https:\/\/cpi-europe.upv.es\/eventos\/sesion-informativa-msca-dn-2021-aspectos\/","url":"https:\/\/cpi-europe.upv.es\/eventos\/sesion-informativa-msca-dn-2021-aspectos\/","name":"Sesi\u00f3n informativa nacional - Redes Doctorales MSCA | CPI EUROPE","isPartOf":{"@id":"https:\/\/cpi-europe.upv.es\/#website"},"primaryImageOfPage":{"@id":"https:\/\/cpi-europe.upv.es\/eventos\/sesion-informativa-msca-dn-2021-aspectos\/#primaryimage"},"image":{"@id":"https:\/\/cpi-europe.upv.es\/eventos\/sesion-informativa-msca-dn-2021-aspectos\/#primaryimage"},"thumbnailUrl":"https:\/\/cpi-europe.upv.es\/wp-content\/uploads\/2021\/03\/he.png","datePublished":"2021-09-03T11:38:42+00:00","dateModified":"2021-09-03T11:41:25+00:00","breadcrumb":{"@id":"https:\/\/cpi-europe.upv.es\/eventos\/sesion-informativa-msca-dn-2021-aspectos\/#breadcrumb"},"inLanguage":"va","potentialAction":[{"@type":"ReadAction","target":["https:\/\/cpi-europe.upv.es\/eventos\/sesion-informativa-msca-dn-2021-aspectos\/"]}]},{"@type":"ImageObject","inLanguage":"va","@id":"https:\/\/cpi-europe.upv.es\/eventos\/sesion-informativa-msca-dn-2021-aspectos\/#primaryimage","url":"https:\/\/cpi-europe.upv.es\/wp-content\/uploads\/2021\/03\/he.png","contentUrl":"https:\/\/cpi-europe.upv.es\/wp-content\/uploads\/2021\/03\/he.png","width":750,"height":215},{"@type":"BreadcrumbList","@id":"https:\/\/cpi-europe.upv.es\/eventos\/sesion-informativa-msca-dn-2021-aspectos\/#breadcrumb","itemListElement":[{"@type":"ListItem","position":1,"name":"Portada","item":"https:\/\/cpi-europe.upv.es\/"},{"@type":"ListItem","position":2,"name":"Sesi\u00f3n informativa nacional &#8211; Redes Doctorales MSCA"}]},{"@type":"WebSite","@id":"https:\/\/cpi-europe.upv.es\/#website","url":"https:\/\/cpi-europe.upv.es\/","name":"CPI EUROPE","description":"","publisher":{"@id":"https:\/\/cpi-europe.upv.es\/#organization"},"potentialAction":[{"@type":"SearchAction","target":{"@type":"EntryPoint","urlTemplate":"https:\/\/cpi-europe.upv.es\/?s={search_term_string}"},"query-input":{"@type":"PropertyValueSpecification","valueRequired":true,"valueName":"search_term_string"}}],"inLanguage":"va"},{"@type":"Organization","@id":"https:\/\/cpi-europe.upv.es\/#organization","name":"CPI Europe","url":"https:\/\/cpi-europe.upv.es\/","logo":{"@type":"ImageObject","inLanguage":"va","@id":"https:\/\/cpi-europe.upv.es\/#\/schema\/logo\/image\/","url":"https:\/\/cpi-europe.upv.es\/wp-content\/uploads\/2020\/12\/logo-cpi-web-ok.png","contentUrl":"https:\/\/cpi-europe.upv.es\/wp-content\/uploads\/2020\/12\/logo-cpi-web-ok.png","width":869,"height":111,"caption":"CPI Europe"},"image":{"@id":"https:\/\/cpi-europe.upv.es\/#\/schema\/logo\/image\/"},"sameAs":["https:\/\/www.facebook.com\/UPV","https:\/\/x.com\/UPV","https:\/\/www.instagram.com\/instaUPV\/"]}]}},"_links":{"self":[{"href":"https:\/\/cpi-europe.upv.es\/val\/wp-json\/wp\/v2\/mec-events\/1718","targetHints":{"allow":["GET"]}}],"collection":[{"href":"https:\/\/cpi-europe.upv.es\/val\/wp-json\/wp\/v2\/mec-events"}],"about":[{"href":"https:\/\/cpi-europe.upv.es\/val\/wp-json\/wp\/v2\/types\/mec-events"}],"author":[{"embeddable":true,"href":"https:\/\/cpi-europe.upv.es\/val\/wp-json\/wp\/v2\/users\/4"}],"replies":[{"embeddable":true,"href":"https:\/\/cpi-europe.upv.es\/val\/wp-json\/wp\/v2\/comments?post=1718"}],"wp:featuredmedia":[{"embeddable":true,"href":"https:\/\/cpi-europe.upv.es\/val\/wp-json\/wp\/v2\/media\/1356"}],"wp:attachment":[{"href":"https:\/\/cpi-europe.upv.es\/val\/wp-json\/wp\/v2\/media?parent=1718"}],"wp:term":[{"taxonomy":"post_tag","embeddable":true,"href":"https:\/\/cpi-europe.upv.es\/val\/wp-json\/wp\/v2\/tags?post=1718"},{"taxonomy":"mec_category","embeddable":true,"href":"https:\/\/cpi-europe.upv.es\/val\/wp-json\/wp\/v2\/mec_category?post=1718"}],"curies":[{"name":"wp","href":"https:\/\/api.w.org\/{rel}","templated":true}]}}

Sesión informativa nacional &#8211; Redes Doctorales MSCA

<p>El 7 de septiembre de 10:00 a 12:00 tendrá lugar una <strong>Sesión informativa sobre la Convocatoria Redes Doctorales del Programa Acciones Marie Sklodowska-Curie (MSCA)</strong> (Call MSCA DN 2021), organizada por <strong>FECYT</strong>.</p>
<p>Durante esta sesión se hará una revisión rápida de las reglas de participación, pero se centrará sobre todo en aspectos más prácticos relacionados con los diferentes criterios de evaluación y pautas para escribir una propuesta competitiva. Los Puntos Nacionales de Contacto de MSCA serán los encargados de impartir este seminario, contando también con la participación de una evaluadora de proyectos ITN de Horizonte 2020.</p>
<p>Para asistir es necesario registrarse en el siguiente <a href="https://www.horizonteeuropa.es/sesion-informativa-acciones-msca-redes-doctorales-aspectos-practicos-y-preparacion-de-propuestas-1" target="_blank" rel="noopener">enlace</a>.</p>
<p>&nbsp;</p>
<p>&nbsp;</p>

<p>El 7 de septiembre de 10:00 a 12:00 tendrá lugar una Sesión informativa sobre la Convocatoria Redes Doctorales del Programa Acciones Marie Sklodowska-Curie (MSCA) (Call MSCA DN 2021), organizada por FECYT. Durante esta sesión se hará una revisión rápida de las reglas de participación, pero se centrará sobre todo en aspectos más prácticos relacionados con &hellip;</p>
<p class="read-more"> <a class="" href="https://cpi-europe.upv.es/val/eventos/sesion-informativa-msca-dn-2021-aspectos/"> <span class="screen-reader-text">Sesión informativa nacional &#8211; Redes Doctorales MSCA</span> Read More »</a></p>

<!-- This site is optimized with the Yoast SEO plugin v27.1.1 - https://yoast.com/product/yoast-seo-wordpress/ -->
<title>Sesión informativa nacional - Redes Doctorales MSCA | CPI EUROPE</title>
<meta name="robots" content="index, follow, max-snippet:-1, max-image-preview:large, max-video-preview:-1" />
<link rel="canonical" href="https://cpi-europe.upv.es/val/eventos/sesion-informativa-msca-dn-2021-aspectos/" />
<meta property="og:locale" content="en_US" />
<meta property="og:type" content="article" />
<meta property="og:title" content="Sesión informativa nacional - Redes Doctorales MSCA | CPI EUROPE" />
<meta property="og:description" content="El 7 de septiembre de 10:00 a 12:00 tendrá lugar una Sesión informativa sobre la Convocatoria Redes Doctorales del Programa Acciones Marie Sklodowska-Curie (MSCA) (Call MSCA DN 2021), organizada por FECYT. Durante esta sesión se hará una revisión rápida de las reglas de participación, pero se centrará sobre todo en aspectos más prácticos relacionados con &hellip; Sesión informativa nacional &#8211; Redes Doctorales MSCA Read More »" />
<meta property="og:url" content="https://cpi-europe.upv.es/val/eventos/sesion-informativa-msca-dn-2021-aspectos/" />
<meta property="og:site_name" content="CPI EUROPE" />
<meta property="article:publisher" content="https://www.facebook.com/UPV" />
<meta property="article:modified_time" content="2021-09-03T11:41:25+00:00" />
<meta property="og:image" content="https://cpi-europe.upv.es/wp-content/uploads/2021/03/he.png" />
	<meta property="og:image:width" content="750" />
	<meta property="og:image:height" content="215" />
	<meta property="og:image:type" content="image/png" />
<meta name="twitter:card" content="summary_large_image" />
<meta name="twitter:site" content="@UPV" />
<meta name="twitter:label1" content="Est. reading time" />
	<meta name="twitter:data1" content="1 minute" />
<script type="application/ld+json" class="yoast-schema-graph">{"@context":"https://schema.org","@graph":[{"@type":"WebPage","@id":"https://cpi-europe.upv.es/eventos/sesion-informativa-msca-dn-2021-aspectos/","url":"https://cpi-europe.upv.es/eventos/sesion-informativa-msca-dn-2021-aspectos/","name":"Sesión informativa nacional - Redes Doctorales MSCA | CPI EUROPE","isPartOf":{"@id":"https://cpi-europe.upv.es/#website"},"primaryImageOfPage":{"@id":"https://cpi-europe.upv.es/eventos/sesion-informativa-msca-dn-2021-aspectos/#primaryimage"},"image":{"@id":"https://cpi-europe.upv.es/eventos/sesion-informativa-msca-dn-2021-aspectos/#primaryimage"},"thumbnailUrl":"https://cpi-europe.upv.es/wp-content/uploads/2021/03/he.png","datePublished":"2021-09-03T11:38:42+00:00","dateModified":"2021-09-03T11:41:25+00:00","breadcrumb":{"@id":"https://cpi-europe.upv.es/eventos/sesion-informativa-msca-dn-2021-aspectos/#breadcrumb"},"inLanguage":"va","potentialAction":[{"@type":"ReadAction","target":["https://cpi-europe.upv.es/eventos/sesion-informativa-msca-dn-2021-aspectos/"]}]},{"@type":"ImageObject","inLanguage":"va","@id":"https://cpi-europe.upv.es/eventos/sesion-informativa-msca-dn-2021-aspectos/#primaryimage","url":"https://cpi-europe.upv.es/wp-content/uploads/2021/03/he.png","contentUrl":"https://cpi-europe.upv.es/wp-content/uploads/2021/03/he.png","width":750,"height":215},{"@type":"BreadcrumbList","@id":"https://cpi-europe.upv.es/eventos/sesion-informativa-msca-dn-2021-aspectos/#breadcrumb","itemListElement":[{"@type":"ListItem","position":1,"name":"Portada","item":"https://cpi-europe.upv.es/"},{"@type":"ListItem","position":2,"name":"Sesión informativa nacional &#8211; Redes Doctorales MSCA"}]},{"@type":"WebSite","@id":"https://cpi-europe.upv.es/#website","url":"https://cpi-europe.upv.es/","name":"CPI EUROPE","description":"","publisher":{"@id":"https://cpi-europe.upv.es/#organization"},"potentialAction":[{"@type":"SearchAction","target":{"@type":"EntryPoint","urlTemplate":"https://cpi-europe.upv.es/?s={search_term_string}"},"query-input":{"@type":"PropertyValueSpecification","valueRequired":true,"valueName":"search_term_string"}}],"inLanguage":"va"},{"@type":"Organization","@id":"https://cpi-europe.upv.es/#organization","name":"CPI Europe","url":"https://cpi-europe.upv.es/","logo":{"@type":"ImageObject","inLanguage":"va","@id":"https://cpi-europe.upv.es/#/schema/logo/image/","url":"https://cpi-europe.upv.es/wp-content/uploads/2020/12/logo-cpi-web-ok.png","contentUrl":"https://cpi-europe.upv.es/wp-content/uploads/2020/12/logo-cpi-web-ok.png","width":869,"height":111,"caption":"CPI Europe"},"image":{"@id":"https://cpi-europe.upv.es/#/schema/logo/image/"},"sameAs":["https://www.facebook.com/UPV","https://x.com/UPV","https://www.instagram.com/instaUPV/"]}]}</script>
<!-- / Yoast SEO plugin. -->

Sesión informativa nacional - Redes Doctorales MSCA | CPI EUROPE

El 7 de septiembre de 10:00 a 12:00 tendrá lugar una Sesión informativa sobre la Convocatoria Redes Doctorales del Programa Acciones Marie Sklodowska-Curie (MSCA) (Call MSCA DN 2021), organizada por FECYT. Durante esta sesión se hará una revisión rápida de las reglas de participación, pero se centrará sobre todo en aspectos más prácticos relacionados con &hellip; Sesión informativa nacional &#8211; Redes Doctorales MSCA Read More »
