{"id":1516,"date":"2021-06-03T10:34:40","date_gmt":"2021-06-03T08:34:40","guid":{"rendered":"https:\/\/cpi-europe.upv.es\/eventos\/infoday-cluster-4-rob-copy\/"},"modified":"2021-06-08T14:03:03","modified_gmt":"2021-06-08T12:03:03","slug":"talleres-coordinadores","status":"publish","type":"mec-events","link":"https:\/\/cpi-europe.upv.es\/val\/eventos\/talleres-coordinadores\/","title":{"rendered":"Talleres Coordinadores Cl\u00faster 6 y Cl\u00faster 5 \u00abClima\u00bb"},"content":{"rendered":"<p>Los d\u00edas 15 y 21 de junio, CDTI organiza dos talleres de apoyo a coordinadores de propuestas del Cl\u00faster 6\u00a0 y del Cl\u00faster 5 (Clima). Ser\u00e1n dos talleres complementarios en contenido, en los que se presentar\u00e1n cuestiones clave para preparar una propuesta exitosa.<\/p>\n<p>Los talleres se celebrar\u00e1n de forma virtual a trav\u00e9s de la plataforma TEAMS y tendr\u00e1n una duraci\u00f3n aproximada de 3 horas y media, comenzando a las 9:30 de la ma\u00f1ana.<br \/>\nPodr\u00e1n participar en los talleres hasta dos personas por proyecto coordinado, siempre y cuando no se supere el aforo que permite la plataforma TEAMS.<\/p>\n<p>El objetivo \u00faltimo de los talleres es facilitar toda la informaci\u00f3n disponible que permita a los coordinadores mejorar sus propuestas y apoyarles hasta el cierre de las convocatorias a comienzos de octubre.<\/p>\n<p>Ser\u00e1 un requisito para participar en estos talleres el presentar un borrador avanzado de la propuesta hasta el <strong>10 de junio<\/strong>, utilizando el formulario de la CE, \u201cProposal template\u201d. Solo se confirmar\u00e1 la participaci\u00f3n al taller a aquellas personas\/entidades que hayan enviado la propuesta previamente.<\/p>\n<p>Posteriormente a la celebraci\u00f3n de los talleres, los NCPs fijar\u00e1n reuniones bilaterales con los participantes para una revisi\u00f3n exhaustiva de la propuesta y aclarar cualquier duda que haya surgido a ra\u00edz de los talleres o durante el proceso de preparaci\u00f3n de la propuesta.<\/p>\n<p>Para m\u00e1s informaci\u00f3n, puede consultarse el siguiente <a href=\"https:\/\/eventos.cdti.es\/ES\/Cluster5-Clima_Cluster6\" target=\"_blank\" rel=\"noopener\">enlace<\/a>.<\/p>","protected":false},"excerpt":{"rendered":"<p>Los d\u00edas 15 y 21 de junio, CDTI organiza dos talleres de apoyo a coordinadores de propuestas del Cl\u00faster 6\u00a0 y del Cl\u00faster 5 (Clima). Ser\u00e1n dos talleres complementarios en contenido, en los que se presentar\u00e1n cuestiones clave para preparar una propuesta exitosa. Los talleres se celebrar\u00e1n de forma virtual a trav\u00e9s de la plataforma &hellip;<\/p>\n<p class=\"read-more\"> <a class=\"\" href=\"https:\/\/cpi-europe.upv.es\/val\/eventos\/talleres-coordinadores\/\"> <span class=\"screen-reader-text\">Talleres Coordinadores Cl\u00faster 6 y Cl\u00faster 5 \u00abClima\u00bb<\/span> Read More \u00bb<\/a><\/p>","protected":false},"author":4,"featured_media":1360,"comment_status":"closed","ping_status":"closed","template":"","tags":[],"mec_category":[15],"class_list":["post-1516","mec-events","type-mec-events","status-publish","has-post-thumbnail","hentry","mec_category-externos"],"yoast_head":"<!-- This site is optimized with the Yoast SEO plugin v27.1.1 - https:\/\/yoast.com\/product\/yoast-seo-wordpress\/ -->\n<title>Talleres Coordinadores Cl\u00faster 6 y Cl\u00faster 5 &quot;Clima&quot; | CPI EUROPE<\/title>\n<meta name=\"robots\" content=\"index, follow, max-snippet:-1, max-image-preview:large, max-video-preview:-1\" \/>\n<link rel=\"canonical\" href=\"https:\/\/cpi-europe.upv.es\/val\/eventos\/talleres-coordinadores\/\" \/>\n<meta property=\"og:locale\" content=\"en_US\" \/>\n<meta property=\"og:type\" content=\"article\" \/>\n<meta property=\"og:title\" content=\"Talleres Coordinadores Cl\u00faster 6 y Cl\u00faster 5 &quot;Clima&quot; | CPI EUROPE\" \/>\n<meta property=\"og:description\" content=\"Los d\u00edas 15 y 21 de junio, CDTI organiza dos talleres de apoyo a coordinadores de propuestas del Cl\u00faster 6\u00a0 y del Cl\u00faster 5 (Clima). Ser\u00e1n dos talleres complementarios en contenido, en los que se presentar\u00e1n cuestiones clave para preparar una propuesta exitosa. Los talleres se celebrar\u00e1n de forma virtual a trav\u00e9s de la plataforma &hellip; Talleres Coordinadores Cl\u00faster 6 y Cl\u00faster 5 \u00abClima\u00bb Read More \u00bb\" \/>\n<meta property=\"og:url\" content=\"https:\/\/cpi-europe.upv.es\/val\/eventos\/talleres-coordinadores\/\" \/>\n<meta property=\"og:site_name\" content=\"CPI EUROPE\" \/>\n<meta property=\"article:publisher\" content=\"https:\/\/www.facebook.com\/UPV\" \/>\n<meta property=\"article:modified_time\" content=\"2021-06-08T12:03:03+00:00\" \/>\n<meta property=\"og:image\" content=\"https:\/\/cpi-europe.upv.es\/wp-content\/uploads\/2021\/03\/imagen-CDTI-web2.png\" \/>\n\t<meta property=\"og:image:width\" content=\"549\" \/>\n\t<meta property=\"og:image:height\" content=\"413\" \/>\n\t<meta property=\"og:image:type\" content=\"image\/png\" \/>\n<meta name=\"twitter:card\" content=\"summary_large_image\" \/>\n<meta name=\"twitter:site\" content=\"@UPV\" \/>\n<meta name=\"twitter:label1\" content=\"Est. reading time\" \/>\n\t<meta name=\"twitter:data1\" content=\"1 minute\" \/>\n<script type=\"application\/ld+json\" class=\"yoast-schema-graph\">{\"@context\":\"https:\/\/schema.org\",\"@graph\":[{\"@type\":\"WebPage\",\"@id\":\"https:\/\/cpi-europe.upv.es\/eventos\/talleres-coordinadores\/\",\"url\":\"https:\/\/cpi-europe.upv.es\/eventos\/talleres-coordinadores\/\",\"name\":\"Talleres Coordinadores Cl\u00faster 6 y Cl\u00faster 5 \\\"Clima\\\" | CPI EUROPE\",\"isPartOf\":{\"@id\":\"https:\/\/cpi-europe.upv.es\/#website\"},\"primaryImageOfPage\":{\"@id\":\"https:\/\/cpi-europe.upv.es\/eventos\/talleres-coordinadores\/#primaryimage\"},\"image\":{\"@id\":\"https:\/\/cpi-europe.upv.es\/eventos\/talleres-coordinadores\/#primaryimage\"},\"thumbnailUrl\":\"https:\/\/cpi-europe.upv.es\/wp-content\/uploads\/2021\/03\/imagen-CDTI-web2.png\",\"datePublished\":\"2021-06-03T08:34:40+00:00\",\"dateModified\":\"2021-06-08T12:03:03+00:00\",\"breadcrumb\":{\"@id\":\"https:\/\/cpi-europe.upv.es\/eventos\/talleres-coordinadores\/#breadcrumb\"},\"inLanguage\":\"va\",\"potentialAction\":[{\"@type\":\"ReadAction\",\"target\":[\"https:\/\/cpi-europe.upv.es\/eventos\/talleres-coordinadores\/\"]}]},{\"@type\":\"ImageObject\",\"inLanguage\":\"va\",\"@id\":\"https:\/\/cpi-europe.upv.es\/eventos\/talleres-coordinadores\/#primaryimage\",\"url\":\"https:\/\/cpi-europe.upv.es\/wp-content\/uploads\/2021\/03\/imagen-CDTI-web2.png\",\"contentUrl\":\"https:\/\/cpi-europe.upv.es\/wp-content\/uploads\/2021\/03\/imagen-CDTI-web2.png\",\"width\":549,\"height\":413},{\"@type\":\"BreadcrumbList\",\"@id\":\"https:\/\/cpi-europe.upv.es\/eventos\/talleres-coordinadores\/#breadcrumb\",\"itemListElement\":[{\"@type\":\"ListItem\",\"position\":1,\"name\":\"Portada\",\"item\":\"https:\/\/cpi-europe.upv.es\/\"},{\"@type\":\"ListItem\",\"position\":2,\"name\":\"Talleres Coordinadores Cl\u00faster 6 y Cl\u00faster 5 \u00abClima\u00bb\"}]},{\"@type\":\"WebSite\",\"@id\":\"https:\/\/cpi-europe.upv.es\/#website\",\"url\":\"https:\/\/cpi-europe.upv.es\/\",\"name\":\"CPI EUROPE\",\"description\":\"\",\"publisher\":{\"@id\":\"https:\/\/cpi-europe.upv.es\/#organization\"},\"potentialAction\":[{\"@type\":\"SearchAction\",\"target\":{\"@type\":\"EntryPoint\",\"urlTemplate\":\"https:\/\/cpi-europe.upv.es\/?s={search_term_string}\"},\"query-input\":{\"@type\":\"PropertyValueSpecification\",\"valueRequired\":true,\"valueName\":\"search_term_string\"}}],\"inLanguage\":\"va\"},{\"@type\":\"Organization\",\"@id\":\"https:\/\/cpi-europe.upv.es\/#organization\",\"name\":\"CPI Europe\",\"url\":\"https:\/\/cpi-europe.upv.es\/\",\"logo\":{\"@type\":\"ImageObject\",\"inLanguage\":\"va\",\"@id\":\"https:\/\/cpi-europe.upv.es\/#\/schema\/logo\/image\/\",\"url\":\"https:\/\/cpi-europe.upv.es\/wp-content\/uploads\/2020\/12\/logo-cpi-web-ok.png\",\"contentUrl\":\"https:\/\/cpi-europe.upv.es\/wp-content\/uploads\/2020\/12\/logo-cpi-web-ok.png\",\"width\":869,\"height\":111,\"caption\":\"CPI Europe\"},\"image\":{\"@id\":\"https:\/\/cpi-europe.upv.es\/#\/schema\/logo\/image\/\"},\"sameAs\":[\"https:\/\/www.facebook.com\/UPV\",\"https:\/\/x.com\/UPV\",\"https:\/\/www.instagram.com\/instaUPV\/\"]}]}<\/script>\n<!-- \/ Yoast SEO plugin. -->","yoast_head_json":{"title":"Talleres Coordinadores Cl\u00faster 6 y Cl\u00faster 5 \"Clima\" | CPI EUROPE","robots":{"index":"index","follow":"follow","max-snippet":"max-snippet:-1","max-image-preview":"max-image-preview:large","max-video-preview":"max-video-preview:-1"},"canonical":"https:\/\/cpi-europe.upv.es\/val\/eventos\/talleres-coordinadores\/","og_locale":"en_US","og_type":"article","og_title":"Talleres Coordinadores Cl\u00faster 6 y Cl\u00faster 5 \"Clima\" | CPI EUROPE","og_description":"Los d\u00edas 15 y 21 de junio, CDTI organiza dos talleres de apoyo a coordinadores de propuestas del Cl\u00faster 6\u00a0 y del Cl\u00faster 5 (Clima). Ser\u00e1n dos talleres complementarios en contenido, en los que se presentar\u00e1n cuestiones clave para preparar una propuesta exitosa. Los talleres se celebrar\u00e1n de forma virtual a trav\u00e9s de la plataforma &hellip; Talleres Coordinadores Cl\u00faster 6 y Cl\u00faster 5 \u00abClima\u00bb Read More \u00bb","og_url":"https:\/\/cpi-europe.upv.es\/val\/eventos\/talleres-coordinadores\/","og_site_name":"CPI EUROPE","article_publisher":"https:\/\/www.facebook.com\/UPV","article_modified_time":"2021-06-08T12:03:03+00:00","og_image":[{"width":549,"height":413,"url":"https:\/\/cpi-europe.upv.es\/wp-content\/uploads\/2021\/03\/imagen-CDTI-web2.png","type":"image\/png"}],"twitter_card":"summary_large_image","twitter_site":"@UPV","twitter_misc":{"Est. reading time":"1 minute"},"schema":{"@context":"https:\/\/schema.org","@graph":[{"@type":"WebPage","@id":"https:\/\/cpi-europe.upv.es\/eventos\/talleres-coordinadores\/","url":"https:\/\/cpi-europe.upv.es\/eventos\/talleres-coordinadores\/","name":"Talleres Coordinadores Cl\u00faster 6 y Cl\u00faster 5 \"Clima\" | CPI EUROPE","isPartOf":{"@id":"https:\/\/cpi-europe.upv.es\/#website"},"primaryImageOfPage":{"@id":"https:\/\/cpi-europe.upv.es\/eventos\/talleres-coordinadores\/#primaryimage"},"image":{"@id":"https:\/\/cpi-europe.upv.es\/eventos\/talleres-coordinadores\/#primaryimage"},"thumbnailUrl":"https:\/\/cpi-europe.upv.es\/wp-content\/uploads\/2021\/03\/imagen-CDTI-web2.png","datePublished":"2021-06-03T08:34:40+00:00","dateModified":"2021-06-08T12:03:03+00:00","breadcrumb":{"@id":"https:\/\/cpi-europe.upv.es\/eventos\/talleres-coordinadores\/#breadcrumb"},"inLanguage":"va","potentialAction":[{"@type":"ReadAction","target":["https:\/\/cpi-europe.upv.es\/eventos\/talleres-coordinadores\/"]}]},{"@type":"ImageObject","inLanguage":"va","@id":"https:\/\/cpi-europe.upv.es\/eventos\/talleres-coordinadores\/#primaryimage","url":"https:\/\/cpi-europe.upv.es\/wp-content\/uploads\/2021\/03\/imagen-CDTI-web2.png","contentUrl":"https:\/\/cpi-europe.upv.es\/wp-content\/uploads\/2021\/03\/imagen-CDTI-web2.png","width":549,"height":413},{"@type":"BreadcrumbList","@id":"https:\/\/cpi-europe.upv.es\/eventos\/talleres-coordinadores\/#breadcrumb","itemListElement":[{"@type":"ListItem","position":1,"name":"Portada","item":"https:\/\/cpi-europe.upv.es\/"},{"@type":"ListItem","position":2,"name":"Talleres Coordinadores Cl\u00faster 6 y Cl\u00faster 5 \u00abClima\u00bb"}]},{"@type":"WebSite","@id":"https:\/\/cpi-europe.upv.es\/#website","url":"https:\/\/cpi-europe.upv.es\/","name":"CPI EUROPE","description":"","publisher":{"@id":"https:\/\/cpi-europe.upv.es\/#organization"},"potentialAction":[{"@type":"SearchAction","target":{"@type":"EntryPoint","urlTemplate":"https:\/\/cpi-europe.upv.es\/?s={search_term_string}"},"query-input":{"@type":"PropertyValueSpecification","valueRequired":true,"valueName":"search_term_string"}}],"inLanguage":"va"},{"@type":"Organization","@id":"https:\/\/cpi-europe.upv.es\/#organization","name":"CPI Europe","url":"https:\/\/cpi-europe.upv.es\/","logo":{"@type":"ImageObject","inLanguage":"va","@id":"https:\/\/cpi-europe.upv.es\/#\/schema\/logo\/image\/","url":"https:\/\/cpi-europe.upv.es\/wp-content\/uploads\/2020\/12\/logo-cpi-web-ok.png","contentUrl":"https:\/\/cpi-europe.upv.es\/wp-content\/uploads\/2020\/12\/logo-cpi-web-ok.png","width":869,"height":111,"caption":"CPI Europe"},"image":{"@id":"https:\/\/cpi-europe.upv.es\/#\/schema\/logo\/image\/"},"sameAs":["https:\/\/www.facebook.com\/UPV","https:\/\/x.com\/UPV","https:\/\/www.instagram.com\/instaUPV\/"]}]}},"_links":{"self":[{"href":"https:\/\/cpi-europe.upv.es\/val\/wp-json\/wp\/v2\/mec-events\/1516","targetHints":{"allow":["GET"]}}],"collection":[{"href":"https:\/\/cpi-europe.upv.es\/val\/wp-json\/wp\/v2\/mec-events"}],"about":[{"href":"https:\/\/cpi-europe.upv.es\/val\/wp-json\/wp\/v2\/types\/mec-events"}],"author":[{"embeddable":true,"href":"https:\/\/cpi-europe.upv.es\/val\/wp-json\/wp\/v2\/users\/4"}],"replies":[{"embeddable":true,"href":"https:\/\/cpi-europe.upv.es\/val\/wp-json\/wp\/v2\/comments?post=1516"}],"wp:featuredmedia":[{"embeddable":true,"href":"https:\/\/cpi-europe.upv.es\/val\/wp-json\/wp\/v2\/media\/1360"}],"wp:attachment":[{"href":"https:\/\/cpi-europe.upv.es\/val\/wp-json\/wp\/v2\/media?parent=1516"}],"wp:term":[{"taxonomy":"post_tag","embeddable":true,"href":"https:\/\/cpi-europe.upv.es\/val\/wp-json\/wp\/v2\/tags?post=1516"},{"taxonomy":"mec_category","embeddable":true,"href":"https:\/\/cpi-europe.upv.es\/val\/wp-json\/wp\/v2\/mec_category?post=1516"}],"curies":[{"name":"wp","href":"https:\/\/api.w.org\/{rel}","templated":true}]}}

Talleres Coordinadores Clúster 6 y Clúster 5 «Clima»

<p>Los días 15 y 21 de junio, CDTI organiza dos talleres de apoyo a coordinadores de propuestas del Clúster 6  y del Clúster 5 (Clima). Serán dos talleres complementarios en contenido, en los que se presentarán cuestiones clave para preparar una propuesta exitosa.</p>
<p>Los talleres se celebrarán de forma virtual a través de la plataforma TEAMS y tendrán una duración aproximada de 3 horas y media, comenzando a las 9:30 de la mañana.<br />
Podrán participar en los talleres hasta dos personas por proyecto coordinado, siempre y cuando no se supere el aforo que permite la plataforma TEAMS.</p>
<p>El objetivo último de los talleres es facilitar toda la información disponible que permita a los coordinadores mejorar sus propuestas y apoyarles hasta el cierre de las convocatorias a comienzos de octubre.</p>
<p>Será un requisito para participar en estos talleres el presentar un borrador avanzado de la propuesta hasta el <strong>10 de junio</strong>, utilizando el formulario de la CE, “Proposal template”. Solo se confirmará la participación al taller a aquellas personas/entidades que hayan enviado la propuesta previamente.</p>
<p>Posteriormente a la celebración de los talleres, los NCPs fijarán reuniones bilaterales con los participantes para una revisión exhaustiva de la propuesta y aclarar cualquier duda que haya surgido a raíz de los talleres o durante el proceso de preparación de la propuesta.</p>
<p>Para más información, puede consultarse el siguiente <a href="https://eventos.cdti.es/ES/Cluster5-Clima_Cluster6" target="_blank" rel="noopener">enlace</a>.</p>

<p>Los días 15 y 21 de junio, CDTI organiza dos talleres de apoyo a coordinadores de propuestas del Clúster 6  y del Clúster 5 (Clima). Serán dos talleres complementarios en contenido, en los que se presentarán cuestiones clave para preparar una propuesta exitosa. Los talleres se celebrarán de forma virtual a través de la plataforma &hellip;</p>
<p class="read-more"> <a class="" href="https://cpi-europe.upv.es/val/eventos/talleres-coordinadores/"> <span class="screen-reader-text">Talleres Coordinadores Clúster 6 y Clúster 5 «Clima»</span> Read More »</a></p>

<!-- This site is optimized with the Yoast SEO plugin v27.1.1 - https://yoast.com/product/yoast-seo-wordpress/ -->
<title>Talleres Coordinadores Clúster 6 y Clúster 5 &quot;Clima&quot; | CPI EUROPE</title>
<meta name="robots" content="index, follow, max-snippet:-1, max-image-preview:large, max-video-preview:-1" />
<link rel="canonical" href="https://cpi-europe.upv.es/val/eventos/talleres-coordinadores/" />
<meta property="og:locale" content="en_US" />
<meta property="og:type" content="article" />
<meta property="og:title" content="Talleres Coordinadores Clúster 6 y Clúster 5 &quot;Clima&quot; | CPI EUROPE" />
<meta property="og:description" content="Los días 15 y 21 de junio, CDTI organiza dos talleres de apoyo a coordinadores de propuestas del Clúster 6  y del Clúster 5 (Clima). Serán dos talleres complementarios en contenido, en los que se presentarán cuestiones clave para preparar una propuesta exitosa. Los talleres se celebrarán de forma virtual a través de la plataforma &hellip; Talleres Coordinadores Clúster 6 y Clúster 5 «Clima» Read More »" />
<meta property="og:url" content="https://cpi-europe.upv.es/val/eventos/talleres-coordinadores/" />
<meta property="og:site_name" content="CPI EUROPE" />
<meta property="article:publisher" content="https://www.facebook.com/UPV" />
<meta property="article:modified_time" content="2021-06-08T12:03:03+00:00" />
<meta property="og:image" content="https://cpi-europe.upv.es/wp-content/uploads/2021/03/imagen-CDTI-web2.png" />
	<meta property="og:image:width" content="549" />
	<meta property="og:image:height" content="413" />
	<meta property="og:image:type" content="image/png" />
<meta name="twitter:card" content="summary_large_image" />
<meta name="twitter:site" content="@UPV" />
<meta name="twitter:label1" content="Est. reading time" />
	<meta name="twitter:data1" content="1 minute" />
<script type="application/ld+json" class="yoast-schema-graph">{"@context":"https://schema.org","@graph":[{"@type":"WebPage","@id":"https://cpi-europe.upv.es/eventos/talleres-coordinadores/","url":"https://cpi-europe.upv.es/eventos/talleres-coordinadores/","name":"Talleres Coordinadores Clúster 6 y Clúster 5 \"Clima\" | CPI EUROPE","isPartOf":{"@id":"https://cpi-europe.upv.es/#website"},"primaryImageOfPage":{"@id":"https://cpi-europe.upv.es/eventos/talleres-coordinadores/#primaryimage"},"image":{"@id":"https://cpi-europe.upv.es/eventos/talleres-coordinadores/#primaryimage"},"thumbnailUrl":"https://cpi-europe.upv.es/wp-content/uploads/2021/03/imagen-CDTI-web2.png","datePublished":"2021-06-03T08:34:40+00:00","dateModified":"2021-06-08T12:03:03+00:00","breadcrumb":{"@id":"https://cpi-europe.upv.es/eventos/talleres-coordinadores/#breadcrumb"},"inLanguage":"va","potentialAction":[{"@type":"ReadAction","target":["https://cpi-europe.upv.es/eventos/talleres-coordinadores/"]}]},{"@type":"ImageObject","inLanguage":"va","@id":"https://cpi-europe.upv.es/eventos/talleres-coordinadores/#primaryimage","url":"https://cpi-europe.upv.es/wp-content/uploads/2021/03/imagen-CDTI-web2.png","contentUrl":"https://cpi-europe.upv.es/wp-content/uploads/2021/03/imagen-CDTI-web2.png","width":549,"height":413},{"@type":"BreadcrumbList","@id":"https://cpi-europe.upv.es/eventos/talleres-coordinadores/#breadcrumb","itemListElement":[{"@type":"ListItem","position":1,"name":"Portada","item":"https://cpi-europe.upv.es/"},{"@type":"ListItem","position":2,"name":"Talleres Coordinadores Clúster 6 y Clúster 5 «Clima»"}]},{"@type":"WebSite","@id":"https://cpi-europe.upv.es/#website","url":"https://cpi-europe.upv.es/","name":"CPI EUROPE","description":"","publisher":{"@id":"https://cpi-europe.upv.es/#organization"},"potentialAction":[{"@type":"SearchAction","target":{"@type":"EntryPoint","urlTemplate":"https://cpi-europe.upv.es/?s={search_term_string}"},"query-input":{"@type":"PropertyValueSpecification","valueRequired":true,"valueName":"search_term_string"}}],"inLanguage":"va"},{"@type":"Organization","@id":"https://cpi-europe.upv.es/#organization","name":"CPI Europe","url":"https://cpi-europe.upv.es/","logo":{"@type":"ImageObject","inLanguage":"va","@id":"https://cpi-europe.upv.es/#/schema/logo/image/","url":"https://cpi-europe.upv.es/wp-content/uploads/2020/12/logo-cpi-web-ok.png","contentUrl":"https://cpi-europe.upv.es/wp-content/uploads/2020/12/logo-cpi-web-ok.png","width":869,"height":111,"caption":"CPI Europe"},"image":{"@id":"https://cpi-europe.upv.es/#/schema/logo/image/"},"sameAs":["https://www.facebook.com/UPV","https://x.com/UPV","https://www.instagram.com/instaUPV/"]}]}</script>
<!-- / Yoast SEO plugin. -->

Talleres Coordinadores Clúster 6 y Clúster 5 "Clima" | CPI EUROPE

Los días 15 y 21 de junio, CDTI organiza dos talleres de apoyo a coordinadores de propuestas del Clúster 6  y del Clúster 5 (Clima). Serán dos talleres complementarios en contenido, en los que se presentarán cuestiones clave para preparar una propuesta exitosa. Los talleres se celebrarán de forma virtual a través de la plataforma &hellip; Talleres Coordinadores Clúster 6 y Clúster 5 «Clima» Read More »
