{"version":"1.0","provider_name":"CPI EUROPE","provider_url":"https:\/\/cpi-europe.upv.es\/val","author_name":"Jessica Castillo","author_url":"https:\/\/cpi-europe.upv.es\/val\/author\/jecasrod\/","title":"Jornada Informativa CDTI - Convocatorias PRIMA 2021 | CPI EUROPE","type":"rich","width":600,"height":338,"html":"<blockquote class=\"wp-embedded-content\" data-secret=\"GQEVG6PG03\"><a href=\"https:\/\/cpi-europe.upv.es\/val\/eventos\/infoday-prima-convocatorias-2021-2\/\">Jornada Informativa CDTI &#8211; Convocatorias PRIMA 2021<\/a><\/blockquote><iframe sandbox=\"allow-scripts\" security=\"restricted\" src=\"https:\/\/cpi-europe.upv.es\/val\/eventos\/infoday-prima-convocatorias-2021-2\/embed\/#?secret=GQEVG6PG03\" width=\"600\" height=\"338\" title=\"&#8220;Jornada Informativa CDTI &#8211; Convocatorias PRIMA 2021&#8221; &#8212; CPI EUROPE\" data-secret=\"GQEVG6PG03\" frameborder=\"0\" marginwidth=\"0\" marginheight=\"0\" scrolling=\"no\" class=\"wp-embedded-content\"><\/iframe><script>\n\/*! This file is auto-generated *\/\n!function(d,l){\"use strict\";l.querySelector&&d.addEventListener&&\"undefined\"!=typeof URL&&(d.wp=d.wp||{},d.wp.receiveEmbedMessage||(d.wp.receiveEmbedMessage=function(e){var t=e.data;if((t||t.secret||t.message||t.value)&&!\/[^a-zA-Z0-9]\/.test(t.secret)){for(var s,r,n,a=l.querySelectorAll('iframe[data-secret=\"'+t.secret+'\"]'),o=l.querySelectorAll('blockquote[data-secret=\"'+t.secret+'\"]'),c=new RegExp(\"^https?:$\",\"i\"),i=0;i<o.length;i++)o[i].style.display=\"none\";for(i=0;i<a.length;i++)s=a[i],e.source===s.contentWindow&&(s.removeAttribute(\"style\"),\"height\"===t.message?(1e3<(r=parseInt(t.value,10))?r=1e3:~~r<200&&(r=200),s.height=r):\"link\"===t.message&&(r=new URL(s.getAttribute(\"src\")),n=new URL(t.value),c.test(n.protocol))&&n.host===r.host&&l.activeElement===s&&(d.top.location.href=t.value))}},d.addEventListener(\"message\",d.wp.receiveEmbedMessage,!1),l.addEventListener(\"DOMContentLoaded\",function(){for(var e,t,s=l.querySelectorAll(\"iframe.wp-embedded-content\"),r=0;r<s.length;r++)(t=(e=s[r]).getAttribute(\"data-secret\"))||(t=Math.random().toString(36).substring(2,12),e.src+=\"#?secret=\"+t,e.setAttribute(\"data-secret\",t)),e.contentWindow.postMessage({message:\"ready\",secret:t},\"*\")},!1)))}(window,document);\n\/\/# sourceURL=https:\/\/cpi-europe.upv.es\/wp-includes\/js\/wp-embed.min.js\n<\/script>","thumbnail_url":"https:\/\/cpi-europe.upv.es\/wp-content\/uploads\/2021\/02\/prima.jpg","thumbnail_width":256,"thumbnail_height":86,"description":"El viernes 5 de marzo CDTI organiza una jornada virtual informativa para la presentaci\u00f3n de las convocatorias del programa PRIMA y su Plan de Trabajo Anual 2021 (AWP2021). En la jornada participar\u00e1 el Director de la Fundaci\u00f3n PRIMA D. Octavi Quintana, que informar\u00e1 sobre el contenido de las convocatorias. Tambi\u00e9n participar\u00e1n representantes de las dos &hellip;  Read More \u00bb"}

El viernes 5 de marzo CDTI organiza una jornada virtual informativa para la presentación de las convocatorias del programa PRIMA y su Plan de Trabajo Anual 2021 (AWP2021). En la jornada participará el Director de la Fundación PRIMA D. Octavi Quintana, que informará sobre el contenido de las convocatorias. También participarán representantes de las dos &hellip;  Read More »
