{"version":"1.0","provider_name":"CPI EUROPE","provider_url":"https:\/\/cpi-europe.upv.es\/val","author_name":"Jessica Castillo","author_url":"https:\/\/cpi-europe.upv.es\/val\/author\/jecasrod\/","title":"Info Day Regional UE Salud | CPI EUROPE","type":"rich","width":600,"height":338,"html":"<blockquote class=\"wp-embedded-content\" data-secret=\"4YfJrZxYr6\"><a href=\"https:\/\/cpi-europe.upv.es\/val\/eventos\/info-day-gva-salud-2025\/\">Info Day Regional UE Salud<\/a><\/blockquote><iframe sandbox=\"allow-scripts\" security=\"restricted\" src=\"https:\/\/cpi-europe.upv.es\/val\/eventos\/info-day-gva-salud-2025\/embed\/#?secret=4YfJrZxYr6\" width=\"600\" height=\"338\" title=\"&#8220;Info Day Regional UE Salud&#8221; &#8212; CPI EUROPE\" data-secret=\"4YfJrZxYr6\" frameborder=\"0\" marginwidth=\"0\" marginheight=\"0\" scrolling=\"no\" class=\"wp-embedded-content\"><\/iframe><script>\n\/*! This file is auto-generated *\/\n!function(d,l){\"use strict\";l.querySelector&&d.addEventListener&&\"undefined\"!=typeof URL&&(d.wp=d.wp||{},d.wp.receiveEmbedMessage||(d.wp.receiveEmbedMessage=function(e){var t=e.data;if((t||t.secret||t.message||t.value)&&!\/[^a-zA-Z0-9]\/.test(t.secret)){for(var s,r,n,a=l.querySelectorAll('iframe[data-secret=\"'+t.secret+'\"]'),o=l.querySelectorAll('blockquote[data-secret=\"'+t.secret+'\"]'),c=new RegExp(\"^https?:$\",\"i\"),i=0;i<o.length;i++)o[i].style.display=\"none\";for(i=0;i<a.length;i++)s=a[i],e.source===s.contentWindow&&(s.removeAttribute(\"style\"),\"height\"===t.message?(1e3<(r=parseInt(t.value,10))?r=1e3:~~r<200&&(r=200),s.height=r):\"link\"===t.message&&(r=new URL(s.getAttribute(\"src\")),n=new URL(t.value),c.test(n.protocol))&&n.host===r.host&&l.activeElement===s&&(d.top.location.href=t.value))}},d.addEventListener(\"message\",d.wp.receiveEmbedMessage,!1),l.addEventListener(\"DOMContentLoaded\",function(){for(var e,t,s=l.querySelectorAll(\"iframe.wp-embedded-content\"),r=0;r<s.length;r++)(t=(e=s[r]).getAttribute(\"data-secret\"))||(t=Math.random().toString(36).substring(2,12),e.src+=\"#?secret=\"+t,e.setAttribute(\"data-secret\",t)),e.contentWindow.postMessage({message:\"ready\",secret:t},\"*\")},!1)))}(window,document);\n\/\/# sourceURL=https:\/\/cpi-europe.upv.es\/wp-includes\/js\/wp-embed.min.js\n<\/script>","thumbnail_url":"https:\/\/cpi-europe.upv.es\/wp-content\/uploads\/2025\/12\/logotipo-infoday-300x123-1.png","thumbnail_width":300,"thumbnail_height":123,"description":"El 16 de diciembre la Conselleria de Sanidad de la GVA organiza la jornada \u00abClaves y oportunidades de financiaci\u00f3n europea de I+I en salud\u00bb donde se tratar\u00e1n los Programas Horizonte Europa, EU4Health y la iniciativa europea IHI. La jornada est\u00e1 dirigida a instituciones sanitarias, grupos de investigaci\u00f3n, universidades, institutos tecnol\u00f3gicos, empresas del sector salud, gestores &hellip;  Read More \u00bb"}

El 16 de diciembre la Conselleria de Sanidad de la GVA organiza la jornada «Claves y oportunidades de financiación europea de I+I en salud» donde se tratarán los Programas Horizonte Europa, EU4Health y la iniciativa europea IHI. La jornada está dirigida a instituciones sanitarias, grupos de investigación, universidades, institutos tecnológicos, empresas del sector salud, gestores &hellip;  Read More »
