{"id":4366,"date":"2026-01-12T10:55:19","date_gmt":"2026-01-12T09:55:19","guid":{"rendered":"https:\/\/cpi-europe.upv.es\/?post_type=mec-events&#038;p=4366"},"modified":"2026-02-16T12:13:54","modified_gmt":"2026-02-16T11:13:54","slug":"info-day-neb-2026","status":"publish","type":"mec-events","link":"https:\/\/cpi-europe.upv.es\/en\/eventos\/info-day-neb-2026\/","title":{"rendered":"Info Day Europeo New European Bauhaus 2026"},"content":{"rendered":"<p>La Comisi\u00f3n Europea organiza el <strong>24 de febrero<\/strong> a las 13:00 una jornada informativa sobre las convocatorias 2026 de la <strong>New European Bauhaus<\/strong>.<\/p>\n<p>La sesi\u00f3n se emitir\u00e1 en <strong>streaming<\/strong> y no requiere registro.<\/p>\n<p>M\u00e1s informaci\u00f3n en este <a href=\"https:\/\/ec.europa.eu\/newsroom\/neb\/items\/916634\/en\" target=\"_blank\" rel=\"noopener\">enlace<\/a>.<\/p>\n<p>&nbsp;<\/p>\n<p>&nbsp;<\/p>","protected":false},"excerpt":{"rendered":"<p>La Comisi\u00f3n Europea organiza el 24 de febrero a las 13:00 una jornada informativa sobre las convocatorias 2026 de la New European Bauhaus. La sesi\u00f3n se emitir\u00e1 en streaming y no requiere registro. M\u00e1s informaci\u00f3n en este enlace. &nbsp; &nbsp;<\/p>","protected":false},"author":4,"featured_media":4101,"comment_status":"closed","ping_status":"closed","template":"","tags":[30,458],"mec_category":[15],"class_list":["post-4366","mec-events","type-mec-events","status-publish","has-post-thumbnail","hentry","tag-horizon-europe","tag-new-european-bauhaus","mec_category-externos"],"yoast_head":"<!-- This site is optimized with the Yoast SEO plugin v27.1.1 - https:\/\/yoast.com\/product\/yoast-seo-wordpress\/ -->\n<title>Info Day Europeo New European Bauhaus 2026 | CPI EUROPE<\/title>\n<meta name=\"robots\" content=\"index, follow, max-snippet:-1, max-image-preview:large, max-video-preview:-1\" \/>\n<link rel=\"canonical\" href=\"https:\/\/cpi-europe.upv.es\/en\/eventos\/info-day-neb-2026\/\" \/>\n<meta property=\"og:locale\" content=\"en_GB\" \/>\n<meta property=\"og:type\" content=\"article\" \/>\n<meta property=\"og:title\" content=\"Info Day Europeo New European Bauhaus 2026 | CPI EUROPE\" \/>\n<meta property=\"og:description\" content=\"La Comisi\u00f3n Europea organiza el 24 de febrero a las 13:00 una jornada informativa sobre las convocatorias 2026 de la New European Bauhaus. La sesi\u00f3n se emitir\u00e1 en streaming y no requiere registro. M\u00e1s informaci\u00f3n en este enlace. &nbsp; &nbsp;\" \/>\n<meta property=\"og:url\" content=\"https:\/\/cpi-europe.upv.es\/en\/eventos\/info-day-neb-2026\/\" \/>\n<meta property=\"og:site_name\" content=\"CPI EUROPE\" \/>\n<meta property=\"article:publisher\" content=\"https:\/\/www.facebook.com\/UPV\" \/>\n<meta property=\"article:modified_time\" content=\"2026-02-16T11:13:54+00:00\" \/>\n<meta property=\"og:image\" content=\"https:\/\/cpi-europe.upv.es\/wp-content\/uploads\/2025\/05\/NEB-logo.png\" \/>\n\t<meta property=\"og:image:width\" content=\"2630\" \/>\n\t<meta property=\"og:image:height\" content=\"834\" \/>\n\t<meta property=\"og:image:type\" content=\"image\/png\" \/>\n<meta name=\"twitter:card\" content=\"summary_large_image\" \/>\n<meta name=\"twitter:site\" content=\"@UPV\" \/>\n<meta name=\"twitter:label1\" content=\"Estimated reading time\" \/>\n\t<meta name=\"twitter:data1\" content=\"1 minute\" \/>\n<script type=\"application\/ld+json\" class=\"yoast-schema-graph\">{\"@context\":\"https:\/\/schema.org\",\"@graph\":[{\"@type\":\"WebPage\",\"@id\":\"https:\/\/cpi-europe.upv.es\/eventos\/info-day-neb-2026\/\",\"url\":\"https:\/\/cpi-europe.upv.es\/eventos\/info-day-neb-2026\/\",\"name\":\"Info Day Europeo New European Bauhaus 2026 | CPI EUROPE\",\"isPartOf\":{\"@id\":\"https:\/\/cpi-europe.upv.es\/#website\"},\"primaryImageOfPage\":{\"@id\":\"https:\/\/cpi-europe.upv.es\/eventos\/info-day-neb-2026\/#primaryimage\"},\"image\":{\"@id\":\"https:\/\/cpi-europe.upv.es\/eventos\/info-day-neb-2026\/#primaryimage\"},\"thumbnailUrl\":\"https:\/\/cpi-europe.upv.es\/wp-content\/uploads\/2025\/05\/NEB-logo.png\",\"datePublished\":\"2026-01-12T09:55:19+00:00\",\"dateModified\":\"2026-02-16T11:13:54+00:00\",\"breadcrumb\":{\"@id\":\"https:\/\/cpi-europe.upv.es\/eventos\/info-day-neb-2026\/#breadcrumb\"},\"inLanguage\":\"en-GB\",\"potentialAction\":[{\"@type\":\"ReadAction\",\"target\":[\"https:\/\/cpi-europe.upv.es\/eventos\/info-day-neb-2026\/\"]}]},{\"@type\":\"ImageObject\",\"inLanguage\":\"en-GB\",\"@id\":\"https:\/\/cpi-europe.upv.es\/eventos\/info-day-neb-2026\/#primaryimage\",\"url\":\"https:\/\/cpi-europe.upv.es\/wp-content\/uploads\/2025\/05\/NEB-logo.png\",\"contentUrl\":\"https:\/\/cpi-europe.upv.es\/wp-content\/uploads\/2025\/05\/NEB-logo.png\",\"width\":2630,\"height\":834},{\"@type\":\"BreadcrumbList\",\"@id\":\"https:\/\/cpi-europe.upv.es\/eventos\/info-day-neb-2026\/#breadcrumb\",\"itemListElement\":[{\"@type\":\"ListItem\",\"position\":1,\"name\":\"Portada\",\"item\":\"https:\/\/cpi-europe.upv.es\/\"},{\"@type\":\"ListItem\",\"position\":2,\"name\":\"Info Day Europeo New European Bauhaus 2026\"}]},{\"@type\":\"WebSite\",\"@id\":\"https:\/\/cpi-europe.upv.es\/#website\",\"url\":\"https:\/\/cpi-europe.upv.es\/\",\"name\":\"CPI EUROPE\",\"description\":\"\",\"publisher\":{\"@id\":\"https:\/\/cpi-europe.upv.es\/#organization\"},\"potentialAction\":[{\"@type\":\"SearchAction\",\"target\":{\"@type\":\"EntryPoint\",\"urlTemplate\":\"https:\/\/cpi-europe.upv.es\/?s={search_term_string}\"},\"query-input\":{\"@type\":\"PropertyValueSpecification\",\"valueRequired\":true,\"valueName\":\"search_term_string\"}}],\"inLanguage\":\"en-GB\"},{\"@type\":\"Organization\",\"@id\":\"https:\/\/cpi-europe.upv.es\/#organization\",\"name\":\"CPI Europe\",\"url\":\"https:\/\/cpi-europe.upv.es\/\",\"logo\":{\"@type\":\"ImageObject\",\"inLanguage\":\"en-GB\",\"@id\":\"https:\/\/cpi-europe.upv.es\/#\/schema\/logo\/image\/\",\"url\":\"https:\/\/cpi-europe.upv.es\/wp-content\/uploads\/2020\/12\/logo-cpi-web-ok.png\",\"contentUrl\":\"https:\/\/cpi-europe.upv.es\/wp-content\/uploads\/2020\/12\/logo-cpi-web-ok.png\",\"width\":869,\"height\":111,\"caption\":\"CPI Europe\"},\"image\":{\"@id\":\"https:\/\/cpi-europe.upv.es\/#\/schema\/logo\/image\/\"},\"sameAs\":[\"https:\/\/www.facebook.com\/UPV\",\"https:\/\/x.com\/UPV\",\"https:\/\/www.instagram.com\/instaUPV\/\"]}]}<\/script>\n<!-- \/ Yoast SEO plugin. -->","yoast_head_json":{"title":"Info Day Europeo New European Bauhaus 2026 | CPI EUROPE","robots":{"index":"index","follow":"follow","max-snippet":"max-snippet:-1","max-image-preview":"max-image-preview:large","max-video-preview":"max-video-preview:-1"},"canonical":"https:\/\/cpi-europe.upv.es\/en\/eventos\/info-day-neb-2026\/","og_locale":"en_GB","og_type":"article","og_title":"Info Day Europeo New European Bauhaus 2026 | CPI EUROPE","og_description":"La Comisi\u00f3n Europea organiza el 24 de febrero a las 13:00 una jornada informativa sobre las convocatorias 2026 de la New European Bauhaus. La sesi\u00f3n se emitir\u00e1 en streaming y no requiere registro. M\u00e1s informaci\u00f3n en este enlace. &nbsp; &nbsp;","og_url":"https:\/\/cpi-europe.upv.es\/en\/eventos\/info-day-neb-2026\/","og_site_name":"CPI EUROPE","article_publisher":"https:\/\/www.facebook.com\/UPV","article_modified_time":"2026-02-16T11:13:54+00:00","og_image":[{"width":2630,"height":834,"url":"https:\/\/cpi-europe.upv.es\/wp-content\/uploads\/2025\/05\/NEB-logo.png","type":"image\/png"}],"twitter_card":"summary_large_image","twitter_site":"@UPV","twitter_misc":{"Estimated reading time":"1 minute"},"schema":{"@context":"https:\/\/schema.org","@graph":[{"@type":"WebPage","@id":"https:\/\/cpi-europe.upv.es\/eventos\/info-day-neb-2026\/","url":"https:\/\/cpi-europe.upv.es\/eventos\/info-day-neb-2026\/","name":"Info Day Europeo New European Bauhaus 2026 | CPI EUROPE","isPartOf":{"@id":"https:\/\/cpi-europe.upv.es\/#website"},"primaryImageOfPage":{"@id":"https:\/\/cpi-europe.upv.es\/eventos\/info-day-neb-2026\/#primaryimage"},"image":{"@id":"https:\/\/cpi-europe.upv.es\/eventos\/info-day-neb-2026\/#primaryimage"},"thumbnailUrl":"https:\/\/cpi-europe.upv.es\/wp-content\/uploads\/2025\/05\/NEB-logo.png","datePublished":"2026-01-12T09:55:19+00:00","dateModified":"2026-02-16T11:13:54+00:00","breadcrumb":{"@id":"https:\/\/cpi-europe.upv.es\/eventos\/info-day-neb-2026\/#breadcrumb"},"inLanguage":"en-GB","potentialAction":[{"@type":"ReadAction","target":["https:\/\/cpi-europe.upv.es\/eventos\/info-day-neb-2026\/"]}]},{"@type":"ImageObject","inLanguage":"en-GB","@id":"https:\/\/cpi-europe.upv.es\/eventos\/info-day-neb-2026\/#primaryimage","url":"https:\/\/cpi-europe.upv.es\/wp-content\/uploads\/2025\/05\/NEB-logo.png","contentUrl":"https:\/\/cpi-europe.upv.es\/wp-content\/uploads\/2025\/05\/NEB-logo.png","width":2630,"height":834},{"@type":"BreadcrumbList","@id":"https:\/\/cpi-europe.upv.es\/eventos\/info-day-neb-2026\/#breadcrumb","itemListElement":[{"@type":"ListItem","position":1,"name":"Portada","item":"https:\/\/cpi-europe.upv.es\/"},{"@type":"ListItem","position":2,"name":"Info Day Europeo New European Bauhaus 2026"}]},{"@type":"WebSite","@id":"https:\/\/cpi-europe.upv.es\/#website","url":"https:\/\/cpi-europe.upv.es\/","name":"CPI EUROPE","description":"","publisher":{"@id":"https:\/\/cpi-europe.upv.es\/#organization"},"potentialAction":[{"@type":"SearchAction","target":{"@type":"EntryPoint","urlTemplate":"https:\/\/cpi-europe.upv.es\/?s={search_term_string}"},"query-input":{"@type":"PropertyValueSpecification","valueRequired":true,"valueName":"search_term_string"}}],"inLanguage":"en-GB"},{"@type":"Organization","@id":"https:\/\/cpi-europe.upv.es\/#organization","name":"CPI Europe","url":"https:\/\/cpi-europe.upv.es\/","logo":{"@type":"ImageObject","inLanguage":"en-GB","@id":"https:\/\/cpi-europe.upv.es\/#\/schema\/logo\/image\/","url":"https:\/\/cpi-europe.upv.es\/wp-content\/uploads\/2020\/12\/logo-cpi-web-ok.png","contentUrl":"https:\/\/cpi-europe.upv.es\/wp-content\/uploads\/2020\/12\/logo-cpi-web-ok.png","width":869,"height":111,"caption":"CPI Europe"},"image":{"@id":"https:\/\/cpi-europe.upv.es\/#\/schema\/logo\/image\/"},"sameAs":["https:\/\/www.facebook.com\/UPV","https:\/\/x.com\/UPV","https:\/\/www.instagram.com\/instaUPV\/"]}]}},"_links":{"self":[{"href":"https:\/\/cpi-europe.upv.es\/en\/wp-json\/wp\/v2\/mec-events\/4366","targetHints":{"allow":["GET"]}}],"collection":[{"href":"https:\/\/cpi-europe.upv.es\/en\/wp-json\/wp\/v2\/mec-events"}],"about":[{"href":"https:\/\/cpi-europe.upv.es\/en\/wp-json\/wp\/v2\/types\/mec-events"}],"author":[{"embeddable":true,"href":"https:\/\/cpi-europe.upv.es\/en\/wp-json\/wp\/v2\/users\/4"}],"replies":[{"embeddable":true,"href":"https:\/\/cpi-europe.upv.es\/en\/wp-json\/wp\/v2\/comments?post=4366"}],"wp:featuredmedia":[{"embeddable":true,"href":"https:\/\/cpi-europe.upv.es\/en\/wp-json\/wp\/v2\/media\/4101"}],"wp:attachment":[{"href":"https:\/\/cpi-europe.upv.es\/en\/wp-json\/wp\/v2\/media?parent=4366"}],"wp:term":[{"taxonomy":"post_tag","embeddable":true,"href":"https:\/\/cpi-europe.upv.es\/en\/wp-json\/wp\/v2\/tags?post=4366"},{"taxonomy":"mec_category","embeddable":true,"href":"https:\/\/cpi-europe.upv.es\/en\/wp-json\/wp\/v2\/mec_category?post=4366"}],"curies":[{"name":"wp","href":"https:\/\/api.w.org\/{rel}","templated":true}]}}

<p>La Comisión Europea organiza el <strong>24 de febrero</strong> a las 13:00 una jornada informativa sobre las convocatorias 2026 de la <strong>New European Bauhaus</strong>.</p>
<p>La sesión se emitirá en <strong>streaming</strong> y no requiere registro.</p>
<p>Más información en este <a href="https://ec.europa.eu/newsroom/neb/items/916634/en" target="_blank" rel="noopener">enlace</a>.</p>
<p>&nbsp;</p>
<p>&nbsp;</p>

<p>La Comisión Europea organiza el 24 de febrero a las 13:00 una jornada informativa sobre las convocatorias 2026 de la New European Bauhaus. La sesión se emitirá en streaming y no requiere registro. Más información en este enlace. &nbsp; &nbsp;</p>

<!-- This site is optimized with the Yoast SEO plugin v27.1.1 - https://yoast.com/product/yoast-seo-wordpress/ -->
<title>Info Day Europeo New European Bauhaus 2026 | CPI EUROPE</title>
<meta name="robots" content="index, follow, max-snippet:-1, max-image-preview:large, max-video-preview:-1" />
<link rel="canonical" href="https://cpi-europe.upv.es/en/eventos/info-day-neb-2026/" />
<meta property="og:locale" content="en_GB" />
<meta property="og:type" content="article" />
<meta property="og:title" content="Info Day Europeo New European Bauhaus 2026 | CPI EUROPE" />
<meta property="og:description" content="La Comisión Europea organiza el 24 de febrero a las 13:00 una jornada informativa sobre las convocatorias 2026 de la New European Bauhaus. La sesión se emitirá en streaming y no requiere registro. Más información en este enlace. &nbsp; &nbsp;" />
<meta property="og:url" content="https://cpi-europe.upv.es/en/eventos/info-day-neb-2026/" />
<meta property="og:site_name" content="CPI EUROPE" />
<meta property="article:publisher" content="https://www.facebook.com/UPV" />
<meta property="article:modified_time" content="2026-02-16T11:13:54+00:00" />
<meta property="og:image" content="https://cpi-europe.upv.es/wp-content/uploads/2025/05/NEB-logo.png" />
	<meta property="og:image:width" content="2630" />
	<meta property="og:image:height" content="834" />
	<meta property="og:image:type" content="image/png" />
<meta name="twitter:card" content="summary_large_image" />
<meta name="twitter:site" content="@UPV" />
<meta name="twitter:label1" content="Estimated reading time" />
	<meta name="twitter:data1" content="1 minute" />
<script type="application/ld+json" class="yoast-schema-graph">{"@context":"https://schema.org","@graph":[{"@type":"WebPage","@id":"https://cpi-europe.upv.es/eventos/info-day-neb-2026/","url":"https://cpi-europe.upv.es/eventos/info-day-neb-2026/","name":"Info Day Europeo New European Bauhaus 2026 | CPI EUROPE","isPartOf":{"@id":"https://cpi-europe.upv.es/#website"},"primaryImageOfPage":{"@id":"https://cpi-europe.upv.es/eventos/info-day-neb-2026/#primaryimage"},"image":{"@id":"https://cpi-europe.upv.es/eventos/info-day-neb-2026/#primaryimage"},"thumbnailUrl":"https://cpi-europe.upv.es/wp-content/uploads/2025/05/NEB-logo.png","datePublished":"2026-01-12T09:55:19+00:00","dateModified":"2026-02-16T11:13:54+00:00","breadcrumb":{"@id":"https://cpi-europe.upv.es/eventos/info-day-neb-2026/#breadcrumb"},"inLanguage":"en-GB","potentialAction":[{"@type":"ReadAction","target":["https://cpi-europe.upv.es/eventos/info-day-neb-2026/"]}]},{"@type":"ImageObject","inLanguage":"en-GB","@id":"https://cpi-europe.upv.es/eventos/info-day-neb-2026/#primaryimage","url":"https://cpi-europe.upv.es/wp-content/uploads/2025/05/NEB-logo.png","contentUrl":"https://cpi-europe.upv.es/wp-content/uploads/2025/05/NEB-logo.png","width":2630,"height":834},{"@type":"BreadcrumbList","@id":"https://cpi-europe.upv.es/eventos/info-day-neb-2026/#breadcrumb","itemListElement":[{"@type":"ListItem","position":1,"name":"Portada","item":"https://cpi-europe.upv.es/"},{"@type":"ListItem","position":2,"name":"Info Day Europeo New European Bauhaus 2026"}]},{"@type":"WebSite","@id":"https://cpi-europe.upv.es/#website","url":"https://cpi-europe.upv.es/","name":"CPI EUROPE","description":"","publisher":{"@id":"https://cpi-europe.upv.es/#organization"},"potentialAction":[{"@type":"SearchAction","target":{"@type":"EntryPoint","urlTemplate":"https://cpi-europe.upv.es/?s={search_term_string}"},"query-input":{"@type":"PropertyValueSpecification","valueRequired":true,"valueName":"search_term_string"}}],"inLanguage":"en-GB"},{"@type":"Organization","@id":"https://cpi-europe.upv.es/#organization","name":"CPI Europe","url":"https://cpi-europe.upv.es/","logo":{"@type":"ImageObject","inLanguage":"en-GB","@id":"https://cpi-europe.upv.es/#/schema/logo/image/","url":"https://cpi-europe.upv.es/wp-content/uploads/2020/12/logo-cpi-web-ok.png","contentUrl":"https://cpi-europe.upv.es/wp-content/uploads/2020/12/logo-cpi-web-ok.png","width":869,"height":111,"caption":"CPI Europe"},"image":{"@id":"https://cpi-europe.upv.es/#/schema/logo/image/"},"sameAs":["https://www.facebook.com/UPV","https://x.com/UPV","https://www.instagram.com/instaUPV/"]}]}</script>
<!-- / Yoast SEO plugin. -->

La Comisión Europea organiza el 24 de febrero a las 13:00 una jornada informativa sobre las convocatorias 2026 de la New European Bauhaus. La sesión se emitirá en streaming y no requiere registro. Más información en este enlace. &nbsp; &nbsp;
