{"id":3993,"date":"2025-02-27T11:12:49","date_gmt":"2025-02-27T10:12:49","guid":{"rendered":"https:\/\/cpi-europe.upv.es\/eventos\/webinars-sost-2025-copy\/"},"modified":"2025-02-27T11:35:18","modified_gmt":"2025-02-27T10:35:18","slug":"webinar-cl5-ciudades-2025","status":"publish","type":"mec-events","link":"https:\/\/cpi-europe.upv.es\/en\/eventos\/webinar-cl5-ciudades-2025\/","title":{"rendered":"Webinar CDTI Cl\u00faster 5 Energ\u00eda y de la Misi\u00f3n de Ciudades"},"content":{"rendered":"<p>El pr\u00f3ximo <strong>12 de marzo<\/strong>, CDTI organiza un evento online dirigido a preparar a las entidades espa\u00f1olas para las convocatorias de proyectos de I+D del <strong>pr\u00f3ximo Programa de Trabajo 2025 del Cl\u00faster 5 Energ\u00eda y de la Misi\u00f3n de Ciudades<\/strong> de Horizonte Europa, cuya publicaci\u00f3n oficial se espera para finales de abril 2025.<\/p>\n<p>Se informar\u00e1 de los retos del Programa de Trabajo 2025, estructura y \u00e1reas de actuaci\u00f3n as\u00ed como aspectos generales a tener en cuenta.<\/p>\n<p>Adem\u00e1s, CDTI dar\u00e1 informaci\u00f3n preliminar del <strong>nuevo piloto de \u201cSocietal Readiness\u201d y de la condici\u00f3n de elegibilidad introducida en varios topics sobre \u201cRestrictions for the protection of European communication networks\u201d<\/strong>. A este evento le seguir\u00e1 el \u201cInfoday de convocatorias Energ\u00eda 2025\u201d organizado por CDTI, previsto para finales de abril.<\/p>\n<p>El enlace de conexi\u00f3n se enviar\u00e1 el d\u00eda anterior al evento.<\/p>\n<p>M\u00e1s <strong>informaci\u00f3n y registro<\/strong> en la web del <a href=\"https:\/\/eventos.cdti.es\/agenda\/20250312_webinar_CL5_Energia\" target=\"_blank\" rel=\"noopener\">evento<\/a>.<\/p>","protected":false},"excerpt":{"rendered":"<p>El pr\u00f3ximo 12 de marzo, CDTI organiza un evento online dirigido a preparar a las entidades espa\u00f1olas para las convocatorias de proyectos de I+D del pr\u00f3ximo Programa de Trabajo 2025 del Cl\u00faster 5 Energ\u00eda y de la Misi\u00f3n de Ciudades de Horizonte Europa, cuya publicaci\u00f3n oficial se espera para finales de abril 2025. Se informar\u00e1 &hellip;<\/p>\n<p class=\"read-more\"> <a class=\"\" href=\"https:\/\/cpi-europe.upv.es\/en\/eventos\/webinar-cl5-ciudades-2025\/\"> <span class=\"screen-reader-text\">Webinar CDTI Cl\u00faster 5 Energ\u00eda y de la Misi\u00f3n de Ciudades<\/span> Read More \u00bb<\/a><\/p>","protected":false},"author":4,"featured_media":1738,"comment_status":"closed","ping_status":"closed","template":"","tags":[102,72],"mec_category":[15],"class_list":["post-3993","mec-events","type-mec-events","status-publish","has-post-thumbnail","hentry","tag-ciudades","tag-cluster-5","mec_category-externos"],"yoast_head":"<!-- This site is optimized with the Yoast SEO plugin v27.1.1 - https:\/\/yoast.com\/product\/yoast-seo-wordpress\/ -->\n<title>Webinar CDTI Cl\u00faster 5 Energ\u00eda y de la Misi\u00f3n de Ciudades | CPI EUROPE<\/title>\n<meta name=\"robots\" content=\"index, follow, max-snippet:-1, max-image-preview:large, max-video-preview:-1\" \/>\n<link rel=\"canonical\" href=\"https:\/\/cpi-europe.upv.es\/en\/eventos\/webinar-cl5-ciudades-2025\/\" \/>\n<meta property=\"og:locale\" content=\"en_GB\" \/>\n<meta property=\"og:type\" content=\"article\" \/>\n<meta property=\"og:title\" content=\"Webinar CDTI Cl\u00faster 5 Energ\u00eda y de la Misi\u00f3n de Ciudades | CPI EUROPE\" \/>\n<meta property=\"og:description\" content=\"El pr\u00f3ximo 12 de marzo, CDTI organiza un evento online dirigido a preparar a las entidades espa\u00f1olas para las convocatorias de proyectos de I+D del pr\u00f3ximo Programa de Trabajo 2025 del Cl\u00faster 5 Energ\u00eda y de la Misi\u00f3n de Ciudades de Horizonte Europa, cuya publicaci\u00f3n oficial se espera para finales de abril 2025. Se informar\u00e1 &hellip; Webinar CDTI Cl\u00faster 5 Energ\u00eda y de la Misi\u00f3n de Ciudades Read More \u00bb\" \/>\n<meta property=\"og:url\" content=\"https:\/\/cpi-europe.upv.es\/en\/eventos\/webinar-cl5-ciudades-2025\/\" \/>\n<meta property=\"og:site_name\" content=\"CPI EUROPE\" \/>\n<meta property=\"article:publisher\" content=\"https:\/\/www.facebook.com\/UPV\" \/>\n<meta property=\"article:modified_time\" content=\"2025-02-27T10:35:18+00:00\" \/>\n<meta property=\"og:image\" content=\"https:\/\/cpi-europe.upv.es\/wp-content\/uploads\/2021\/10\/he.jpg\" \/>\n\t<meta property=\"og:image:width\" content=\"480\" \/>\n\t<meta property=\"og:image:height\" content=\"480\" \/>\n\t<meta property=\"og:image:type\" content=\"image\/jpeg\" \/>\n<meta name=\"twitter:card\" content=\"summary_large_image\" \/>\n<meta name=\"twitter:site\" content=\"@UPV\" \/>\n<meta name=\"twitter:label1\" content=\"Estimated reading time\" \/>\n\t<meta name=\"twitter:data1\" content=\"1 minute\" \/>\n<script type=\"application\/ld+json\" class=\"yoast-schema-graph\">{\"@context\":\"https:\/\/schema.org\",\"@graph\":[{\"@type\":\"WebPage\",\"@id\":\"https:\/\/cpi-europe.upv.es\/eventos\/webinar-cl5-ciudades-2025\/\",\"url\":\"https:\/\/cpi-europe.upv.es\/eventos\/webinar-cl5-ciudades-2025\/\",\"name\":\"Webinar CDTI Cl\u00faster 5 Energ\u00eda y de la Misi\u00f3n de Ciudades | CPI EUROPE\",\"isPartOf\":{\"@id\":\"https:\/\/cpi-europe.upv.es\/#website\"},\"primaryImageOfPage\":{\"@id\":\"https:\/\/cpi-europe.upv.es\/eventos\/webinar-cl5-ciudades-2025\/#primaryimage\"},\"image\":{\"@id\":\"https:\/\/cpi-europe.upv.es\/eventos\/webinar-cl5-ciudades-2025\/#primaryimage\"},\"thumbnailUrl\":\"https:\/\/cpi-europe.upv.es\/wp-content\/uploads\/2021\/10\/he.jpg\",\"datePublished\":\"2025-02-27T10:12:49+00:00\",\"dateModified\":\"2025-02-27T10:35:18+00:00\",\"breadcrumb\":{\"@id\":\"https:\/\/cpi-europe.upv.es\/eventos\/webinar-cl5-ciudades-2025\/#breadcrumb\"},\"inLanguage\":\"en-GB\",\"potentialAction\":[{\"@type\":\"ReadAction\",\"target\":[\"https:\/\/cpi-europe.upv.es\/eventos\/webinar-cl5-ciudades-2025\/\"]}]},{\"@type\":\"ImageObject\",\"inLanguage\":\"en-GB\",\"@id\":\"https:\/\/cpi-europe.upv.es\/eventos\/webinar-cl5-ciudades-2025\/#primaryimage\",\"url\":\"https:\/\/cpi-europe.upv.es\/wp-content\/uploads\/2021\/10\/he.jpg\",\"contentUrl\":\"https:\/\/cpi-europe.upv.es\/wp-content\/uploads\/2021\/10\/he.jpg\",\"width\":480,\"height\":480},{\"@type\":\"BreadcrumbList\",\"@id\":\"https:\/\/cpi-europe.upv.es\/eventos\/webinar-cl5-ciudades-2025\/#breadcrumb\",\"itemListElement\":[{\"@type\":\"ListItem\",\"position\":1,\"name\":\"Portada\",\"item\":\"https:\/\/cpi-europe.upv.es\/\"},{\"@type\":\"ListItem\",\"position\":2,\"name\":\"Webinar CDTI Cl\u00faster 5 Energ\u00eda y de la Misi\u00f3n de Ciudades\"}]},{\"@type\":\"WebSite\",\"@id\":\"https:\/\/cpi-europe.upv.es\/#website\",\"url\":\"https:\/\/cpi-europe.upv.es\/\",\"name\":\"CPI EUROPE\",\"description\":\"\",\"publisher\":{\"@id\":\"https:\/\/cpi-europe.upv.es\/#organization\"},\"potentialAction\":[{\"@type\":\"SearchAction\",\"target\":{\"@type\":\"EntryPoint\",\"urlTemplate\":\"https:\/\/cpi-europe.upv.es\/?s={search_term_string}\"},\"query-input\":{\"@type\":\"PropertyValueSpecification\",\"valueRequired\":true,\"valueName\":\"search_term_string\"}}],\"inLanguage\":\"en-GB\"},{\"@type\":\"Organization\",\"@id\":\"https:\/\/cpi-europe.upv.es\/#organization\",\"name\":\"CPI Europe\",\"url\":\"https:\/\/cpi-europe.upv.es\/\",\"logo\":{\"@type\":\"ImageObject\",\"inLanguage\":\"en-GB\",\"@id\":\"https:\/\/cpi-europe.upv.es\/#\/schema\/logo\/image\/\",\"url\":\"https:\/\/cpi-europe.upv.es\/wp-content\/uploads\/2020\/12\/logo-cpi-web-ok.png\",\"contentUrl\":\"https:\/\/cpi-europe.upv.es\/wp-content\/uploads\/2020\/12\/logo-cpi-web-ok.png\",\"width\":869,\"height\":111,\"caption\":\"CPI Europe\"},\"image\":{\"@id\":\"https:\/\/cpi-europe.upv.es\/#\/schema\/logo\/image\/\"},\"sameAs\":[\"https:\/\/www.facebook.com\/UPV\",\"https:\/\/x.com\/UPV\",\"https:\/\/www.instagram.com\/instaUPV\/\"]}]}<\/script>\n<!-- \/ Yoast SEO plugin. -->","yoast_head_json":{"title":"Webinar CDTI Cl\u00faster 5 Energ\u00eda y de la Misi\u00f3n de Ciudades | CPI EUROPE","robots":{"index":"index","follow":"follow","max-snippet":"max-snippet:-1","max-image-preview":"max-image-preview:large","max-video-preview":"max-video-preview:-1"},"canonical":"https:\/\/cpi-europe.upv.es\/en\/eventos\/webinar-cl5-ciudades-2025\/","og_locale":"en_GB","og_type":"article","og_title":"Webinar CDTI Cl\u00faster 5 Energ\u00eda y de la Misi\u00f3n de Ciudades | CPI EUROPE","og_description":"El pr\u00f3ximo 12 de marzo, CDTI organiza un evento online dirigido a preparar a las entidades espa\u00f1olas para las convocatorias de proyectos de I+D del pr\u00f3ximo Programa de Trabajo 2025 del Cl\u00faster 5 Energ\u00eda y de la Misi\u00f3n de Ciudades de Horizonte Europa, cuya publicaci\u00f3n oficial se espera para finales de abril 2025. Se informar\u00e1 &hellip; Webinar CDTI Cl\u00faster 5 Energ\u00eda y de la Misi\u00f3n de Ciudades Read More \u00bb","og_url":"https:\/\/cpi-europe.upv.es\/en\/eventos\/webinar-cl5-ciudades-2025\/","og_site_name":"CPI EUROPE","article_publisher":"https:\/\/www.facebook.com\/UPV","article_modified_time":"2025-02-27T10:35:18+00:00","og_image":[{"width":480,"height":480,"url":"https:\/\/cpi-europe.upv.es\/wp-content\/uploads\/2021\/10\/he.jpg","type":"image\/jpeg"}],"twitter_card":"summary_large_image","twitter_site":"@UPV","twitter_misc":{"Estimated reading time":"1 minute"},"schema":{"@context":"https:\/\/schema.org","@graph":[{"@type":"WebPage","@id":"https:\/\/cpi-europe.upv.es\/eventos\/webinar-cl5-ciudades-2025\/","url":"https:\/\/cpi-europe.upv.es\/eventos\/webinar-cl5-ciudades-2025\/","name":"Webinar CDTI Cl\u00faster 5 Energ\u00eda y de la Misi\u00f3n de Ciudades | CPI EUROPE","isPartOf":{"@id":"https:\/\/cpi-europe.upv.es\/#website"},"primaryImageOfPage":{"@id":"https:\/\/cpi-europe.upv.es\/eventos\/webinar-cl5-ciudades-2025\/#primaryimage"},"image":{"@id":"https:\/\/cpi-europe.upv.es\/eventos\/webinar-cl5-ciudades-2025\/#primaryimage"},"thumbnailUrl":"https:\/\/cpi-europe.upv.es\/wp-content\/uploads\/2021\/10\/he.jpg","datePublished":"2025-02-27T10:12:49+00:00","dateModified":"2025-02-27T10:35:18+00:00","breadcrumb":{"@id":"https:\/\/cpi-europe.upv.es\/eventos\/webinar-cl5-ciudades-2025\/#breadcrumb"},"inLanguage":"en-GB","potentialAction":[{"@type":"ReadAction","target":["https:\/\/cpi-europe.upv.es\/eventos\/webinar-cl5-ciudades-2025\/"]}]},{"@type":"ImageObject","inLanguage":"en-GB","@id":"https:\/\/cpi-europe.upv.es\/eventos\/webinar-cl5-ciudades-2025\/#primaryimage","url":"https:\/\/cpi-europe.upv.es\/wp-content\/uploads\/2021\/10\/he.jpg","contentUrl":"https:\/\/cpi-europe.upv.es\/wp-content\/uploads\/2021\/10\/he.jpg","width":480,"height":480},{"@type":"BreadcrumbList","@id":"https:\/\/cpi-europe.upv.es\/eventos\/webinar-cl5-ciudades-2025\/#breadcrumb","itemListElement":[{"@type":"ListItem","position":1,"name":"Portada","item":"https:\/\/cpi-europe.upv.es\/"},{"@type":"ListItem","position":2,"name":"Webinar CDTI Cl\u00faster 5 Energ\u00eda y de la Misi\u00f3n de Ciudades"}]},{"@type":"WebSite","@id":"https:\/\/cpi-europe.upv.es\/#website","url":"https:\/\/cpi-europe.upv.es\/","name":"CPI EUROPE","description":"","publisher":{"@id":"https:\/\/cpi-europe.upv.es\/#organization"},"potentialAction":[{"@type":"SearchAction","target":{"@type":"EntryPoint","urlTemplate":"https:\/\/cpi-europe.upv.es\/?s={search_term_string}"},"query-input":{"@type":"PropertyValueSpecification","valueRequired":true,"valueName":"search_term_string"}}],"inLanguage":"en-GB"},{"@type":"Organization","@id":"https:\/\/cpi-europe.upv.es\/#organization","name":"CPI Europe","url":"https:\/\/cpi-europe.upv.es\/","logo":{"@type":"ImageObject","inLanguage":"en-GB","@id":"https:\/\/cpi-europe.upv.es\/#\/schema\/logo\/image\/","url":"https:\/\/cpi-europe.upv.es\/wp-content\/uploads\/2020\/12\/logo-cpi-web-ok.png","contentUrl":"https:\/\/cpi-europe.upv.es\/wp-content\/uploads\/2020\/12\/logo-cpi-web-ok.png","width":869,"height":111,"caption":"CPI Europe"},"image":{"@id":"https:\/\/cpi-europe.upv.es\/#\/schema\/logo\/image\/"},"sameAs":["https:\/\/www.facebook.com\/UPV","https:\/\/x.com\/UPV","https:\/\/www.instagram.com\/instaUPV\/"]}]}},"_links":{"self":[{"href":"https:\/\/cpi-europe.upv.es\/en\/wp-json\/wp\/v2\/mec-events\/3993","targetHints":{"allow":["GET"]}}],"collection":[{"href":"https:\/\/cpi-europe.upv.es\/en\/wp-json\/wp\/v2\/mec-events"}],"about":[{"href":"https:\/\/cpi-europe.upv.es\/en\/wp-json\/wp\/v2\/types\/mec-events"}],"author":[{"embeddable":true,"href":"https:\/\/cpi-europe.upv.es\/en\/wp-json\/wp\/v2\/users\/4"}],"replies":[{"embeddable":true,"href":"https:\/\/cpi-europe.upv.es\/en\/wp-json\/wp\/v2\/comments?post=3993"}],"wp:featuredmedia":[{"embeddable":true,"href":"https:\/\/cpi-europe.upv.es\/en\/wp-json\/wp\/v2\/media\/1738"}],"wp:attachment":[{"href":"https:\/\/cpi-europe.upv.es\/en\/wp-json\/wp\/v2\/media?parent=3993"}],"wp:term":[{"taxonomy":"post_tag","embeddable":true,"href":"https:\/\/cpi-europe.upv.es\/en\/wp-json\/wp\/v2\/tags?post=3993"},{"taxonomy":"mec_category","embeddable":true,"href":"https:\/\/cpi-europe.upv.es\/en\/wp-json\/wp\/v2\/mec_category?post=3993"}],"curies":[{"name":"wp","href":"https:\/\/api.w.org\/{rel}","templated":true}]}}

Webinar CDTI Clúster 5 Energía y de la Misión de Ciudades

<p>El próximo <strong>12 de marzo</strong>, CDTI organiza un evento online dirigido a preparar a las entidades españolas para las convocatorias de proyectos de I+D del <strong>próximo Programa de Trabajo 2025 del Clúster 5 Energía y de la Misión de Ciudades</strong> de Horizonte Europa, cuya publicación oficial se espera para finales de abril 2025.</p>
<p>Se informará de los retos del Programa de Trabajo 2025, estructura y áreas de actuación así como aspectos generales a tener en cuenta.</p>
<p>Además, CDTI dará información preliminar del <strong>nuevo piloto de “Societal Readiness” y de la condición de elegibilidad introducida en varios topics sobre “Restrictions for the protection of European communication networks”</strong>. A este evento le seguirá el “Infoday de convocatorias Energía 2025” organizado por CDTI, previsto para finales de abril.</p>
<p>El enlace de conexión se enviará el día anterior al evento.</p>
<p>Más <strong>información y registro</strong> en la web del <a href="https://eventos.cdti.es/agenda/20250312_webinar_CL5_Energia" target="_blank" rel="noopener">evento</a>.</p>

<p>El próximo 12 de marzo, CDTI organiza un evento online dirigido a preparar a las entidades españolas para las convocatorias de proyectos de I+D del próximo Programa de Trabajo 2025 del Clúster 5 Energía y de la Misión de Ciudades de Horizonte Europa, cuya publicación oficial se espera para finales de abril 2025. Se informará &hellip;</p>
<p class="read-more"> <a class="" href="https://cpi-europe.upv.es/en/eventos/webinar-cl5-ciudades-2025/"> <span class="screen-reader-text">Webinar CDTI Clúster 5 Energía y de la Misión de Ciudades</span> Read More »</a></p>

<!-- This site is optimized with the Yoast SEO plugin v27.1.1 - https://yoast.com/product/yoast-seo-wordpress/ -->
<title>Webinar CDTI Clúster 5 Energía y de la Misión de Ciudades | CPI EUROPE</title>
<meta name="robots" content="index, follow, max-snippet:-1, max-image-preview:large, max-video-preview:-1" />
<link rel="canonical" href="https://cpi-europe.upv.es/en/eventos/webinar-cl5-ciudades-2025/" />
<meta property="og:locale" content="en_GB" />
<meta property="og:type" content="article" />
<meta property="og:title" content="Webinar CDTI Clúster 5 Energía y de la Misión de Ciudades | CPI EUROPE" />
<meta property="og:description" content="El próximo 12 de marzo, CDTI organiza un evento online dirigido a preparar a las entidades españolas para las convocatorias de proyectos de I+D del próximo Programa de Trabajo 2025 del Clúster 5 Energía y de la Misión de Ciudades de Horizonte Europa, cuya publicación oficial se espera para finales de abril 2025. Se informará &hellip; Webinar CDTI Clúster 5 Energía y de la Misión de Ciudades Read More »" />
<meta property="og:url" content="https://cpi-europe.upv.es/en/eventos/webinar-cl5-ciudades-2025/" />
<meta property="og:site_name" content="CPI EUROPE" />
<meta property="article:publisher" content="https://www.facebook.com/UPV" />
<meta property="article:modified_time" content="2025-02-27T10:35:18+00:00" />
<meta property="og:image" content="https://cpi-europe.upv.es/wp-content/uploads/2021/10/he.jpg" />
	<meta property="og:image:width" content="480" />
	<meta property="og:image:height" content="480" />
	<meta property="og:image:type" content="image/jpeg" />
<meta name="twitter:card" content="summary_large_image" />
<meta name="twitter:site" content="@UPV" />
<meta name="twitter:label1" content="Estimated reading time" />
	<meta name="twitter:data1" content="1 minute" />
<script type="application/ld+json" class="yoast-schema-graph">{"@context":"https://schema.org","@graph":[{"@type":"WebPage","@id":"https://cpi-europe.upv.es/eventos/webinar-cl5-ciudades-2025/","url":"https://cpi-europe.upv.es/eventos/webinar-cl5-ciudades-2025/","name":"Webinar CDTI Clúster 5 Energía y de la Misión de Ciudades | CPI EUROPE","isPartOf":{"@id":"https://cpi-europe.upv.es/#website"},"primaryImageOfPage":{"@id":"https://cpi-europe.upv.es/eventos/webinar-cl5-ciudades-2025/#primaryimage"},"image":{"@id":"https://cpi-europe.upv.es/eventos/webinar-cl5-ciudades-2025/#primaryimage"},"thumbnailUrl":"https://cpi-europe.upv.es/wp-content/uploads/2021/10/he.jpg","datePublished":"2025-02-27T10:12:49+00:00","dateModified":"2025-02-27T10:35:18+00:00","breadcrumb":{"@id":"https://cpi-europe.upv.es/eventos/webinar-cl5-ciudades-2025/#breadcrumb"},"inLanguage":"en-GB","potentialAction":[{"@type":"ReadAction","target":["https://cpi-europe.upv.es/eventos/webinar-cl5-ciudades-2025/"]}]},{"@type":"ImageObject","inLanguage":"en-GB","@id":"https://cpi-europe.upv.es/eventos/webinar-cl5-ciudades-2025/#primaryimage","url":"https://cpi-europe.upv.es/wp-content/uploads/2021/10/he.jpg","contentUrl":"https://cpi-europe.upv.es/wp-content/uploads/2021/10/he.jpg","width":480,"height":480},{"@type":"BreadcrumbList","@id":"https://cpi-europe.upv.es/eventos/webinar-cl5-ciudades-2025/#breadcrumb","itemListElement":[{"@type":"ListItem","position":1,"name":"Portada","item":"https://cpi-europe.upv.es/"},{"@type":"ListItem","position":2,"name":"Webinar CDTI Clúster 5 Energía y de la Misión de Ciudades"}]},{"@type":"WebSite","@id":"https://cpi-europe.upv.es/#website","url":"https://cpi-europe.upv.es/","name":"CPI EUROPE","description":"","publisher":{"@id":"https://cpi-europe.upv.es/#organization"},"potentialAction":[{"@type":"SearchAction","target":{"@type":"EntryPoint","urlTemplate":"https://cpi-europe.upv.es/?s={search_term_string}"},"query-input":{"@type":"PropertyValueSpecification","valueRequired":true,"valueName":"search_term_string"}}],"inLanguage":"en-GB"},{"@type":"Organization","@id":"https://cpi-europe.upv.es/#organization","name":"CPI Europe","url":"https://cpi-europe.upv.es/","logo":{"@type":"ImageObject","inLanguage":"en-GB","@id":"https://cpi-europe.upv.es/#/schema/logo/image/","url":"https://cpi-europe.upv.es/wp-content/uploads/2020/12/logo-cpi-web-ok.png","contentUrl":"https://cpi-europe.upv.es/wp-content/uploads/2020/12/logo-cpi-web-ok.png","width":869,"height":111,"caption":"CPI Europe"},"image":{"@id":"https://cpi-europe.upv.es/#/schema/logo/image/"},"sameAs":["https://www.facebook.com/UPV","https://x.com/UPV","https://www.instagram.com/instaUPV/"]}]}</script>
<!-- / Yoast SEO plugin. -->

Webinar CDTI Clúster 5 Energía y de la Misión de Ciudades | CPI EUROPE

El próximo 12 de marzo, CDTI organiza un evento online dirigido a preparar a las entidades españolas para las convocatorias de proyectos de I+D del próximo Programa de Trabajo 2025 del Clúster 5 Energía y de la Misión de Ciudades de Horizonte Europa, cuya publicación oficial se espera para finales de abril 2025. Se informará &hellip; Webinar CDTI Clúster 5 Energía y de la Misión de Ciudades Read More »
