{"id":3877,"date":"2024-12-09T17:18:30","date_gmt":"2024-12-09T16:18:30","guid":{"rendered":"https:\/\/cpi-europe.upv.es\/eventos\/taller-coordinadores-2023-copy\/"},"modified":"2025-01-30T13:02:57","modified_gmt":"2025-01-30T12:02:57","slug":"taller-coordinadores-2025","status":"publish","type":"mec-events","link":"https:\/\/cpi-europe.upv.es\/en\/eventos\/taller-coordinadores-2025\/","title":{"rendered":"Taller para Coordinadores de propuestas HE \u00abEdici\u00f3n 2025\u00bb"},"content":{"rendered":"<p><span style=\"color: #008080;\"><strong>CPI EUROPE<\/strong><\/span> organiza el mi\u00e9rcoles <strong>26 de febrero de 2025<\/strong>, en horario de <strong>10:00 a 14:00<\/strong>, la pr\u00f3xima edici\u00f3n del <strong>Taller para Coordinadores de propuestas de Horizon Europe<\/strong>. El objetivo de este taller es proporcionar las claves para tomar la decisi\u00f3n e iniciar las actividades previas a la preparaci\u00f3n de una propuesta.<\/p>\n<p>El taller no incluye la redacci\u00f3n de propuestas.<\/p>\n<p>El taller es <span style=\"color: #008080;\"><strong>gratuito y est\u00e1 destinado a personal investigador y gestor de la UPV.\u00a0<\/strong><\/span><\/p>\n<p>Puedes consultar la <strong>agenda aqu\u00ed: <a href=\"https:\/\/cpi-europe.upv.es\/wp-content\/uploads\/2024\/12\/Flyer-Taller-Coordinadores-HE-2025-2.pdf\">Flyer Taller Coordinadores HE 2025<\/a><\/strong><\/p>\n<p>El <a href=\"https:\/\/forms.gle\/PBbRZoLqKgia6crY9\" target=\"_blank\" rel=\"noopener\"><strong>formulario<\/strong><\/a> de registro para la inscripci\u00f3n estar\u00e1 habilitado hasta el <span style=\"color: #ff0000;\">viernes 21 de febrero<\/span>.<\/p>\n<p><img decoding=\"async\" class=\"alignnone size-medium wp-image-3917 aligncenter\" src=\"https:\/\/cpi-europe.upv.es\/wp-content\/uploads\/2025\/01\/logo-ELITE_AEI_UPV-hor-color-300x93.png\" alt=\"\" width=\"300\" height=\"93\" srcset=\"https:\/\/cpi-europe.upv.es\/wp-content\/uploads\/2025\/01\/logo-ELITE_AEI_UPV-hor-color-300x93.png 300w, https:\/\/cpi-europe.upv.es\/wp-content\/uploads\/2025\/01\/logo-ELITE_AEI_UPV-hor-color-768x238.png 768w, https:\/\/cpi-europe.upv.es\/wp-content\/uploads\/2025\/01\/logo-ELITE_AEI_UPV-hor-color-18x6.png 18w, https:\/\/cpi-europe.upv.es\/wp-content\/uploads\/2025\/01\/logo-ELITE_AEI_UPV-hor-color.png 866w\" sizes=\"(max-width: 300px) 100vw, 300px\" \/><\/p>","protected":false},"excerpt":{"rendered":"<p>CPI EUROPE organiza el mi\u00e9rcoles 26 de febrero de 2025, en horario de 10:00 a 14:00, la pr\u00f3xima edici\u00f3n del Taller para Coordinadores de propuestas de Horizon Europe. El objetivo de este taller es proporcionar las claves para tomar la decisi\u00f3n e iniciar las actividades previas a la preparaci\u00f3n de una propuesta. El taller no &hellip;<\/p>\n<p class=\"read-more\"> <a class=\"\" href=\"https:\/\/cpi-europe.upv.es\/en\/eventos\/taller-coordinadores-2025\/\"> <span class=\"screen-reader-text\">Taller para Coordinadores de propuestas HE \u00abEdici\u00f3n 2025\u00bb<\/span> Read More \u00bb<\/a><\/p>","protected":false},"author":4,"featured_media":781,"comment_status":"closed","ping_status":"closed","template":"","tags":[152,117],"mec_category":[14],"class_list":["post-3877","mec-events","type-mec-events","status-publish","has-post-thumbnail","hentry","tag-coordinadores","tag-taller","mec_category-propios"],"yoast_head":"<!-- This site is optimized with the Yoast SEO plugin v27.1.1 - https:\/\/yoast.com\/product\/yoast-seo-wordpress\/ -->\n<title>Taller para Coordinadores de propuestas HE &quot;Edici\u00f3n 2025&quot; | CPI EUROPE<\/title>\n<meta name=\"robots\" content=\"index, follow, max-snippet:-1, max-image-preview:large, max-video-preview:-1\" \/>\n<link rel=\"canonical\" href=\"https:\/\/cpi-europe.upv.es\/en\/eventos\/taller-coordinadores-2025\/\" \/>\n<meta property=\"og:locale\" content=\"en_GB\" \/>\n<meta property=\"og:type\" content=\"article\" \/>\n<meta property=\"og:title\" content=\"Taller para Coordinadores de propuestas HE &quot;Edici\u00f3n 2025&quot; | CPI EUROPE\" \/>\n<meta property=\"og:description\" content=\"CPI EUROPE organiza el mi\u00e9rcoles 26 de febrero de 2025, en horario de 10:00 a 14:00, la pr\u00f3xima edici\u00f3n del Taller para Coordinadores de propuestas de Horizon Europe. El objetivo de este taller es proporcionar las claves para tomar la decisi\u00f3n e iniciar las actividades previas a la preparaci\u00f3n de una propuesta. El taller no &hellip; Taller para Coordinadores de propuestas HE \u00abEdici\u00f3n 2025\u00bb Read More \u00bb\" \/>\n<meta property=\"og:url\" content=\"https:\/\/cpi-europe.upv.es\/en\/eventos\/taller-coordinadores-2025\/\" \/>\n<meta property=\"og:site_name\" content=\"CPI EUROPE\" \/>\n<meta property=\"article:publisher\" content=\"https:\/\/www.facebook.com\/UPV\" \/>\n<meta property=\"article:modified_time\" content=\"2025-01-30T12:02:57+00:00\" \/>\n<meta property=\"og:image\" content=\"https:\/\/cpi-europe.upv.es\/wp-content\/uploads\/2021\/01\/slider-collage-2.jpg\" \/>\n\t<meta property=\"og:image:width\" content=\"2000\" \/>\n\t<meta property=\"og:image:height\" content=\"846\" \/>\n\t<meta property=\"og:image:type\" content=\"image\/jpeg\" \/>\n<meta name=\"twitter:card\" content=\"summary_large_image\" \/>\n<meta name=\"twitter:site\" content=\"@UPV\" \/>\n<meta name=\"twitter:label1\" content=\"Estimated reading time\" \/>\n\t<meta name=\"twitter:data1\" content=\"1 minute\" \/>\n<script type=\"application\/ld+json\" class=\"yoast-schema-graph\">{\"@context\":\"https:\/\/schema.org\",\"@graph\":[{\"@type\":\"WebPage\",\"@id\":\"https:\/\/cpi-europe.upv.es\/eventos\/taller-coordinadores-2025\/\",\"url\":\"https:\/\/cpi-europe.upv.es\/eventos\/taller-coordinadores-2025\/\",\"name\":\"Taller para Coordinadores de propuestas HE \\\"Edici\u00f3n 2025\\\" | CPI EUROPE\",\"isPartOf\":{\"@id\":\"https:\/\/cpi-europe.upv.es\/#website\"},\"primaryImageOfPage\":{\"@id\":\"https:\/\/cpi-europe.upv.es\/eventos\/taller-coordinadores-2025\/#primaryimage\"},\"image\":{\"@id\":\"https:\/\/cpi-europe.upv.es\/eventos\/taller-coordinadores-2025\/#primaryimage\"},\"thumbnailUrl\":\"https:\/\/cpi-europe.upv.es\/wp-content\/uploads\/2021\/01\/slider-collage-2.jpg\",\"datePublished\":\"2024-12-09T16:18:30+00:00\",\"dateModified\":\"2025-01-30T12:02:57+00:00\",\"breadcrumb\":{\"@id\":\"https:\/\/cpi-europe.upv.es\/eventos\/taller-coordinadores-2025\/#breadcrumb\"},\"inLanguage\":\"en-GB\",\"potentialAction\":[{\"@type\":\"ReadAction\",\"target\":[\"https:\/\/cpi-europe.upv.es\/eventos\/taller-coordinadores-2025\/\"]}]},{\"@type\":\"ImageObject\",\"inLanguage\":\"en-GB\",\"@id\":\"https:\/\/cpi-europe.upv.es\/eventos\/taller-coordinadores-2025\/#primaryimage\",\"url\":\"https:\/\/cpi-europe.upv.es\/wp-content\/uploads\/2021\/01\/slider-collage-2.jpg\",\"contentUrl\":\"https:\/\/cpi-europe.upv.es\/wp-content\/uploads\/2021\/01\/slider-collage-2.jpg\",\"width\":2000,\"height\":846},{\"@type\":\"BreadcrumbList\",\"@id\":\"https:\/\/cpi-europe.upv.es\/eventos\/taller-coordinadores-2025\/#breadcrumb\",\"itemListElement\":[{\"@type\":\"ListItem\",\"position\":1,\"name\":\"Portada\",\"item\":\"https:\/\/cpi-europe.upv.es\/\"},{\"@type\":\"ListItem\",\"position\":2,\"name\":\"Taller para Coordinadores de propuestas HE \u00abEdici\u00f3n 2025\u00bb\"}]},{\"@type\":\"WebSite\",\"@id\":\"https:\/\/cpi-europe.upv.es\/#website\",\"url\":\"https:\/\/cpi-europe.upv.es\/\",\"name\":\"CPI EUROPE\",\"description\":\"\",\"publisher\":{\"@id\":\"https:\/\/cpi-europe.upv.es\/#organization\"},\"potentialAction\":[{\"@type\":\"SearchAction\",\"target\":{\"@type\":\"EntryPoint\",\"urlTemplate\":\"https:\/\/cpi-europe.upv.es\/?s={search_term_string}\"},\"query-input\":{\"@type\":\"PropertyValueSpecification\",\"valueRequired\":true,\"valueName\":\"search_term_string\"}}],\"inLanguage\":\"en-GB\"},{\"@type\":\"Organization\",\"@id\":\"https:\/\/cpi-europe.upv.es\/#organization\",\"name\":\"CPI Europe\",\"url\":\"https:\/\/cpi-europe.upv.es\/\",\"logo\":{\"@type\":\"ImageObject\",\"inLanguage\":\"en-GB\",\"@id\":\"https:\/\/cpi-europe.upv.es\/#\/schema\/logo\/image\/\",\"url\":\"https:\/\/cpi-europe.upv.es\/wp-content\/uploads\/2020\/12\/logo-cpi-web-ok.png\",\"contentUrl\":\"https:\/\/cpi-europe.upv.es\/wp-content\/uploads\/2020\/12\/logo-cpi-web-ok.png\",\"width\":869,\"height\":111,\"caption\":\"CPI Europe\"},\"image\":{\"@id\":\"https:\/\/cpi-europe.upv.es\/#\/schema\/logo\/image\/\"},\"sameAs\":[\"https:\/\/www.facebook.com\/UPV\",\"https:\/\/x.com\/UPV\",\"https:\/\/www.instagram.com\/instaUPV\/\"]}]}<\/script>\n<!-- \/ Yoast SEO plugin. -->","yoast_head_json":{"title":"Taller para Coordinadores de propuestas HE \"Edici\u00f3n 2025\" | CPI EUROPE","robots":{"index":"index","follow":"follow","max-snippet":"max-snippet:-1","max-image-preview":"max-image-preview:large","max-video-preview":"max-video-preview:-1"},"canonical":"https:\/\/cpi-europe.upv.es\/en\/eventos\/taller-coordinadores-2025\/","og_locale":"en_GB","og_type":"article","og_title":"Taller para Coordinadores de propuestas HE \"Edici\u00f3n 2025\" | CPI EUROPE","og_description":"CPI EUROPE organiza el mi\u00e9rcoles 26 de febrero de 2025, en horario de 10:00 a 14:00, la pr\u00f3xima edici\u00f3n del Taller para Coordinadores de propuestas de Horizon Europe. El objetivo de este taller es proporcionar las claves para tomar la decisi\u00f3n e iniciar las actividades previas a la preparaci\u00f3n de una propuesta. El taller no &hellip; Taller para Coordinadores de propuestas HE \u00abEdici\u00f3n 2025\u00bb Read More \u00bb","og_url":"https:\/\/cpi-europe.upv.es\/en\/eventos\/taller-coordinadores-2025\/","og_site_name":"CPI EUROPE","article_publisher":"https:\/\/www.facebook.com\/UPV","article_modified_time":"2025-01-30T12:02:57+00:00","og_image":[{"width":2000,"height":846,"url":"https:\/\/cpi-europe.upv.es\/wp-content\/uploads\/2021\/01\/slider-collage-2.jpg","type":"image\/jpeg"}],"twitter_card":"summary_large_image","twitter_site":"@UPV","twitter_misc":{"Estimated reading time":"1 minute"},"schema":{"@context":"https:\/\/schema.org","@graph":[{"@type":"WebPage","@id":"https:\/\/cpi-europe.upv.es\/eventos\/taller-coordinadores-2025\/","url":"https:\/\/cpi-europe.upv.es\/eventos\/taller-coordinadores-2025\/","name":"Taller para Coordinadores de propuestas HE \"Edici\u00f3n 2025\" | CPI EUROPE","isPartOf":{"@id":"https:\/\/cpi-europe.upv.es\/#website"},"primaryImageOfPage":{"@id":"https:\/\/cpi-europe.upv.es\/eventos\/taller-coordinadores-2025\/#primaryimage"},"image":{"@id":"https:\/\/cpi-europe.upv.es\/eventos\/taller-coordinadores-2025\/#primaryimage"},"thumbnailUrl":"https:\/\/cpi-europe.upv.es\/wp-content\/uploads\/2021\/01\/slider-collage-2.jpg","datePublished":"2024-12-09T16:18:30+00:00","dateModified":"2025-01-30T12:02:57+00:00","breadcrumb":{"@id":"https:\/\/cpi-europe.upv.es\/eventos\/taller-coordinadores-2025\/#breadcrumb"},"inLanguage":"en-GB","potentialAction":[{"@type":"ReadAction","target":["https:\/\/cpi-europe.upv.es\/eventos\/taller-coordinadores-2025\/"]}]},{"@type":"ImageObject","inLanguage":"en-GB","@id":"https:\/\/cpi-europe.upv.es\/eventos\/taller-coordinadores-2025\/#primaryimage","url":"https:\/\/cpi-europe.upv.es\/wp-content\/uploads\/2021\/01\/slider-collage-2.jpg","contentUrl":"https:\/\/cpi-europe.upv.es\/wp-content\/uploads\/2021\/01\/slider-collage-2.jpg","width":2000,"height":846},{"@type":"BreadcrumbList","@id":"https:\/\/cpi-europe.upv.es\/eventos\/taller-coordinadores-2025\/#breadcrumb","itemListElement":[{"@type":"ListItem","position":1,"name":"Portada","item":"https:\/\/cpi-europe.upv.es\/"},{"@type":"ListItem","position":2,"name":"Taller para Coordinadores de propuestas HE \u00abEdici\u00f3n 2025\u00bb"}]},{"@type":"WebSite","@id":"https:\/\/cpi-europe.upv.es\/#website","url":"https:\/\/cpi-europe.upv.es\/","name":"CPI EUROPE","description":"","publisher":{"@id":"https:\/\/cpi-europe.upv.es\/#organization"},"potentialAction":[{"@type":"SearchAction","target":{"@type":"EntryPoint","urlTemplate":"https:\/\/cpi-europe.upv.es\/?s={search_term_string}"},"query-input":{"@type":"PropertyValueSpecification","valueRequired":true,"valueName":"search_term_string"}}],"inLanguage":"en-GB"},{"@type":"Organization","@id":"https:\/\/cpi-europe.upv.es\/#organization","name":"CPI Europe","url":"https:\/\/cpi-europe.upv.es\/","logo":{"@type":"ImageObject","inLanguage":"en-GB","@id":"https:\/\/cpi-europe.upv.es\/#\/schema\/logo\/image\/","url":"https:\/\/cpi-europe.upv.es\/wp-content\/uploads\/2020\/12\/logo-cpi-web-ok.png","contentUrl":"https:\/\/cpi-europe.upv.es\/wp-content\/uploads\/2020\/12\/logo-cpi-web-ok.png","width":869,"height":111,"caption":"CPI Europe"},"image":{"@id":"https:\/\/cpi-europe.upv.es\/#\/schema\/logo\/image\/"},"sameAs":["https:\/\/www.facebook.com\/UPV","https:\/\/x.com\/UPV","https:\/\/www.instagram.com\/instaUPV\/"]}]}},"_links":{"self":[{"href":"https:\/\/cpi-europe.upv.es\/en\/wp-json\/wp\/v2\/mec-events\/3877","targetHints":{"allow":["GET"]}}],"collection":[{"href":"https:\/\/cpi-europe.upv.es\/en\/wp-json\/wp\/v2\/mec-events"}],"about":[{"href":"https:\/\/cpi-europe.upv.es\/en\/wp-json\/wp\/v2\/types\/mec-events"}],"author":[{"embeddable":true,"href":"https:\/\/cpi-europe.upv.es\/en\/wp-json\/wp\/v2\/users\/4"}],"replies":[{"embeddable":true,"href":"https:\/\/cpi-europe.upv.es\/en\/wp-json\/wp\/v2\/comments?post=3877"}],"wp:featuredmedia":[{"embeddable":true,"href":"https:\/\/cpi-europe.upv.es\/en\/wp-json\/wp\/v2\/media\/781"}],"wp:attachment":[{"href":"https:\/\/cpi-europe.upv.es\/en\/wp-json\/wp\/v2\/media?parent=3877"}],"wp:term":[{"taxonomy":"post_tag","embeddable":true,"href":"https:\/\/cpi-europe.upv.es\/en\/wp-json\/wp\/v2\/tags?post=3877"},{"taxonomy":"mec_category","embeddable":true,"href":"https:\/\/cpi-europe.upv.es\/en\/wp-json\/wp\/v2\/mec_category?post=3877"}],"curies":[{"name":"wp","href":"https:\/\/api.w.org\/{rel}","templated":true}]}}

Taller para Coordinadores de propuestas HE «Edición 2025»

<p><span style="color: #008080;"><strong>CPI EUROPE</strong></span> organiza el miércoles <strong>26 de febrero de 2025</strong>, en horario de <strong>10:00 a 14:00</strong>, la próxima edición del <strong>Taller para Coordinadores de propuestas de Horizon Europe</strong>. El objetivo de este taller es proporcionar las claves para tomar la decisión e iniciar las actividades previas a la preparación de una propuesta.</p>
<p>El taller no incluye la redacción de propuestas.</p>
<p>El taller es <span style="color: #008080;"><strong>gratuito y está destinado a personal investigador y gestor de la UPV. </strong></span></p>
<p>Puedes consultar la <strong>agenda aquí: <a href="https://cpi-europe.upv.es/wp-content/uploads/2024/12/Flyer-Taller-Coordinadores-HE-2025-2.pdf">Flyer Taller Coordinadores HE 2025</a></strong></p>
<p>El <a href="https://forms.gle/PBbRZoLqKgia6crY9" target="_blank" rel="noopener"><strong>formulario</strong></a> de registro para la inscripción estará habilitado hasta el <span style="color: #ff0000;">viernes 21 de febrero</span>.</p>
<p><img decoding="async" class="alignnone size-medium wp-image-3917 aligncenter" src="https://cpi-europe.upv.es/wp-content/uploads/2025/01/logo-ELITE_AEI_UPV-hor-color-300x93.png" alt="" width="300" height="93" srcset="https://cpi-europe.upv.es/wp-content/uploads/2025/01/logo-ELITE_AEI_UPV-hor-color-300x93.png 300w, https://cpi-europe.upv.es/wp-content/uploads/2025/01/logo-ELITE_AEI_UPV-hor-color-768x238.png 768w, https://cpi-europe.upv.es/wp-content/uploads/2025/01/logo-ELITE_AEI_UPV-hor-color-18x6.png 18w, https://cpi-europe.upv.es/wp-content/uploads/2025/01/logo-ELITE_AEI_UPV-hor-color.png 866w" sizes="(max-width: 300px) 100vw, 300px" /></p>

<p>CPI EUROPE organiza el miércoles 26 de febrero de 2025, en horario de 10:00 a 14:00, la próxima edición del Taller para Coordinadores de propuestas de Horizon Europe. El objetivo de este taller es proporcionar las claves para tomar la decisión e iniciar las actividades previas a la preparación de una propuesta. El taller no &hellip;</p>
<p class="read-more"> <a class="" href="https://cpi-europe.upv.es/en/eventos/taller-coordinadores-2025/"> <span class="screen-reader-text">Taller para Coordinadores de propuestas HE «Edición 2025»</span> Read More »</a></p>

<!-- This site is optimized with the Yoast SEO plugin v27.1.1 - https://yoast.com/product/yoast-seo-wordpress/ -->
<title>Taller para Coordinadores de propuestas HE &quot;Edición 2025&quot; | CPI EUROPE</title>
<meta name="robots" content="index, follow, max-snippet:-1, max-image-preview:large, max-video-preview:-1" />
<link rel="canonical" href="https://cpi-europe.upv.es/en/eventos/taller-coordinadores-2025/" />
<meta property="og:locale" content="en_GB" />
<meta property="og:type" content="article" />
<meta property="og:title" content="Taller para Coordinadores de propuestas HE &quot;Edición 2025&quot; | CPI EUROPE" />
<meta property="og:description" content="CPI EUROPE organiza el miércoles 26 de febrero de 2025, en horario de 10:00 a 14:00, la próxima edición del Taller para Coordinadores de propuestas de Horizon Europe. El objetivo de este taller es proporcionar las claves para tomar la decisión e iniciar las actividades previas a la preparación de una propuesta. El taller no &hellip; Taller para Coordinadores de propuestas HE «Edición 2025» Read More »" />
<meta property="og:url" content="https://cpi-europe.upv.es/en/eventos/taller-coordinadores-2025/" />
<meta property="og:site_name" content="CPI EUROPE" />
<meta property="article:publisher" content="https://www.facebook.com/UPV" />
<meta property="article:modified_time" content="2025-01-30T12:02:57+00:00" />
<meta property="og:image" content="https://cpi-europe.upv.es/wp-content/uploads/2021/01/slider-collage-2.jpg" />
	<meta property="og:image:width" content="2000" />
	<meta property="og:image:height" content="846" />
	<meta property="og:image:type" content="image/jpeg" />
<meta name="twitter:card" content="summary_large_image" />
<meta name="twitter:site" content="@UPV" />
<meta name="twitter:label1" content="Estimated reading time" />
	<meta name="twitter:data1" content="1 minute" />
<script type="application/ld+json" class="yoast-schema-graph">{"@context":"https://schema.org","@graph":[{"@type":"WebPage","@id":"https://cpi-europe.upv.es/eventos/taller-coordinadores-2025/","url":"https://cpi-europe.upv.es/eventos/taller-coordinadores-2025/","name":"Taller para Coordinadores de propuestas HE \"Edición 2025\" | CPI EUROPE","isPartOf":{"@id":"https://cpi-europe.upv.es/#website"},"primaryImageOfPage":{"@id":"https://cpi-europe.upv.es/eventos/taller-coordinadores-2025/#primaryimage"},"image":{"@id":"https://cpi-europe.upv.es/eventos/taller-coordinadores-2025/#primaryimage"},"thumbnailUrl":"https://cpi-europe.upv.es/wp-content/uploads/2021/01/slider-collage-2.jpg","datePublished":"2024-12-09T16:18:30+00:00","dateModified":"2025-01-30T12:02:57+00:00","breadcrumb":{"@id":"https://cpi-europe.upv.es/eventos/taller-coordinadores-2025/#breadcrumb"},"inLanguage":"en-GB","potentialAction":[{"@type":"ReadAction","target":["https://cpi-europe.upv.es/eventos/taller-coordinadores-2025/"]}]},{"@type":"ImageObject","inLanguage":"en-GB","@id":"https://cpi-europe.upv.es/eventos/taller-coordinadores-2025/#primaryimage","url":"https://cpi-europe.upv.es/wp-content/uploads/2021/01/slider-collage-2.jpg","contentUrl":"https://cpi-europe.upv.es/wp-content/uploads/2021/01/slider-collage-2.jpg","width":2000,"height":846},{"@type":"BreadcrumbList","@id":"https://cpi-europe.upv.es/eventos/taller-coordinadores-2025/#breadcrumb","itemListElement":[{"@type":"ListItem","position":1,"name":"Portada","item":"https://cpi-europe.upv.es/"},{"@type":"ListItem","position":2,"name":"Taller para Coordinadores de propuestas HE «Edición 2025»"}]},{"@type":"WebSite","@id":"https://cpi-europe.upv.es/#website","url":"https://cpi-europe.upv.es/","name":"CPI EUROPE","description":"","publisher":{"@id":"https://cpi-europe.upv.es/#organization"},"potentialAction":[{"@type":"SearchAction","target":{"@type":"EntryPoint","urlTemplate":"https://cpi-europe.upv.es/?s={search_term_string}"},"query-input":{"@type":"PropertyValueSpecification","valueRequired":true,"valueName":"search_term_string"}}],"inLanguage":"en-GB"},{"@type":"Organization","@id":"https://cpi-europe.upv.es/#organization","name":"CPI Europe","url":"https://cpi-europe.upv.es/","logo":{"@type":"ImageObject","inLanguage":"en-GB","@id":"https://cpi-europe.upv.es/#/schema/logo/image/","url":"https://cpi-europe.upv.es/wp-content/uploads/2020/12/logo-cpi-web-ok.png","contentUrl":"https://cpi-europe.upv.es/wp-content/uploads/2020/12/logo-cpi-web-ok.png","width":869,"height":111,"caption":"CPI Europe"},"image":{"@id":"https://cpi-europe.upv.es/#/schema/logo/image/"},"sameAs":["https://www.facebook.com/UPV","https://x.com/UPV","https://www.instagram.com/instaUPV/"]}]}</script>
<!-- / Yoast SEO plugin. -->

Taller para Coordinadores de propuestas HE "Edición 2025" | CPI EUROPE

CPI EUROPE organiza el miércoles 26 de febrero de 2025, en horario de 10:00 a 14:00, la próxima edición del Taller para Coordinadores de propuestas de Horizon Europe. El objetivo de este taller es proporcionar las claves para tomar la decisión e iniciar las actividades previas a la preparación de una propuesta. El taller no &hellip; Taller para Coordinadores de propuestas HE «Edición 2025» Read More »
