{"id":3209,"date":"2023-11-01T11:56:00","date_gmt":"2023-11-01T10:56:00","guid":{"rendered":"https:\/\/cpi-europe.upv.es\/eventos\/infoday_eu_infrastructures_2023-copy\/"},"modified":"2023-11-01T12:01:26","modified_gmt":"2023-11-01T11:01:26","slug":"eu-agri-food-days","status":"publish","type":"mec-events","link":"https:\/\/cpi-europe.upv.es\/en\/eventos\/eu-agri-food-days\/","title":{"rendered":"EU Agri-Food Days"},"content":{"rendered":"<p>La primera edici\u00f3n de las Jornadas Agroalimentarias se celebrar\u00e1 en Bruselas del 5 al 8 de diciembre, para debatir sobre las perspectivas de la agricultura europea, las tendencias del mercado, la seguridad alimentaria, la sostenibilidad y la innovaci\u00f3n digital.<\/p>\n<p>Este evento internacional reunir\u00e1 a agricultores, responsables pol\u00edticos, l\u00edderes empresariales, analistas y expertos de todo el mundo para fomentar el di\u00e1logo e inspirar ideas transformadoras.<\/p>\n<p>La agenda de los cuatro d\u00edas se divide de la siguiente forma:<\/p>\n<ul>\n<li>5 Diciembre: EU-Canada Dialogue on Sustainable Agriculture<\/li>\n<li>6 Diciembre: Opening. EU AGRI-FOOD DAYS<\/li>\n<li>6 &#8211; 7 Diciembre: Agricultural Outlook Conference<\/li>\n<li>8 Diciembre: Agri-Digital Conference<\/li>\n<\/ul>\n<p>El evento ser\u00e1 presencial y se emitir\u00e1 en streaming.<\/p>\n<p>M\u00e1s informaci\u00f3n y registro en: https:\/\/agriculture.ec.europa.eu\/eu-agri-food-days_en<\/p>","protected":false},"excerpt":{"rendered":"<p>La primera edici\u00f3n de las Jornadas Agroalimentarias se celebrar\u00e1 en Bruselas del 5 al 8 de diciembre, para debatir sobre las perspectivas de la agricultura europea, las tendencias del mercado, la seguridad alimentaria, la sostenibilidad y la innovaci\u00f3n digital. Este evento internacional reunir\u00e1 a agricultores, responsables pol\u00edticos, l\u00edderes empresariales, analistas y expertos de todo el &hellip;<\/p>\n<p class=\"read-more\"> <a class=\"\" href=\"https:\/\/cpi-europe.upv.es\/en\/eventos\/eu-agri-food-days\/\"> <span class=\"screen-reader-text\">EU Agri-Food Days<\/span> Read More \u00bb<\/a><\/p>","protected":false},"author":4,"featured_media":3211,"comment_status":"closed","ping_status":"closed","template":"","tags":[196],"mec_category":[15],"class_list":["post-3209","mec-events","type-mec-events","status-publish","has-post-thumbnail","hentry","tag-agri-food","mec_category-externos"],"yoast_head":"<!-- This site is optimized with the Yoast SEO plugin v27.1.1 - https:\/\/yoast.com\/product\/yoast-seo-wordpress\/ -->\n<title>EU Agri-Food Days | CPI EUROPE<\/title>\n<meta name=\"robots\" content=\"index, follow, max-snippet:-1, max-image-preview:large, max-video-preview:-1\" \/>\n<link rel=\"canonical\" href=\"https:\/\/cpi-europe.upv.es\/en\/eventos\/eu-agri-food-days\/\" \/>\n<meta property=\"og:locale\" content=\"en_GB\" \/>\n<meta property=\"og:type\" content=\"article\" \/>\n<meta property=\"og:title\" content=\"EU Agri-Food Days | CPI EUROPE\" \/>\n<meta property=\"og:description\" content=\"La primera edici\u00f3n de las Jornadas Agroalimentarias se celebrar\u00e1 en Bruselas del 5 al 8 de diciembre, para debatir sobre las perspectivas de la agricultura europea, las tendencias del mercado, la seguridad alimentaria, la sostenibilidad y la innovaci\u00f3n digital. Este evento internacional reunir\u00e1 a agricultores, responsables pol\u00edticos, l\u00edderes empresariales, analistas y expertos de todo el &hellip; EU Agri-Food Days Read More \u00bb\" \/>\n<meta property=\"og:url\" content=\"https:\/\/cpi-europe.upv.es\/en\/eventos\/eu-agri-food-days\/\" \/>\n<meta property=\"og:site_name\" content=\"CPI EUROPE\" \/>\n<meta property=\"article:publisher\" content=\"https:\/\/www.facebook.com\/UPV\" \/>\n<meta property=\"article:modified_time\" content=\"2023-11-01T11:01:26+00:00\" \/>\n<meta property=\"og:image\" content=\"https:\/\/cpi-europe.upv.es\/wp-content\/uploads\/2023\/11\/full-width-banner-euagri-fooddays_1920x480px-scaled-e1698836422181.jpg\" \/>\n\t<meta property=\"og:image:width\" content=\"1139\" \/>\n\t<meta property=\"og:image:height\" content=\"640\" \/>\n\t<meta property=\"og:image:type\" content=\"image\/jpeg\" \/>\n<meta name=\"twitter:card\" content=\"summary_large_image\" \/>\n<meta name=\"twitter:site\" content=\"@UPV\" \/>\n<meta name=\"twitter:label1\" content=\"Estimated reading time\" \/>\n\t<meta name=\"twitter:data1\" content=\"1 minute\" \/>\n<script type=\"application\/ld+json\" class=\"yoast-schema-graph\">{\"@context\":\"https:\/\/schema.org\",\"@graph\":[{\"@type\":\"WebPage\",\"@id\":\"https:\/\/cpi-europe.upv.es\/eventos\/eu-agri-food-days\/\",\"url\":\"https:\/\/cpi-europe.upv.es\/eventos\/eu-agri-food-days\/\",\"name\":\"EU Agri-Food Days | CPI EUROPE\",\"isPartOf\":{\"@id\":\"https:\/\/cpi-europe.upv.es\/#website\"},\"primaryImageOfPage\":{\"@id\":\"https:\/\/cpi-europe.upv.es\/eventos\/eu-agri-food-days\/#primaryimage\"},\"image\":{\"@id\":\"https:\/\/cpi-europe.upv.es\/eventos\/eu-agri-food-days\/#primaryimage\"},\"thumbnailUrl\":\"https:\/\/cpi-europe.upv.es\/wp-content\/uploads\/2023\/11\/full-width-banner-euagri-fooddays_1920x480px-scaled-e1698836422181.jpg\",\"datePublished\":\"2023-11-01T10:56:00+00:00\",\"dateModified\":\"2023-11-01T11:01:26+00:00\",\"breadcrumb\":{\"@id\":\"https:\/\/cpi-europe.upv.es\/eventos\/eu-agri-food-days\/#breadcrumb\"},\"inLanguage\":\"en-GB\",\"potentialAction\":[{\"@type\":\"ReadAction\",\"target\":[\"https:\/\/cpi-europe.upv.es\/eventos\/eu-agri-food-days\/\"]}]},{\"@type\":\"ImageObject\",\"inLanguage\":\"en-GB\",\"@id\":\"https:\/\/cpi-europe.upv.es\/eventos\/eu-agri-food-days\/#primaryimage\",\"url\":\"https:\/\/cpi-europe.upv.es\/wp-content\/uploads\/2023\/11\/full-width-banner-euagri-fooddays_1920x480px-scaled-e1698836422181.jpg\",\"contentUrl\":\"https:\/\/cpi-europe.upv.es\/wp-content\/uploads\/2023\/11\/full-width-banner-euagri-fooddays_1920x480px-scaled-e1698836422181.jpg\",\"width\":1139,\"height\":640},{\"@type\":\"BreadcrumbList\",\"@id\":\"https:\/\/cpi-europe.upv.es\/eventos\/eu-agri-food-days\/#breadcrumb\",\"itemListElement\":[{\"@type\":\"ListItem\",\"position\":1,\"name\":\"Portada\",\"item\":\"https:\/\/cpi-europe.upv.es\/\"},{\"@type\":\"ListItem\",\"position\":2,\"name\":\"EU Agri-Food Days\"}]},{\"@type\":\"WebSite\",\"@id\":\"https:\/\/cpi-europe.upv.es\/#website\",\"url\":\"https:\/\/cpi-europe.upv.es\/\",\"name\":\"CPI EUROPE\",\"description\":\"\",\"publisher\":{\"@id\":\"https:\/\/cpi-europe.upv.es\/#organization\"},\"potentialAction\":[{\"@type\":\"SearchAction\",\"target\":{\"@type\":\"EntryPoint\",\"urlTemplate\":\"https:\/\/cpi-europe.upv.es\/?s={search_term_string}\"},\"query-input\":{\"@type\":\"PropertyValueSpecification\",\"valueRequired\":true,\"valueName\":\"search_term_string\"}}],\"inLanguage\":\"en-GB\"},{\"@type\":\"Organization\",\"@id\":\"https:\/\/cpi-europe.upv.es\/#organization\",\"name\":\"CPI Europe\",\"url\":\"https:\/\/cpi-europe.upv.es\/\",\"logo\":{\"@type\":\"ImageObject\",\"inLanguage\":\"en-GB\",\"@id\":\"https:\/\/cpi-europe.upv.es\/#\/schema\/logo\/image\/\",\"url\":\"https:\/\/cpi-europe.upv.es\/wp-content\/uploads\/2020\/12\/logo-cpi-web-ok.png\",\"contentUrl\":\"https:\/\/cpi-europe.upv.es\/wp-content\/uploads\/2020\/12\/logo-cpi-web-ok.png\",\"width\":869,\"height\":111,\"caption\":\"CPI Europe\"},\"image\":{\"@id\":\"https:\/\/cpi-europe.upv.es\/#\/schema\/logo\/image\/\"},\"sameAs\":[\"https:\/\/www.facebook.com\/UPV\",\"https:\/\/x.com\/UPV\",\"https:\/\/www.instagram.com\/instaUPV\/\"]}]}<\/script>\n<!-- \/ Yoast SEO plugin. -->","yoast_head_json":{"title":"EU Agri-Food Days | CPI EUROPE","robots":{"index":"index","follow":"follow","max-snippet":"max-snippet:-1","max-image-preview":"max-image-preview:large","max-video-preview":"max-video-preview:-1"},"canonical":"https:\/\/cpi-europe.upv.es\/en\/eventos\/eu-agri-food-days\/","og_locale":"en_GB","og_type":"article","og_title":"EU Agri-Food Days | CPI EUROPE","og_description":"La primera edici\u00f3n de las Jornadas Agroalimentarias se celebrar\u00e1 en Bruselas del 5 al 8 de diciembre, para debatir sobre las perspectivas de la agricultura europea, las tendencias del mercado, la seguridad alimentaria, la sostenibilidad y la innovaci\u00f3n digital. Este evento internacional reunir\u00e1 a agricultores, responsables pol\u00edticos, l\u00edderes empresariales, analistas y expertos de todo el &hellip; EU Agri-Food Days Read More \u00bb","og_url":"https:\/\/cpi-europe.upv.es\/en\/eventos\/eu-agri-food-days\/","og_site_name":"CPI EUROPE","article_publisher":"https:\/\/www.facebook.com\/UPV","article_modified_time":"2023-11-01T11:01:26+00:00","og_image":[{"width":1139,"height":640,"url":"https:\/\/cpi-europe.upv.es\/wp-content\/uploads\/2023\/11\/full-width-banner-euagri-fooddays_1920x480px-scaled-e1698836422181.jpg","type":"image\/jpeg"}],"twitter_card":"summary_large_image","twitter_site":"@UPV","twitter_misc":{"Estimated reading time":"1 minute"},"schema":{"@context":"https:\/\/schema.org","@graph":[{"@type":"WebPage","@id":"https:\/\/cpi-europe.upv.es\/eventos\/eu-agri-food-days\/","url":"https:\/\/cpi-europe.upv.es\/eventos\/eu-agri-food-days\/","name":"EU Agri-Food Days | CPI EUROPE","isPartOf":{"@id":"https:\/\/cpi-europe.upv.es\/#website"},"primaryImageOfPage":{"@id":"https:\/\/cpi-europe.upv.es\/eventos\/eu-agri-food-days\/#primaryimage"},"image":{"@id":"https:\/\/cpi-europe.upv.es\/eventos\/eu-agri-food-days\/#primaryimage"},"thumbnailUrl":"https:\/\/cpi-europe.upv.es\/wp-content\/uploads\/2023\/11\/full-width-banner-euagri-fooddays_1920x480px-scaled-e1698836422181.jpg","datePublished":"2023-11-01T10:56:00+00:00","dateModified":"2023-11-01T11:01:26+00:00","breadcrumb":{"@id":"https:\/\/cpi-europe.upv.es\/eventos\/eu-agri-food-days\/#breadcrumb"},"inLanguage":"en-GB","potentialAction":[{"@type":"ReadAction","target":["https:\/\/cpi-europe.upv.es\/eventos\/eu-agri-food-days\/"]}]},{"@type":"ImageObject","inLanguage":"en-GB","@id":"https:\/\/cpi-europe.upv.es\/eventos\/eu-agri-food-days\/#primaryimage","url":"https:\/\/cpi-europe.upv.es\/wp-content\/uploads\/2023\/11\/full-width-banner-euagri-fooddays_1920x480px-scaled-e1698836422181.jpg","contentUrl":"https:\/\/cpi-europe.upv.es\/wp-content\/uploads\/2023\/11\/full-width-banner-euagri-fooddays_1920x480px-scaled-e1698836422181.jpg","width":1139,"height":640},{"@type":"BreadcrumbList","@id":"https:\/\/cpi-europe.upv.es\/eventos\/eu-agri-food-days\/#breadcrumb","itemListElement":[{"@type":"ListItem","position":1,"name":"Portada","item":"https:\/\/cpi-europe.upv.es\/"},{"@type":"ListItem","position":2,"name":"EU Agri-Food Days"}]},{"@type":"WebSite","@id":"https:\/\/cpi-europe.upv.es\/#website","url":"https:\/\/cpi-europe.upv.es\/","name":"CPI EUROPE","description":"","publisher":{"@id":"https:\/\/cpi-europe.upv.es\/#organization"},"potentialAction":[{"@type":"SearchAction","target":{"@type":"EntryPoint","urlTemplate":"https:\/\/cpi-europe.upv.es\/?s={search_term_string}"},"query-input":{"@type":"PropertyValueSpecification","valueRequired":true,"valueName":"search_term_string"}}],"inLanguage":"en-GB"},{"@type":"Organization","@id":"https:\/\/cpi-europe.upv.es\/#organization","name":"CPI Europe","url":"https:\/\/cpi-europe.upv.es\/","logo":{"@type":"ImageObject","inLanguage":"en-GB","@id":"https:\/\/cpi-europe.upv.es\/#\/schema\/logo\/image\/","url":"https:\/\/cpi-europe.upv.es\/wp-content\/uploads\/2020\/12\/logo-cpi-web-ok.png","contentUrl":"https:\/\/cpi-europe.upv.es\/wp-content\/uploads\/2020\/12\/logo-cpi-web-ok.png","width":869,"height":111,"caption":"CPI Europe"},"image":{"@id":"https:\/\/cpi-europe.upv.es\/#\/schema\/logo\/image\/"},"sameAs":["https:\/\/www.facebook.com\/UPV","https:\/\/x.com\/UPV","https:\/\/www.instagram.com\/instaUPV\/"]}]}},"_links":{"self":[{"href":"https:\/\/cpi-europe.upv.es\/en\/wp-json\/wp\/v2\/mec-events\/3209","targetHints":{"allow":["GET"]}}],"collection":[{"href":"https:\/\/cpi-europe.upv.es\/en\/wp-json\/wp\/v2\/mec-events"}],"about":[{"href":"https:\/\/cpi-europe.upv.es\/en\/wp-json\/wp\/v2\/types\/mec-events"}],"author":[{"embeddable":true,"href":"https:\/\/cpi-europe.upv.es\/en\/wp-json\/wp\/v2\/users\/4"}],"replies":[{"embeddable":true,"href":"https:\/\/cpi-europe.upv.es\/en\/wp-json\/wp\/v2\/comments?post=3209"}],"wp:featuredmedia":[{"embeddable":true,"href":"https:\/\/cpi-europe.upv.es\/en\/wp-json\/wp\/v2\/media\/3211"}],"wp:attachment":[{"href":"https:\/\/cpi-europe.upv.es\/en\/wp-json\/wp\/v2\/media?parent=3209"}],"wp:term":[{"taxonomy":"post_tag","embeddable":true,"href":"https:\/\/cpi-europe.upv.es\/en\/wp-json\/wp\/v2\/tags?post=3209"},{"taxonomy":"mec_category","embeddable":true,"href":"https:\/\/cpi-europe.upv.es\/en\/wp-json\/wp\/v2\/mec_category?post=3209"}],"curies":[{"name":"wp","href":"https:\/\/api.w.org\/{rel}","templated":true}]}}

<p>La primera edición de las Jornadas Agroalimentarias se celebrará en Bruselas del 5 al 8 de diciembre, para debatir sobre las perspectivas de la agricultura europea, las tendencias del mercado, la seguridad alimentaria, la sostenibilidad y la innovación digital.</p>
<p>Este evento internacional reunirá a agricultores, responsables políticos, líderes empresariales, analistas y expertos de todo el mundo para fomentar el diálogo e inspirar ideas transformadoras.</p>
<p>La agenda de los cuatro días se divide de la siguiente forma:</p>
<ul>
<li>5 Diciembre: EU-Canada Dialogue on Sustainable Agriculture</li>
<li>6 Diciembre: Opening. EU AGRI-FOOD DAYS</li>
<li>6 &#8211; 7 Diciembre: Agricultural Outlook Conference</li>
<li>8 Diciembre: Agri-Digital Conference</li>
</ul>
<p>El evento será presencial y se emitirá en streaming.</p>
<p>Más información y registro en: https://agriculture.ec.europa.eu/eu-agri-food-days_en</p>

<p>La primera edición de las Jornadas Agroalimentarias se celebrará en Bruselas del 5 al 8 de diciembre, para debatir sobre las perspectivas de la agricultura europea, las tendencias del mercado, la seguridad alimentaria, la sostenibilidad y la innovación digital. Este evento internacional reunirá a agricultores, responsables políticos, líderes empresariales, analistas y expertos de todo el &hellip;</p>
<p class="read-more"> <a class="" href="https://cpi-europe.upv.es/en/eventos/eu-agri-food-days/"> <span class="screen-reader-text">EU Agri-Food Days</span> Read More »</a></p>

<!-- This site is optimized with the Yoast SEO plugin v27.1.1 - https://yoast.com/product/yoast-seo-wordpress/ -->
<title>EU Agri-Food Days | CPI EUROPE</title>
<meta name="robots" content="index, follow, max-snippet:-1, max-image-preview:large, max-video-preview:-1" />
<link rel="canonical" href="https://cpi-europe.upv.es/en/eventos/eu-agri-food-days/" />
<meta property="og:locale" content="en_GB" />
<meta property="og:type" content="article" />
<meta property="og:title" content="EU Agri-Food Days | CPI EUROPE" />
<meta property="og:description" content="La primera edición de las Jornadas Agroalimentarias se celebrará en Bruselas del 5 al 8 de diciembre, para debatir sobre las perspectivas de la agricultura europea, las tendencias del mercado, la seguridad alimentaria, la sostenibilidad y la innovación digital. Este evento internacional reunirá a agricultores, responsables políticos, líderes empresariales, analistas y expertos de todo el &hellip; EU Agri-Food Days Read More »" />
<meta property="og:url" content="https://cpi-europe.upv.es/en/eventos/eu-agri-food-days/" />
<meta property="og:site_name" content="CPI EUROPE" />
<meta property="article:publisher" content="https://www.facebook.com/UPV" />
<meta property="article:modified_time" content="2023-11-01T11:01:26+00:00" />
<meta property="og:image" content="https://cpi-europe.upv.es/wp-content/uploads/2023/11/full-width-banner-euagri-fooddays_1920x480px-scaled-e1698836422181.jpg" />
	<meta property="og:image:width" content="1139" />
	<meta property="og:image:height" content="640" />
	<meta property="og:image:type" content="image/jpeg" />
<meta name="twitter:card" content="summary_large_image" />
<meta name="twitter:site" content="@UPV" />
<meta name="twitter:label1" content="Estimated reading time" />
	<meta name="twitter:data1" content="1 minute" />
<script type="application/ld+json" class="yoast-schema-graph">{"@context":"https://schema.org","@graph":[{"@type":"WebPage","@id":"https://cpi-europe.upv.es/eventos/eu-agri-food-days/","url":"https://cpi-europe.upv.es/eventos/eu-agri-food-days/","name":"EU Agri-Food Days | CPI EUROPE","isPartOf":{"@id":"https://cpi-europe.upv.es/#website"},"primaryImageOfPage":{"@id":"https://cpi-europe.upv.es/eventos/eu-agri-food-days/#primaryimage"},"image":{"@id":"https://cpi-europe.upv.es/eventos/eu-agri-food-days/#primaryimage"},"thumbnailUrl":"https://cpi-europe.upv.es/wp-content/uploads/2023/11/full-width-banner-euagri-fooddays_1920x480px-scaled-e1698836422181.jpg","datePublished":"2023-11-01T10:56:00+00:00","dateModified":"2023-11-01T11:01:26+00:00","breadcrumb":{"@id":"https://cpi-europe.upv.es/eventos/eu-agri-food-days/#breadcrumb"},"inLanguage":"en-GB","potentialAction":[{"@type":"ReadAction","target":["https://cpi-europe.upv.es/eventos/eu-agri-food-days/"]}]},{"@type":"ImageObject","inLanguage":"en-GB","@id":"https://cpi-europe.upv.es/eventos/eu-agri-food-days/#primaryimage","url":"https://cpi-europe.upv.es/wp-content/uploads/2023/11/full-width-banner-euagri-fooddays_1920x480px-scaled-e1698836422181.jpg","contentUrl":"https://cpi-europe.upv.es/wp-content/uploads/2023/11/full-width-banner-euagri-fooddays_1920x480px-scaled-e1698836422181.jpg","width":1139,"height":640},{"@type":"BreadcrumbList","@id":"https://cpi-europe.upv.es/eventos/eu-agri-food-days/#breadcrumb","itemListElement":[{"@type":"ListItem","position":1,"name":"Portada","item":"https://cpi-europe.upv.es/"},{"@type":"ListItem","position":2,"name":"EU Agri-Food Days"}]},{"@type":"WebSite","@id":"https://cpi-europe.upv.es/#website","url":"https://cpi-europe.upv.es/","name":"CPI EUROPE","description":"","publisher":{"@id":"https://cpi-europe.upv.es/#organization"},"potentialAction":[{"@type":"SearchAction","target":{"@type":"EntryPoint","urlTemplate":"https://cpi-europe.upv.es/?s={search_term_string}"},"query-input":{"@type":"PropertyValueSpecification","valueRequired":true,"valueName":"search_term_string"}}],"inLanguage":"en-GB"},{"@type":"Organization","@id":"https://cpi-europe.upv.es/#organization","name":"CPI Europe","url":"https://cpi-europe.upv.es/","logo":{"@type":"ImageObject","inLanguage":"en-GB","@id":"https://cpi-europe.upv.es/#/schema/logo/image/","url":"https://cpi-europe.upv.es/wp-content/uploads/2020/12/logo-cpi-web-ok.png","contentUrl":"https://cpi-europe.upv.es/wp-content/uploads/2020/12/logo-cpi-web-ok.png","width":869,"height":111,"caption":"CPI Europe"},"image":{"@id":"https://cpi-europe.upv.es/#/schema/logo/image/"},"sameAs":["https://www.facebook.com/UPV","https://x.com/UPV","https://www.instagram.com/instaUPV/"]}]}</script>
<!-- / Yoast SEO plugin. -->

La primera edición de las Jornadas Agroalimentarias se celebrará en Bruselas del 5 al 8 de diciembre, para debatir sobre las perspectivas de la agricultura europea, las tendencias del mercado, la seguridad alimentaria, la sostenibilidad y la innovación digital. Este evento internacional reunirá a agricultores, responsables políticos, líderes empresariales, analistas y expertos de todo el &hellip; EU Agri-Food Days Read More »
