{"id":2946,"date":"2022-12-22T08:55:08","date_gmt":"2022-12-22T07:55:08","guid":{"rendered":"https:\/\/cpi-europe.upv.es\/eventos\/infoday-nacional-industria-copy\/"},"modified":"2022-12-22T09:38:32","modified_gmt":"2022-12-22T08:38:32","slug":"infoday-nacional-cl5-movilidad","status":"publish","type":"mec-events","link":"https:\/\/cpi-europe.upv.es\/en\/eventos\/infoday-nacional-cl5-movilidad\/","title":{"rendered":"Infoday Nacional Horizonte Europa Cl\u00faster 5 &#8211; Movilidad"},"content":{"rendered":"<p>El <strong>19 de enero de 2023<\/strong> tendr\u00e1 lugar en el sal\u00f3n de actos de CDTI (<strong>solo en formato F\u00cdSICO<\/strong>) el <strong>Infoday Nacional del Cl\u00faster 5 centrado en Movilidad<\/strong>, para informar de las oportunidades del programa de trabajo (WP 2023-2024).<\/p>\n<p>Se abordar\u00e1n las novedades que incorpora este programa de trabajo, sus partenariados correspondientes, la nueva financiaci\u00f3n \u201clump sum\u201d, novedades legales\/financieras y consejos por parte de una evaluadora. Asimismo, distintas entidades presentar\u00e1n casos de \u00e9xito.<\/p>\n<p>M\u00e1s informaci\u00f3n e inscripci\u00f3n en el siguiente <strong><a href=\"https:\/\/eventos.cdti.es\/ES\/infoday_cluster5_movilidad\" target=\"_blank\" rel=\"noopener\">enlace<\/a><\/strong><\/p>","protected":false},"excerpt":{"rendered":"<p>El 19 de enero de 2023 tendr\u00e1 lugar en el sal\u00f3n de actos de CDTI (solo en formato F\u00cdSICO) el Infoday Nacional del Cl\u00faster 5 centrado en Movilidad, para informar de las oportunidades del programa de trabajo (WP 2023-2024). Se abordar\u00e1n las novedades que incorpora este programa de trabajo, sus partenariados correspondientes, la nueva financiaci\u00f3n &hellip;<\/p>\n<p class=\"read-more\"> <a class=\"\" href=\"https:\/\/cpi-europe.upv.es\/en\/eventos\/infoday-nacional-cl5-movilidad\/\"> <span class=\"screen-reader-text\">Infoday Nacional Horizonte Europa Cl\u00faster 5 &#8211; Movilidad<\/span> Read More \u00bb<\/a><\/p>","protected":false},"author":2,"featured_media":1358,"comment_status":"closed","ping_status":"closed","template":"","tags":[72,91,75,92,65],"mec_category":[15],"class_list":["post-2946","mec-events","type-mec-events","status-publish","has-post-thumbnail","hentry","tag-cluster-5","tag-infoday","tag-movilidad","tag-nacional","tag-presencial","mec_category-externos"],"yoast_head":"<!-- This site is optimized with the Yoast SEO plugin v27.1.1 - https:\/\/yoast.com\/product\/yoast-seo-wordpress\/ -->\n<title>Infoday Nacional Horizonte Europa Cl\u00faster 5 - Movilidad | CPI EUROPE<\/title>\n<meta name=\"robots\" content=\"index, follow, max-snippet:-1, max-image-preview:large, max-video-preview:-1\" \/>\n<link rel=\"canonical\" href=\"https:\/\/cpi-europe.upv.es\/en\/eventos\/infoday-nacional-cl5-movilidad\/\" \/>\n<meta property=\"og:locale\" content=\"en_GB\" \/>\n<meta property=\"og:type\" content=\"article\" \/>\n<meta property=\"og:title\" content=\"Infoday Nacional Horizonte Europa Cl\u00faster 5 - Movilidad | CPI EUROPE\" \/>\n<meta property=\"og:description\" content=\"El 19 de enero de 2023 tendr\u00e1 lugar en el sal\u00f3n de actos de CDTI (solo en formato F\u00cdSICO) el Infoday Nacional del Cl\u00faster 5 centrado en Movilidad, para informar de las oportunidades del programa de trabajo (WP 2023-2024). Se abordar\u00e1n las novedades que incorpora este programa de trabajo, sus partenariados correspondientes, la nueva financiaci\u00f3n &hellip; Infoday Nacional Horizonte Europa Cl\u00faster 5 &#8211; Movilidad Read More \u00bb\" \/>\n<meta property=\"og:url\" content=\"https:\/\/cpi-europe.upv.es\/en\/eventos\/infoday-nacional-cl5-movilidad\/\" \/>\n<meta property=\"og:site_name\" content=\"CPI EUROPE\" \/>\n<meta property=\"article:publisher\" content=\"https:\/\/www.facebook.com\/UPV\" \/>\n<meta property=\"article:modified_time\" content=\"2022-12-22T08:38:32+00:00\" \/>\n<meta property=\"og:image\" content=\"https:\/\/cpi-europe.upv.es\/wp-content\/uploads\/2021\/03\/lg-e1614932597643.jpg\" \/>\n\t<meta property=\"og:image:width\" content=\"400\" \/>\n\t<meta property=\"og:image:height\" content=\"174\" \/>\n\t<meta property=\"og:image:type\" content=\"image\/jpeg\" \/>\n<meta name=\"twitter:card\" content=\"summary_large_image\" \/>\n<meta name=\"twitter:site\" content=\"@UPV\" \/>\n<meta name=\"twitter:label1\" content=\"Estimated reading time\" \/>\n\t<meta name=\"twitter:data1\" content=\"1 minute\" \/>\n<script type=\"application\/ld+json\" class=\"yoast-schema-graph\">{\"@context\":\"https:\/\/schema.org\",\"@graph\":[{\"@type\":\"WebPage\",\"@id\":\"https:\/\/cpi-europe.upv.es\/eventos\/infoday-nacional-cl5-movilidad\/\",\"url\":\"https:\/\/cpi-europe.upv.es\/eventos\/infoday-nacional-cl5-movilidad\/\",\"name\":\"Infoday Nacional Horizonte Europa Cl\u00faster 5 - Movilidad | CPI EUROPE\",\"isPartOf\":{\"@id\":\"https:\/\/cpi-europe.upv.es\/#website\"},\"primaryImageOfPage\":{\"@id\":\"https:\/\/cpi-europe.upv.es\/eventos\/infoday-nacional-cl5-movilidad\/#primaryimage\"},\"image\":{\"@id\":\"https:\/\/cpi-europe.upv.es\/eventos\/infoday-nacional-cl5-movilidad\/#primaryimage\"},\"thumbnailUrl\":\"https:\/\/cpi-europe.upv.es\/wp-content\/uploads\/2021\/03\/lg-e1614932597643.jpg\",\"datePublished\":\"2022-12-22T07:55:08+00:00\",\"dateModified\":\"2022-12-22T08:38:32+00:00\",\"breadcrumb\":{\"@id\":\"https:\/\/cpi-europe.upv.es\/eventos\/infoday-nacional-cl5-movilidad\/#breadcrumb\"},\"inLanguage\":\"en-GB\",\"potentialAction\":[{\"@type\":\"ReadAction\",\"target\":[\"https:\/\/cpi-europe.upv.es\/eventos\/infoday-nacional-cl5-movilidad\/\"]}]},{\"@type\":\"ImageObject\",\"inLanguage\":\"en-GB\",\"@id\":\"https:\/\/cpi-europe.upv.es\/eventos\/infoday-nacional-cl5-movilidad\/#primaryimage\",\"url\":\"https:\/\/cpi-europe.upv.es\/wp-content\/uploads\/2021\/03\/lg-e1614932597643.jpg\",\"contentUrl\":\"https:\/\/cpi-europe.upv.es\/wp-content\/uploads\/2021\/03\/lg-e1614932597643.jpg\",\"width\":400,\"height\":174},{\"@type\":\"BreadcrumbList\",\"@id\":\"https:\/\/cpi-europe.upv.es\/eventos\/infoday-nacional-cl5-movilidad\/#breadcrumb\",\"itemListElement\":[{\"@type\":\"ListItem\",\"position\":1,\"name\":\"Portada\",\"item\":\"https:\/\/cpi-europe.upv.es\/\"},{\"@type\":\"ListItem\",\"position\":2,\"name\":\"Infoday Nacional Horizonte Europa Cl\u00faster 5 &#8211; Movilidad\"}]},{\"@type\":\"WebSite\",\"@id\":\"https:\/\/cpi-europe.upv.es\/#website\",\"url\":\"https:\/\/cpi-europe.upv.es\/\",\"name\":\"CPI EUROPE\",\"description\":\"\",\"publisher\":{\"@id\":\"https:\/\/cpi-europe.upv.es\/#organization\"},\"potentialAction\":[{\"@type\":\"SearchAction\",\"target\":{\"@type\":\"EntryPoint\",\"urlTemplate\":\"https:\/\/cpi-europe.upv.es\/?s={search_term_string}\"},\"query-input\":{\"@type\":\"PropertyValueSpecification\",\"valueRequired\":true,\"valueName\":\"search_term_string\"}}],\"inLanguage\":\"en-GB\"},{\"@type\":\"Organization\",\"@id\":\"https:\/\/cpi-europe.upv.es\/#organization\",\"name\":\"CPI Europe\",\"url\":\"https:\/\/cpi-europe.upv.es\/\",\"logo\":{\"@type\":\"ImageObject\",\"inLanguage\":\"en-GB\",\"@id\":\"https:\/\/cpi-europe.upv.es\/#\/schema\/logo\/image\/\",\"url\":\"https:\/\/cpi-europe.upv.es\/wp-content\/uploads\/2020\/12\/logo-cpi-web-ok.png\",\"contentUrl\":\"https:\/\/cpi-europe.upv.es\/wp-content\/uploads\/2020\/12\/logo-cpi-web-ok.png\",\"width\":869,\"height\":111,\"caption\":\"CPI Europe\"},\"image\":{\"@id\":\"https:\/\/cpi-europe.upv.es\/#\/schema\/logo\/image\/\"},\"sameAs\":[\"https:\/\/www.facebook.com\/UPV\",\"https:\/\/x.com\/UPV\",\"https:\/\/www.instagram.com\/instaUPV\/\"]}]}<\/script>\n<!-- \/ Yoast SEO plugin. -->","yoast_head_json":{"title":"Infoday Nacional Horizonte Europa Cl\u00faster 5 - Movilidad | CPI EUROPE","robots":{"index":"index","follow":"follow","max-snippet":"max-snippet:-1","max-image-preview":"max-image-preview:large","max-video-preview":"max-video-preview:-1"},"canonical":"https:\/\/cpi-europe.upv.es\/en\/eventos\/infoday-nacional-cl5-movilidad\/","og_locale":"en_GB","og_type":"article","og_title":"Infoday Nacional Horizonte Europa Cl\u00faster 5 - Movilidad | CPI EUROPE","og_description":"El 19 de enero de 2023 tendr\u00e1 lugar en el sal\u00f3n de actos de CDTI (solo en formato F\u00cdSICO) el Infoday Nacional del Cl\u00faster 5 centrado en Movilidad, para informar de las oportunidades del programa de trabajo (WP 2023-2024). Se abordar\u00e1n las novedades que incorpora este programa de trabajo, sus partenariados correspondientes, la nueva financiaci\u00f3n &hellip; Infoday Nacional Horizonte Europa Cl\u00faster 5 &#8211; Movilidad Read More \u00bb","og_url":"https:\/\/cpi-europe.upv.es\/en\/eventos\/infoday-nacional-cl5-movilidad\/","og_site_name":"CPI EUROPE","article_publisher":"https:\/\/www.facebook.com\/UPV","article_modified_time":"2022-12-22T08:38:32+00:00","og_image":[{"width":400,"height":174,"url":"https:\/\/cpi-europe.upv.es\/wp-content\/uploads\/2021\/03\/lg-e1614932597643.jpg","type":"image\/jpeg"}],"twitter_card":"summary_large_image","twitter_site":"@UPV","twitter_misc":{"Estimated reading time":"1 minute"},"schema":{"@context":"https:\/\/schema.org","@graph":[{"@type":"WebPage","@id":"https:\/\/cpi-europe.upv.es\/eventos\/infoday-nacional-cl5-movilidad\/","url":"https:\/\/cpi-europe.upv.es\/eventos\/infoday-nacional-cl5-movilidad\/","name":"Infoday Nacional Horizonte Europa Cl\u00faster 5 - Movilidad | CPI EUROPE","isPartOf":{"@id":"https:\/\/cpi-europe.upv.es\/#website"},"primaryImageOfPage":{"@id":"https:\/\/cpi-europe.upv.es\/eventos\/infoday-nacional-cl5-movilidad\/#primaryimage"},"image":{"@id":"https:\/\/cpi-europe.upv.es\/eventos\/infoday-nacional-cl5-movilidad\/#primaryimage"},"thumbnailUrl":"https:\/\/cpi-europe.upv.es\/wp-content\/uploads\/2021\/03\/lg-e1614932597643.jpg","datePublished":"2022-12-22T07:55:08+00:00","dateModified":"2022-12-22T08:38:32+00:00","breadcrumb":{"@id":"https:\/\/cpi-europe.upv.es\/eventos\/infoday-nacional-cl5-movilidad\/#breadcrumb"},"inLanguage":"en-GB","potentialAction":[{"@type":"ReadAction","target":["https:\/\/cpi-europe.upv.es\/eventos\/infoday-nacional-cl5-movilidad\/"]}]},{"@type":"ImageObject","inLanguage":"en-GB","@id":"https:\/\/cpi-europe.upv.es\/eventos\/infoday-nacional-cl5-movilidad\/#primaryimage","url":"https:\/\/cpi-europe.upv.es\/wp-content\/uploads\/2021\/03\/lg-e1614932597643.jpg","contentUrl":"https:\/\/cpi-europe.upv.es\/wp-content\/uploads\/2021\/03\/lg-e1614932597643.jpg","width":400,"height":174},{"@type":"BreadcrumbList","@id":"https:\/\/cpi-europe.upv.es\/eventos\/infoday-nacional-cl5-movilidad\/#breadcrumb","itemListElement":[{"@type":"ListItem","position":1,"name":"Portada","item":"https:\/\/cpi-europe.upv.es\/"},{"@type":"ListItem","position":2,"name":"Infoday Nacional Horizonte Europa Cl\u00faster 5 &#8211; Movilidad"}]},{"@type":"WebSite","@id":"https:\/\/cpi-europe.upv.es\/#website","url":"https:\/\/cpi-europe.upv.es\/","name":"CPI EUROPE","description":"","publisher":{"@id":"https:\/\/cpi-europe.upv.es\/#organization"},"potentialAction":[{"@type":"SearchAction","target":{"@type":"EntryPoint","urlTemplate":"https:\/\/cpi-europe.upv.es\/?s={search_term_string}"},"query-input":{"@type":"PropertyValueSpecification","valueRequired":true,"valueName":"search_term_string"}}],"inLanguage":"en-GB"},{"@type":"Organization","@id":"https:\/\/cpi-europe.upv.es\/#organization","name":"CPI Europe","url":"https:\/\/cpi-europe.upv.es\/","logo":{"@type":"ImageObject","inLanguage":"en-GB","@id":"https:\/\/cpi-europe.upv.es\/#\/schema\/logo\/image\/","url":"https:\/\/cpi-europe.upv.es\/wp-content\/uploads\/2020\/12\/logo-cpi-web-ok.png","contentUrl":"https:\/\/cpi-europe.upv.es\/wp-content\/uploads\/2020\/12\/logo-cpi-web-ok.png","width":869,"height":111,"caption":"CPI Europe"},"image":{"@id":"https:\/\/cpi-europe.upv.es\/#\/schema\/logo\/image\/"},"sameAs":["https:\/\/www.facebook.com\/UPV","https:\/\/x.com\/UPV","https:\/\/www.instagram.com\/instaUPV\/"]}]}},"_links":{"self":[{"href":"https:\/\/cpi-europe.upv.es\/en\/wp-json\/wp\/v2\/mec-events\/2946","targetHints":{"allow":["GET"]}}],"collection":[{"href":"https:\/\/cpi-europe.upv.es\/en\/wp-json\/wp\/v2\/mec-events"}],"about":[{"href":"https:\/\/cpi-europe.upv.es\/en\/wp-json\/wp\/v2\/types\/mec-events"}],"author":[{"embeddable":true,"href":"https:\/\/cpi-europe.upv.es\/en\/wp-json\/wp\/v2\/users\/2"}],"replies":[{"embeddable":true,"href":"https:\/\/cpi-europe.upv.es\/en\/wp-json\/wp\/v2\/comments?post=2946"}],"wp:featuredmedia":[{"embeddable":true,"href":"https:\/\/cpi-europe.upv.es\/en\/wp-json\/wp\/v2\/media\/1358"}],"wp:attachment":[{"href":"https:\/\/cpi-europe.upv.es\/en\/wp-json\/wp\/v2\/media?parent=2946"}],"wp:term":[{"taxonomy":"post_tag","embeddable":true,"href":"https:\/\/cpi-europe.upv.es\/en\/wp-json\/wp\/v2\/tags?post=2946"},{"taxonomy":"mec_category","embeddable":true,"href":"https:\/\/cpi-europe.upv.es\/en\/wp-json\/wp\/v2\/mec_category?post=2946"}],"curies":[{"name":"wp","href":"https:\/\/api.w.org\/{rel}","templated":true}]}}

Infoday Nacional Horizonte Europa Clúster 5 &#8211; Movilidad

<p>El <strong>19 de enero de 2023</strong> tendrá lugar en el salón de actos de CDTI (<strong>solo en formato FÍSICO</strong>) el <strong>Infoday Nacional del Clúster 5 centrado en Movilidad</strong>, para informar de las oportunidades del programa de trabajo (WP 2023-2024).</p>
<p>Se abordarán las novedades que incorpora este programa de trabajo, sus partenariados correspondientes, la nueva financiación “lump sum”, novedades legales/financieras y consejos por parte de una evaluadora. Asimismo, distintas entidades presentarán casos de éxito.</p>
<p>Más información e inscripción en el siguiente <strong><a href="https://eventos.cdti.es/ES/infoday_cluster5_movilidad" target="_blank" rel="noopener">enlace</a></strong></p>

<p>El 19 de enero de 2023 tendrá lugar en el salón de actos de CDTI (solo en formato FÍSICO) el Infoday Nacional del Clúster 5 centrado en Movilidad, para informar de las oportunidades del programa de trabajo (WP 2023-2024). Se abordarán las novedades que incorpora este programa de trabajo, sus partenariados correspondientes, la nueva financiación &hellip;</p>
<p class="read-more"> <a class="" href="https://cpi-europe.upv.es/en/eventos/infoday-nacional-cl5-movilidad/"> <span class="screen-reader-text">Infoday Nacional Horizonte Europa Clúster 5 &#8211; Movilidad</span> Read More »</a></p>

<!-- This site is optimized with the Yoast SEO plugin v27.1.1 - https://yoast.com/product/yoast-seo-wordpress/ -->
<title>Infoday Nacional Horizonte Europa Clúster 5 - Movilidad | CPI EUROPE</title>
<meta name="robots" content="index, follow, max-snippet:-1, max-image-preview:large, max-video-preview:-1" />
<link rel="canonical" href="https://cpi-europe.upv.es/en/eventos/infoday-nacional-cl5-movilidad/" />
<meta property="og:locale" content="en_GB" />
<meta property="og:type" content="article" />
<meta property="og:title" content="Infoday Nacional Horizonte Europa Clúster 5 - Movilidad | CPI EUROPE" />
<meta property="og:description" content="El 19 de enero de 2023 tendrá lugar en el salón de actos de CDTI (solo en formato FÍSICO) el Infoday Nacional del Clúster 5 centrado en Movilidad, para informar de las oportunidades del programa de trabajo (WP 2023-2024). Se abordarán las novedades que incorpora este programa de trabajo, sus partenariados correspondientes, la nueva financiación &hellip; Infoday Nacional Horizonte Europa Clúster 5 &#8211; Movilidad Read More »" />
<meta property="og:url" content="https://cpi-europe.upv.es/en/eventos/infoday-nacional-cl5-movilidad/" />
<meta property="og:site_name" content="CPI EUROPE" />
<meta property="article:publisher" content="https://www.facebook.com/UPV" />
<meta property="article:modified_time" content="2022-12-22T08:38:32+00:00" />
<meta property="og:image" content="https://cpi-europe.upv.es/wp-content/uploads/2021/03/lg-e1614932597643.jpg" />
	<meta property="og:image:width" content="400" />
	<meta property="og:image:height" content="174" />
	<meta property="og:image:type" content="image/jpeg" />
<meta name="twitter:card" content="summary_large_image" />
<meta name="twitter:site" content="@UPV" />
<meta name="twitter:label1" content="Estimated reading time" />
	<meta name="twitter:data1" content="1 minute" />
<script type="application/ld+json" class="yoast-schema-graph">{"@context":"https://schema.org","@graph":[{"@type":"WebPage","@id":"https://cpi-europe.upv.es/eventos/infoday-nacional-cl5-movilidad/","url":"https://cpi-europe.upv.es/eventos/infoday-nacional-cl5-movilidad/","name":"Infoday Nacional Horizonte Europa Clúster 5 - Movilidad | CPI EUROPE","isPartOf":{"@id":"https://cpi-europe.upv.es/#website"},"primaryImageOfPage":{"@id":"https://cpi-europe.upv.es/eventos/infoday-nacional-cl5-movilidad/#primaryimage"},"image":{"@id":"https://cpi-europe.upv.es/eventos/infoday-nacional-cl5-movilidad/#primaryimage"},"thumbnailUrl":"https://cpi-europe.upv.es/wp-content/uploads/2021/03/lg-e1614932597643.jpg","datePublished":"2022-12-22T07:55:08+00:00","dateModified":"2022-12-22T08:38:32+00:00","breadcrumb":{"@id":"https://cpi-europe.upv.es/eventos/infoday-nacional-cl5-movilidad/#breadcrumb"},"inLanguage":"en-GB","potentialAction":[{"@type":"ReadAction","target":["https://cpi-europe.upv.es/eventos/infoday-nacional-cl5-movilidad/"]}]},{"@type":"ImageObject","inLanguage":"en-GB","@id":"https://cpi-europe.upv.es/eventos/infoday-nacional-cl5-movilidad/#primaryimage","url":"https://cpi-europe.upv.es/wp-content/uploads/2021/03/lg-e1614932597643.jpg","contentUrl":"https://cpi-europe.upv.es/wp-content/uploads/2021/03/lg-e1614932597643.jpg","width":400,"height":174},{"@type":"BreadcrumbList","@id":"https://cpi-europe.upv.es/eventos/infoday-nacional-cl5-movilidad/#breadcrumb","itemListElement":[{"@type":"ListItem","position":1,"name":"Portada","item":"https://cpi-europe.upv.es/"},{"@type":"ListItem","position":2,"name":"Infoday Nacional Horizonte Europa Clúster 5 &#8211; Movilidad"}]},{"@type":"WebSite","@id":"https://cpi-europe.upv.es/#website","url":"https://cpi-europe.upv.es/","name":"CPI EUROPE","description":"","publisher":{"@id":"https://cpi-europe.upv.es/#organization"},"potentialAction":[{"@type":"SearchAction","target":{"@type":"EntryPoint","urlTemplate":"https://cpi-europe.upv.es/?s={search_term_string}"},"query-input":{"@type":"PropertyValueSpecification","valueRequired":true,"valueName":"search_term_string"}}],"inLanguage":"en-GB"},{"@type":"Organization","@id":"https://cpi-europe.upv.es/#organization","name":"CPI Europe","url":"https://cpi-europe.upv.es/","logo":{"@type":"ImageObject","inLanguage":"en-GB","@id":"https://cpi-europe.upv.es/#/schema/logo/image/","url":"https://cpi-europe.upv.es/wp-content/uploads/2020/12/logo-cpi-web-ok.png","contentUrl":"https://cpi-europe.upv.es/wp-content/uploads/2020/12/logo-cpi-web-ok.png","width":869,"height":111,"caption":"CPI Europe"},"image":{"@id":"https://cpi-europe.upv.es/#/schema/logo/image/"},"sameAs":["https://www.facebook.com/UPV","https://x.com/UPV","https://www.instagram.com/instaUPV/"]}]}</script>
<!-- / Yoast SEO plugin. -->

Infoday Nacional Horizonte Europa Clúster 5 - Movilidad | CPI EUROPE

El 19 de enero de 2023 tendrá lugar en el salón de actos de CDTI (solo en formato FÍSICO) el Infoday Nacional del Clúster 5 centrado en Movilidad, para informar de las oportunidades del programa de trabajo (WP 2023-2024). Se abordarán las novedades que incorpora este programa de trabajo, sus partenariados correspondientes, la nueva financiación &hellip; Infoday Nacional Horizonte Europa Clúster 5 &#8211; Movilidad Read More »
