{"id":2879,"date":"2022-11-16T13:24:41","date_gmt":"2022-11-16T12:24:41","guid":{"rendered":"https:\/\/cpi-europe.upv.es\/eventos\/lanzamiento-cl5-6-copy\/"},"modified":"2022-11-16T13:29:09","modified_gmt":"2022-11-16T12:29:09","slug":"infoday-nacional-cl5-6","status":"publish","type":"mec-events","link":"https:\/\/cpi-europe.upv.es\/en\/eventos\/infoday-nacional-cl5-6\/","title":{"rendered":"Infoday Nacional Cl\u00faster 5 y 6"},"content":{"rendered":"<p>El 21 de diciembre tendr\u00e1 lugar en el sal\u00f3n de actos de CDTI (en formato h\u00edbrido) el Infoday Nacional del Cl\u00faster 6 y Cl\u00faster 5 para informar de las oportunidades del programa de trabajo (WP2023-2024) y las convocatorias del 2023 que abrir\u00e1n el 22 de diciembre 2022.<br \/>\nEn la jornada participar\u00e1n representantes de la CE, que informar\u00e1n del contenido y estructura de las convocatorias. Tambi\u00e9n se abordar\u00e1n las novedades que incorpora este programa de trabajo, como la financiaci\u00f3n \u201clump sum\u201d y el \u201ccascade funding\u201d, la evaluaci\u00f3n ciega, la actualizaci\u00f3n de la EIP de agricultura y otras cuestiones relevantes a tener en cuenta por los participantes.<br \/>\nSe dar\u00e1n recomendaciones para preparar una propuesta exitosa por parte de los puntos nacionales de contacto (NCP), y un evaluador y participantes en proyectos compartir\u00e1n su experiencia.<\/p>\n<p>Las personas y entidades que lo deseen podr\u00e1n enviar una idea de proyecto que ser\u00e1 revisada por los NCPs de manera bilateral.<\/p>\n<p>En breve se dispondr\u00e1 de m\u00e1s informaci\u00f3n e inscripci\u00f3n en el siguiente <strong><a href=\"https:\/\/eventos.cdti.es\/EN\/Infoday_CDTI_c5-clima_c6\" target=\"_blank\" rel=\"noopener\">enlace<\/a><\/strong><\/p>","protected":false},"excerpt":{"rendered":"<p>El 21 de diciembre tendr\u00e1 lugar en el sal\u00f3n de actos de CDTI (en formato h\u00edbrido) el Infoday Nacional del Cl\u00faster 6 y Cl\u00faster 5 para informar de las oportunidades del programa de trabajo (WP2023-2024) y las convocatorias del 2023 que abrir\u00e1n el 22 de diciembre 2022. En la jornada participar\u00e1n representantes de la CE, &hellip;<\/p>\n<p class=\"read-more\"> <a class=\"\" href=\"https:\/\/cpi-europe.upv.es\/en\/eventos\/infoday-nacional-cl5-6\/\"> <span class=\"screen-reader-text\">Infoday Nacional Cl\u00faster 5 y 6<\/span> Read More \u00bb<\/a><\/p>","protected":false},"author":2,"featured_media":1358,"comment_status":"closed","ping_status":"closed","template":"","tags":[72,85,91,92],"mec_category":[15],"class_list":["post-2879","mec-events","type-mec-events","status-publish","has-post-thumbnail","hentry","tag-cluster-5","tag-cluster-6","tag-infoday","tag-nacional","mec_category-externos"],"yoast_head":"<!-- This site is optimized with the Yoast SEO plugin v27.1.1 - https:\/\/yoast.com\/product\/yoast-seo-wordpress\/ -->\n<title>Infoday Nacional Cl\u00faster 5 y 6 | CPI EUROPE<\/title>\n<meta name=\"robots\" content=\"index, follow, max-snippet:-1, max-image-preview:large, max-video-preview:-1\" \/>\n<link rel=\"canonical\" href=\"https:\/\/cpi-europe.upv.es\/en\/events\/infoday-nacional-cl5-6\/\" \/>\n<meta property=\"og:locale\" content=\"en_GB\" \/>\n<meta property=\"og:type\" content=\"article\" \/>\n<meta property=\"og:title\" content=\"Infoday Nacional Cl\u00faster 5 y 6 | CPI EUROPE\" \/>\n<meta property=\"og:description\" content=\"El 21 de diciembre tendr\u00e1 lugar en el sal\u00f3n de actos de CDTI (en formato h\u00edbrido) el Infoday Nacional del Cl\u00faster 6 y Cl\u00faster 5 para informar de las oportunidades del programa de trabajo (WP2023-2024) y las convocatorias del 2023 que abrir\u00e1n el 22 de diciembre 2022. En la jornada participar\u00e1n representantes de la CE, &hellip; Infoday Nacional Cl\u00faster 5 y 6 Read More \u00bb\" \/>\n<meta property=\"og:url\" content=\"https:\/\/cpi-europe.upv.es\/en\/events\/infoday-nacional-cl5-6\/\" \/>\n<meta property=\"og:site_name\" content=\"CPI EUROPE\" \/>\n<meta property=\"article:publisher\" content=\"https:\/\/www.facebook.com\/UPV\" \/>\n<meta property=\"article:modified_time\" content=\"2022-11-16T12:29:09+00:00\" \/>\n<meta property=\"og:image\" content=\"https:\/\/cpi-europe.upv.es\/wp-content\/uploads\/2021\/03\/lg-e1614932597643.jpg\" \/>\n\t<meta property=\"og:image:width\" content=\"400\" \/>\n\t<meta property=\"og:image:height\" content=\"174\" \/>\n\t<meta property=\"og:image:type\" content=\"image\/jpeg\" \/>\n<meta name=\"twitter:card\" content=\"summary_large_image\" \/>\n<meta name=\"twitter:site\" content=\"@UPV\" \/>\n<meta name=\"twitter:label1\" content=\"Estimated reading time\" \/>\n\t<meta name=\"twitter:data1\" content=\"1 minute\" \/>\n<script type=\"application\/ld+json\" class=\"yoast-schema-graph\">{\"@context\":\"https:\/\/schema.org\",\"@graph\":[{\"@type\":\"WebPage\",\"@id\":\"https:\/\/cpi-europe.upv.es\/en\/events\/infoday-nacional-cl5-6\/\",\"url\":\"https:\/\/cpi-europe.upv.es\/en\/events\/infoday-nacional-cl5-6\/\",\"name\":\"Infoday Nacional Cl\u00faster 5 y 6 | CPI EUROPE\",\"isPartOf\":{\"@id\":\"https:\/\/cpi-europe.upv.es\/#website\"},\"primaryImageOfPage\":{\"@id\":\"https:\/\/cpi-europe.upv.es\/en\/events\/infoday-nacional-cl5-6\/#primaryimage\"},\"image\":{\"@id\":\"https:\/\/cpi-europe.upv.es\/en\/events\/infoday-nacional-cl5-6\/#primaryimage\"},\"thumbnailUrl\":\"https:\/\/cpi-europe.upv.es\/wp-content\/uploads\/2021\/03\/lg-e1614932597643.jpg\",\"datePublished\":\"2022-11-16T12:24:41+00:00\",\"dateModified\":\"2022-11-16T12:29:09+00:00\",\"breadcrumb\":{\"@id\":\"https:\/\/cpi-europe.upv.es\/en\/events\/infoday-nacional-cl5-6\/#breadcrumb\"},\"inLanguage\":\"en-GB\",\"potentialAction\":[{\"@type\":\"ReadAction\",\"target\":[\"https:\/\/cpi-europe.upv.es\/en\/events\/infoday-nacional-cl5-6\/\"]}]},{\"@type\":\"ImageObject\",\"inLanguage\":\"en-GB\",\"@id\":\"https:\/\/cpi-europe.upv.es\/en\/events\/infoday-nacional-cl5-6\/#primaryimage\",\"url\":\"https:\/\/cpi-europe.upv.es\/wp-content\/uploads\/2021\/03\/lg-e1614932597643.jpg\",\"contentUrl\":\"https:\/\/cpi-europe.upv.es\/wp-content\/uploads\/2021\/03\/lg-e1614932597643.jpg\",\"width\":400,\"height\":174},{\"@type\":\"BreadcrumbList\",\"@id\":\"https:\/\/cpi-europe.upv.es\/en\/events\/infoday-nacional-cl5-6\/#breadcrumb\",\"itemListElement\":[{\"@type\":\"ListItem\",\"position\":1,\"name\":\"Portada\",\"item\":\"https:\/\/cpi-europe.upv.es\/\"},{\"@type\":\"ListItem\",\"position\":2,\"name\":\"Infoday Nacional Cl\u00faster 5 y 6\"}]},{\"@type\":\"WebSite\",\"@id\":\"https:\/\/cpi-europe.upv.es\/#website\",\"url\":\"https:\/\/cpi-europe.upv.es\/\",\"name\":\"CPI EUROPE\",\"description\":\"\",\"publisher\":{\"@id\":\"https:\/\/cpi-europe.upv.es\/#organization\"},\"potentialAction\":[{\"@type\":\"SearchAction\",\"target\":{\"@type\":\"EntryPoint\",\"urlTemplate\":\"https:\/\/cpi-europe.upv.es\/?s={search_term_string}\"},\"query-input\":{\"@type\":\"PropertyValueSpecification\",\"valueRequired\":true,\"valueName\":\"search_term_string\"}}],\"inLanguage\":\"en-GB\"},{\"@type\":\"Organization\",\"@id\":\"https:\/\/cpi-europe.upv.es\/#organization\",\"name\":\"CPI Europe\",\"url\":\"https:\/\/cpi-europe.upv.es\/\",\"logo\":{\"@type\":\"ImageObject\",\"inLanguage\":\"en-GB\",\"@id\":\"https:\/\/cpi-europe.upv.es\/#\/schema\/logo\/image\/\",\"url\":\"https:\/\/cpi-europe.upv.es\/wp-content\/uploads\/2020\/12\/logo-cpi-web-ok.png\",\"contentUrl\":\"https:\/\/cpi-europe.upv.es\/wp-content\/uploads\/2020\/12\/logo-cpi-web-ok.png\",\"width\":869,\"height\":111,\"caption\":\"CPI Europe\"},\"image\":{\"@id\":\"https:\/\/cpi-europe.upv.es\/#\/schema\/logo\/image\/\"},\"sameAs\":[\"https:\/\/www.facebook.com\/UPV\",\"https:\/\/x.com\/UPV\",\"https:\/\/www.instagram.com\/instaUPV\/\"]}]}<\/script>\n<!-- \/ Yoast SEO plugin. -->","yoast_head_json":{"title":"Infoday Nacional Cl\u00faster 5 y 6 | CPI EUROPE","robots":{"index":"index","follow":"follow","max-snippet":"max-snippet:-1","max-image-preview":"max-image-preview:large","max-video-preview":"max-video-preview:-1"},"canonical":"https:\/\/cpi-europe.upv.es\/en\/events\/infoday-nacional-cl5-6\/","og_locale":"en_GB","og_type":"article","og_title":"Infoday Nacional Cl\u00faster 5 y 6 | CPI EUROPE","og_description":"El 21 de diciembre tendr\u00e1 lugar en el sal\u00f3n de actos de CDTI (en formato h\u00edbrido) el Infoday Nacional del Cl\u00faster 6 y Cl\u00faster 5 para informar de las oportunidades del programa de trabajo (WP2023-2024) y las convocatorias del 2023 que abrir\u00e1n el 22 de diciembre 2022. En la jornada participar\u00e1n representantes de la CE, &hellip; Infoday Nacional Cl\u00faster 5 y 6 Read More \u00bb","og_url":"https:\/\/cpi-europe.upv.es\/en\/events\/infoday-nacional-cl5-6\/","og_site_name":"CPI EUROPE","article_publisher":"https:\/\/www.facebook.com\/UPV","article_modified_time":"2022-11-16T12:29:09+00:00","og_image":[{"width":400,"height":174,"url":"https:\/\/cpi-europe.upv.es\/wp-content\/uploads\/2021\/03\/lg-e1614932597643.jpg","type":"image\/jpeg"}],"twitter_card":"summary_large_image","twitter_site":"@UPV","twitter_misc":{"Estimated reading time":"1 minute"},"schema":{"@context":"https:\/\/schema.org","@graph":[{"@type":"WebPage","@id":"https:\/\/cpi-europe.upv.es\/en\/events\/infoday-nacional-cl5-6\/","url":"https:\/\/cpi-europe.upv.es\/en\/events\/infoday-nacional-cl5-6\/","name":"Infoday Nacional Cl\u00faster 5 y 6 | CPI EUROPE","isPartOf":{"@id":"https:\/\/cpi-europe.upv.es\/#website"},"primaryImageOfPage":{"@id":"https:\/\/cpi-europe.upv.es\/en\/events\/infoday-nacional-cl5-6\/#primaryimage"},"image":{"@id":"https:\/\/cpi-europe.upv.es\/en\/events\/infoday-nacional-cl5-6\/#primaryimage"},"thumbnailUrl":"https:\/\/cpi-europe.upv.es\/wp-content\/uploads\/2021\/03\/lg-e1614932597643.jpg","datePublished":"2022-11-16T12:24:41+00:00","dateModified":"2022-11-16T12:29:09+00:00","breadcrumb":{"@id":"https:\/\/cpi-europe.upv.es\/en\/events\/infoday-nacional-cl5-6\/#breadcrumb"},"inLanguage":"en-GB","potentialAction":[{"@type":"ReadAction","target":["https:\/\/cpi-europe.upv.es\/en\/events\/infoday-nacional-cl5-6\/"]}]},{"@type":"ImageObject","inLanguage":"en-GB","@id":"https:\/\/cpi-europe.upv.es\/en\/events\/infoday-nacional-cl5-6\/#primaryimage","url":"https:\/\/cpi-europe.upv.es\/wp-content\/uploads\/2021\/03\/lg-e1614932597643.jpg","contentUrl":"https:\/\/cpi-europe.upv.es\/wp-content\/uploads\/2021\/03\/lg-e1614932597643.jpg","width":400,"height":174},{"@type":"BreadcrumbList","@id":"https:\/\/cpi-europe.upv.es\/en\/events\/infoday-nacional-cl5-6\/#breadcrumb","itemListElement":[{"@type":"ListItem","position":1,"name":"Portada","item":"https:\/\/cpi-europe.upv.es\/"},{"@type":"ListItem","position":2,"name":"Infoday Nacional Cl\u00faster 5 y 6"}]},{"@type":"WebSite","@id":"https:\/\/cpi-europe.upv.es\/#website","url":"https:\/\/cpi-europe.upv.es\/","name":"CPI EUROPE","description":"","publisher":{"@id":"https:\/\/cpi-europe.upv.es\/#organization"},"potentialAction":[{"@type":"SearchAction","target":{"@type":"EntryPoint","urlTemplate":"https:\/\/cpi-europe.upv.es\/?s={search_term_string}"},"query-input":{"@type":"PropertyValueSpecification","valueRequired":true,"valueName":"search_term_string"}}],"inLanguage":"en-GB"},{"@type":"Organization","@id":"https:\/\/cpi-europe.upv.es\/#organization","name":"CPI Europe","url":"https:\/\/cpi-europe.upv.es\/","logo":{"@type":"ImageObject","inLanguage":"en-GB","@id":"https:\/\/cpi-europe.upv.es\/#\/schema\/logo\/image\/","url":"https:\/\/cpi-europe.upv.es\/wp-content\/uploads\/2020\/12\/logo-cpi-web-ok.png","contentUrl":"https:\/\/cpi-europe.upv.es\/wp-content\/uploads\/2020\/12\/logo-cpi-web-ok.png","width":869,"height":111,"caption":"CPI Europe"},"image":{"@id":"https:\/\/cpi-europe.upv.es\/#\/schema\/logo\/image\/"},"sameAs":["https:\/\/www.facebook.com\/UPV","https:\/\/x.com\/UPV","https:\/\/www.instagram.com\/instaUPV\/"]}]}},"_links":{"self":[{"href":"https:\/\/cpi-europe.upv.es\/en\/wp-json\/wp\/v2\/mec-events\/2879","targetHints":{"allow":["GET"]}}],"collection":[{"href":"https:\/\/cpi-europe.upv.es\/en\/wp-json\/wp\/v2\/mec-events"}],"about":[{"href":"https:\/\/cpi-europe.upv.es\/en\/wp-json\/wp\/v2\/types\/mec-events"}],"author":[{"embeddable":true,"href":"https:\/\/cpi-europe.upv.es\/en\/wp-json\/wp\/v2\/users\/2"}],"replies":[{"embeddable":true,"href":"https:\/\/cpi-europe.upv.es\/en\/wp-json\/wp\/v2\/comments?post=2879"}],"wp:featuredmedia":[{"embeddable":true,"href":"https:\/\/cpi-europe.upv.es\/en\/wp-json\/wp\/v2\/media\/1358"}],"wp:attachment":[{"href":"https:\/\/cpi-europe.upv.es\/en\/wp-json\/wp\/v2\/media?parent=2879"}],"wp:term":[{"taxonomy":"post_tag","embeddable":true,"href":"https:\/\/cpi-europe.upv.es\/en\/wp-json\/wp\/v2\/tags?post=2879"},{"taxonomy":"mec_category","embeddable":true,"href":"https:\/\/cpi-europe.upv.es\/en\/wp-json\/wp\/v2\/mec_category?post=2879"}],"curies":[{"name":"wp","href":"https:\/\/api.w.org\/{rel}","templated":true}]}}

Infoday Nacional Clúster 5 y 6

<p>El 21 de diciembre tendrá lugar en el salón de actos de CDTI (en formato híbrido) el Infoday Nacional del Clúster 6 y Clúster 5 para informar de las oportunidades del programa de trabajo (WP2023-2024) y las convocatorias del 2023 que abrirán el 22 de diciembre 2022.<br />
En la jornada participarán representantes de la CE, que informarán del contenido y estructura de las convocatorias. También se abordarán las novedades que incorpora este programa de trabajo, como la financiación “lump sum” y el “cascade funding”, la evaluación ciega, la actualización de la EIP de agricultura y otras cuestiones relevantes a tener en cuenta por los participantes.<br />
Se darán recomendaciones para preparar una propuesta exitosa por parte de los puntos nacionales de contacto (NCP), y un evaluador y participantes en proyectos compartirán su experiencia.</p>
<p>Las personas y entidades que lo deseen podrán enviar una idea de proyecto que será revisada por los NCPs de manera bilateral.</p>
<p>En breve se dispondrá de más información e inscripción en el siguiente <strong><a href="https://eventos.cdti.es/EN/Infoday_CDTI_c5-clima_c6" target="_blank" rel="noopener">enlace</a></strong></p>

<p>El 21 de diciembre tendrá lugar en el salón de actos de CDTI (en formato híbrido) el Infoday Nacional del Clúster 6 y Clúster 5 para informar de las oportunidades del programa de trabajo (WP2023-2024) y las convocatorias del 2023 que abrirán el 22 de diciembre 2022. En la jornada participarán representantes de la CE, &hellip;</p>
<p class="read-more"> <a class="" href="https://cpi-europe.upv.es/en/eventos/infoday-nacional-cl5-6/"> <span class="screen-reader-text">Infoday Nacional Clúster 5 y 6</span> Read More »</a></p>

<!-- This site is optimized with the Yoast SEO plugin v27.1.1 - https://yoast.com/product/yoast-seo-wordpress/ -->
<title>Infoday Nacional Clúster 5 y 6 | CPI EUROPE</title>
<meta name="robots" content="index, follow, max-snippet:-1, max-image-preview:large, max-video-preview:-1" />
<link rel="canonical" href="https://cpi-europe.upv.es/en/events/infoday-nacional-cl5-6/" />
<meta property="og:locale" content="en_GB" />
<meta property="og:type" content="article" />
<meta property="og:title" content="Infoday Nacional Clúster 5 y 6 | CPI EUROPE" />
<meta property="og:description" content="El 21 de diciembre tendrá lugar en el salón de actos de CDTI (en formato híbrido) el Infoday Nacional del Clúster 6 y Clúster 5 para informar de las oportunidades del programa de trabajo (WP2023-2024) y las convocatorias del 2023 que abrirán el 22 de diciembre 2022. En la jornada participarán representantes de la CE, &hellip; Infoday Nacional Clúster 5 y 6 Read More »" />
<meta property="og:url" content="https://cpi-europe.upv.es/en/events/infoday-nacional-cl5-6/" />
<meta property="og:site_name" content="CPI EUROPE" />
<meta property="article:publisher" content="https://www.facebook.com/UPV" />
<meta property="article:modified_time" content="2022-11-16T12:29:09+00:00" />
<meta property="og:image" content="https://cpi-europe.upv.es/wp-content/uploads/2021/03/lg-e1614932597643.jpg" />
	<meta property="og:image:width" content="400" />
	<meta property="og:image:height" content="174" />
	<meta property="og:image:type" content="image/jpeg" />
<meta name="twitter:card" content="summary_large_image" />
<meta name="twitter:site" content="@UPV" />
<meta name="twitter:label1" content="Estimated reading time" />
	<meta name="twitter:data1" content="1 minute" />
<script type="application/ld+json" class="yoast-schema-graph">{"@context":"https://schema.org","@graph":[{"@type":"WebPage","@id":"https://cpi-europe.upv.es/en/events/infoday-nacional-cl5-6/","url":"https://cpi-europe.upv.es/en/events/infoday-nacional-cl5-6/","name":"Infoday Nacional Clúster 5 y 6 | CPI EUROPE","isPartOf":{"@id":"https://cpi-europe.upv.es/#website"},"primaryImageOfPage":{"@id":"https://cpi-europe.upv.es/en/events/infoday-nacional-cl5-6/#primaryimage"},"image":{"@id":"https://cpi-europe.upv.es/en/events/infoday-nacional-cl5-6/#primaryimage"},"thumbnailUrl":"https://cpi-europe.upv.es/wp-content/uploads/2021/03/lg-e1614932597643.jpg","datePublished":"2022-11-16T12:24:41+00:00","dateModified":"2022-11-16T12:29:09+00:00","breadcrumb":{"@id":"https://cpi-europe.upv.es/en/events/infoday-nacional-cl5-6/#breadcrumb"},"inLanguage":"en-GB","potentialAction":[{"@type":"ReadAction","target":["https://cpi-europe.upv.es/en/events/infoday-nacional-cl5-6/"]}]},{"@type":"ImageObject","inLanguage":"en-GB","@id":"https://cpi-europe.upv.es/en/events/infoday-nacional-cl5-6/#primaryimage","url":"https://cpi-europe.upv.es/wp-content/uploads/2021/03/lg-e1614932597643.jpg","contentUrl":"https://cpi-europe.upv.es/wp-content/uploads/2021/03/lg-e1614932597643.jpg","width":400,"height":174},{"@type":"BreadcrumbList","@id":"https://cpi-europe.upv.es/en/events/infoday-nacional-cl5-6/#breadcrumb","itemListElement":[{"@type":"ListItem","position":1,"name":"Portada","item":"https://cpi-europe.upv.es/"},{"@type":"ListItem","position":2,"name":"Infoday Nacional Clúster 5 y 6"}]},{"@type":"WebSite","@id":"https://cpi-europe.upv.es/#website","url":"https://cpi-europe.upv.es/","name":"CPI EUROPE","description":"","publisher":{"@id":"https://cpi-europe.upv.es/#organization"},"potentialAction":[{"@type":"SearchAction","target":{"@type":"EntryPoint","urlTemplate":"https://cpi-europe.upv.es/?s={search_term_string}"},"query-input":{"@type":"PropertyValueSpecification","valueRequired":true,"valueName":"search_term_string"}}],"inLanguage":"en-GB"},{"@type":"Organization","@id":"https://cpi-europe.upv.es/#organization","name":"CPI Europe","url":"https://cpi-europe.upv.es/","logo":{"@type":"ImageObject","inLanguage":"en-GB","@id":"https://cpi-europe.upv.es/#/schema/logo/image/","url":"https://cpi-europe.upv.es/wp-content/uploads/2020/12/logo-cpi-web-ok.png","contentUrl":"https://cpi-europe.upv.es/wp-content/uploads/2020/12/logo-cpi-web-ok.png","width":869,"height":111,"caption":"CPI Europe"},"image":{"@id":"https://cpi-europe.upv.es/#/schema/logo/image/"},"sameAs":["https://www.facebook.com/UPV","https://x.com/UPV","https://www.instagram.com/instaUPV/"]}]}</script>
<!-- / Yoast SEO plugin. -->

Infoday Nacional Clúster 5 y 6 | CPI EUROPE

El 21 de diciembre tendrá lugar en el salón de actos de CDTI (en formato híbrido) el Infoday Nacional del Clúster 6 y Clúster 5 para informar de las oportunidades del programa de trabajo (WP2023-2024) y las convocatorias del 2023 que abrirán el 22 de diciembre 2022. En la jornada participarán representantes de la CE, &hellip; Infoday Nacional Clúster 5 y 6 Read More »
