{"id":1752,"date":"2021-11-09T09:23:06","date_gmt":"2021-11-09T08:23:06","guid":{"rendered":"https:\/\/cpi-europe.upv.es\/eventos\/webinar-he-mision-cancer-copy\/"},"modified":"2021-11-29T12:45:12","modified_gmt":"2021-11-29T11:45:12","slug":"curso_eic_accelerator","status":"publish","type":"mec-events","link":"https:\/\/cpi-europe.upv.es\/en\/eventos\/curso_eic_accelerator\/","title":{"rendered":"Curso EIC Accelerator"},"content":{"rendered":"<p>CPI EUROPE organiza el <strong>2 de diciembre<\/strong> el curso con t\u00edtulo <strong>\u201cEIC Accelerator: Caracter\u00edsticas y claves para la preparaci\u00f3n de propuestas\u201d<\/strong>.\u00a0Este curso ser\u00e1 impartido en castellano por Valent\u00edn Polo (PNO), consultor especialista con experiencia en este programa de financiaci\u00f3n.<\/p>\n<p>En modalidad presencial y gratuita, est\u00e1 destinado a personal UPV o personal externo, con v\u00ednculo con una empresa spin-off UPV existente (participada o no participada) o en fase de creaci\u00f3n. Ser\u00e1 requisito indispensable describir dicho v\u00ednculo en el formulario de inscripci\u00f3n para ser admitido en el curso.<\/p>\n<p>Las 20 plazas del curso ya est\u00e1n cubiertas pero la inscripci\u00f3n permanecer\u00e1 abierta para crear una lista de espera en caso de posibles vacantes.<\/p>\n<p>Puede consultarse la <strong>agenda<\/strong> aqu\u00ed: <a href=\"https:\/\/cpi-europe.upv.es\/wp-content\/uploads\/2021\/11\/FLYER-Accelerator-1.pdf\" target=\"_blank\" rel=\"noopener\">Agenda Curso EIC Accelerator<\/a><\/p>","protected":false},"excerpt":{"rendered":"<p>CPI EUROPE organiza el 2 de diciembre el curso con t\u00edtulo \u201cEIC Accelerator: Caracter\u00edsticas y claves para la preparaci\u00f3n de propuestas\u201d.\u00a0Este curso ser\u00e1 impartido en castellano por Valent\u00edn Polo (PNO), consultor especialista con experiencia en este programa de financiaci\u00f3n. En modalidad presencial y gratuita, est\u00e1 destinado a personal UPV o personal externo, con v\u00ednculo con &hellip;<\/p>\n<p class=\"read-more\"> <a class=\"\" href=\"https:\/\/cpi-europe.upv.es\/en\/eventos\/curso_eic_accelerator\/\"> <span class=\"screen-reader-text\">Curso EIC Accelerator<\/span> Read More \u00bb<\/a><\/p>","protected":false},"author":4,"featured_media":781,"comment_status":"closed","ping_status":"closed","template":"","tags":[],"mec_category":[14],"class_list":["post-1752","mec-events","type-mec-events","status-publish","has-post-thumbnail","hentry","mec_category-propios"],"yoast_head":"<!-- This site is optimized with the Yoast SEO plugin v27.1.1 - https:\/\/yoast.com\/product\/yoast-seo-wordpress\/ -->\n<title>Curso EIC Accelerator | CPI EUROPE<\/title>\n<meta name=\"robots\" content=\"index, follow, max-snippet:-1, max-image-preview:large, max-video-preview:-1\" \/>\n<link rel=\"canonical\" href=\"https:\/\/cpi-europe.upv.es\/en\/eventos\/curso_eic_accelerator\/\" \/>\n<meta property=\"og:locale\" content=\"en_GB\" \/>\n<meta property=\"og:type\" content=\"article\" \/>\n<meta property=\"og:title\" content=\"Curso EIC Accelerator | CPI EUROPE\" \/>\n<meta property=\"og:description\" content=\"CPI EUROPE organiza el 2 de diciembre el curso con t\u00edtulo \u201cEIC Accelerator: Caracter\u00edsticas y claves para la preparaci\u00f3n de propuestas\u201d.\u00a0Este curso ser\u00e1 impartido en castellano por Valent\u00edn Polo (PNO), consultor especialista con experiencia en este programa de financiaci\u00f3n. En modalidad presencial y gratuita, est\u00e1 destinado a personal UPV o personal externo, con v\u00ednculo con &hellip; Curso EIC Accelerator Read More \u00bb\" \/>\n<meta property=\"og:url\" content=\"https:\/\/cpi-europe.upv.es\/en\/eventos\/curso_eic_accelerator\/\" \/>\n<meta property=\"og:site_name\" content=\"CPI EUROPE\" \/>\n<meta property=\"article:publisher\" content=\"https:\/\/www.facebook.com\/UPV\" \/>\n<meta property=\"article:modified_time\" content=\"2021-11-29T11:45:12+00:00\" \/>\n<meta property=\"og:image\" content=\"https:\/\/cpi-europe.upv.es\/wp-content\/uploads\/2021\/01\/slider-collage-2.jpg\" \/>\n\t<meta property=\"og:image:width\" content=\"2000\" \/>\n\t<meta property=\"og:image:height\" content=\"846\" \/>\n\t<meta property=\"og:image:type\" content=\"image\/jpeg\" \/>\n<meta name=\"twitter:card\" content=\"summary_large_image\" \/>\n<meta name=\"twitter:site\" content=\"@UPV\" \/>\n<meta name=\"twitter:label1\" content=\"Estimated reading time\" \/>\n\t<meta name=\"twitter:data1\" content=\"1 minute\" \/>\n<script type=\"application\/ld+json\" class=\"yoast-schema-graph\">{\"@context\":\"https:\/\/schema.org\",\"@graph\":[{\"@type\":\"WebPage\",\"@id\":\"https:\/\/cpi-europe.upv.es\/eventos\/curso_eic_accelerator\/\",\"url\":\"https:\/\/cpi-europe.upv.es\/eventos\/curso_eic_accelerator\/\",\"name\":\"Curso EIC Accelerator | CPI EUROPE\",\"isPartOf\":{\"@id\":\"https:\/\/cpi-europe.upv.es\/#website\"},\"primaryImageOfPage\":{\"@id\":\"https:\/\/cpi-europe.upv.es\/eventos\/curso_eic_accelerator\/#primaryimage\"},\"image\":{\"@id\":\"https:\/\/cpi-europe.upv.es\/eventos\/curso_eic_accelerator\/#primaryimage\"},\"thumbnailUrl\":\"https:\/\/cpi-europe.upv.es\/wp-content\/uploads\/2021\/01\/slider-collage-2.jpg\",\"datePublished\":\"2021-11-09T08:23:06+00:00\",\"dateModified\":\"2021-11-29T11:45:12+00:00\",\"breadcrumb\":{\"@id\":\"https:\/\/cpi-europe.upv.es\/eventos\/curso_eic_accelerator\/#breadcrumb\"},\"inLanguage\":\"en-GB\",\"potentialAction\":[{\"@type\":\"ReadAction\",\"target\":[\"https:\/\/cpi-europe.upv.es\/eventos\/curso_eic_accelerator\/\"]}]},{\"@type\":\"ImageObject\",\"inLanguage\":\"en-GB\",\"@id\":\"https:\/\/cpi-europe.upv.es\/eventos\/curso_eic_accelerator\/#primaryimage\",\"url\":\"https:\/\/cpi-europe.upv.es\/wp-content\/uploads\/2021\/01\/slider-collage-2.jpg\",\"contentUrl\":\"https:\/\/cpi-europe.upv.es\/wp-content\/uploads\/2021\/01\/slider-collage-2.jpg\",\"width\":2000,\"height\":846},{\"@type\":\"BreadcrumbList\",\"@id\":\"https:\/\/cpi-europe.upv.es\/eventos\/curso_eic_accelerator\/#breadcrumb\",\"itemListElement\":[{\"@type\":\"ListItem\",\"position\":1,\"name\":\"Portada\",\"item\":\"https:\/\/cpi-europe.upv.es\/\"},{\"@type\":\"ListItem\",\"position\":2,\"name\":\"Curso EIC Accelerator\"}]},{\"@type\":\"WebSite\",\"@id\":\"https:\/\/cpi-europe.upv.es\/#website\",\"url\":\"https:\/\/cpi-europe.upv.es\/\",\"name\":\"CPI EUROPE\",\"description\":\"\",\"publisher\":{\"@id\":\"https:\/\/cpi-europe.upv.es\/#organization\"},\"potentialAction\":[{\"@type\":\"SearchAction\",\"target\":{\"@type\":\"EntryPoint\",\"urlTemplate\":\"https:\/\/cpi-europe.upv.es\/?s={search_term_string}\"},\"query-input\":{\"@type\":\"PropertyValueSpecification\",\"valueRequired\":true,\"valueName\":\"search_term_string\"}}],\"inLanguage\":\"en-GB\"},{\"@type\":\"Organization\",\"@id\":\"https:\/\/cpi-europe.upv.es\/#organization\",\"name\":\"CPI Europe\",\"url\":\"https:\/\/cpi-europe.upv.es\/\",\"logo\":{\"@type\":\"ImageObject\",\"inLanguage\":\"en-GB\",\"@id\":\"https:\/\/cpi-europe.upv.es\/#\/schema\/logo\/image\/\",\"url\":\"https:\/\/cpi-europe.upv.es\/wp-content\/uploads\/2020\/12\/logo-cpi-web-ok.png\",\"contentUrl\":\"https:\/\/cpi-europe.upv.es\/wp-content\/uploads\/2020\/12\/logo-cpi-web-ok.png\",\"width\":869,\"height\":111,\"caption\":\"CPI Europe\"},\"image\":{\"@id\":\"https:\/\/cpi-europe.upv.es\/#\/schema\/logo\/image\/\"},\"sameAs\":[\"https:\/\/www.facebook.com\/UPV\",\"https:\/\/x.com\/UPV\",\"https:\/\/www.instagram.com\/instaUPV\/\"]}]}<\/script>\n<!-- \/ Yoast SEO plugin. -->","yoast_head_json":{"title":"Curso EIC Accelerator | CPI EUROPE","robots":{"index":"index","follow":"follow","max-snippet":"max-snippet:-1","max-image-preview":"max-image-preview:large","max-video-preview":"max-video-preview:-1"},"canonical":"https:\/\/cpi-europe.upv.es\/en\/eventos\/curso_eic_accelerator\/","og_locale":"en_GB","og_type":"article","og_title":"Curso EIC Accelerator | CPI EUROPE","og_description":"CPI EUROPE organiza el 2 de diciembre el curso con t\u00edtulo \u201cEIC Accelerator: Caracter\u00edsticas y claves para la preparaci\u00f3n de propuestas\u201d.\u00a0Este curso ser\u00e1 impartido en castellano por Valent\u00edn Polo (PNO), consultor especialista con experiencia en este programa de financiaci\u00f3n. En modalidad presencial y gratuita, est\u00e1 destinado a personal UPV o personal externo, con v\u00ednculo con &hellip; Curso EIC Accelerator Read More \u00bb","og_url":"https:\/\/cpi-europe.upv.es\/en\/eventos\/curso_eic_accelerator\/","og_site_name":"CPI EUROPE","article_publisher":"https:\/\/www.facebook.com\/UPV","article_modified_time":"2021-11-29T11:45:12+00:00","og_image":[{"width":2000,"height":846,"url":"https:\/\/cpi-europe.upv.es\/wp-content\/uploads\/2021\/01\/slider-collage-2.jpg","type":"image\/jpeg"}],"twitter_card":"summary_large_image","twitter_site":"@UPV","twitter_misc":{"Estimated reading time":"1 minute"},"schema":{"@context":"https:\/\/schema.org","@graph":[{"@type":"WebPage","@id":"https:\/\/cpi-europe.upv.es\/eventos\/curso_eic_accelerator\/","url":"https:\/\/cpi-europe.upv.es\/eventos\/curso_eic_accelerator\/","name":"Curso EIC Accelerator | CPI EUROPE","isPartOf":{"@id":"https:\/\/cpi-europe.upv.es\/#website"},"primaryImageOfPage":{"@id":"https:\/\/cpi-europe.upv.es\/eventos\/curso_eic_accelerator\/#primaryimage"},"image":{"@id":"https:\/\/cpi-europe.upv.es\/eventos\/curso_eic_accelerator\/#primaryimage"},"thumbnailUrl":"https:\/\/cpi-europe.upv.es\/wp-content\/uploads\/2021\/01\/slider-collage-2.jpg","datePublished":"2021-11-09T08:23:06+00:00","dateModified":"2021-11-29T11:45:12+00:00","breadcrumb":{"@id":"https:\/\/cpi-europe.upv.es\/eventos\/curso_eic_accelerator\/#breadcrumb"},"inLanguage":"en-GB","potentialAction":[{"@type":"ReadAction","target":["https:\/\/cpi-europe.upv.es\/eventos\/curso_eic_accelerator\/"]}]},{"@type":"ImageObject","inLanguage":"en-GB","@id":"https:\/\/cpi-europe.upv.es\/eventos\/curso_eic_accelerator\/#primaryimage","url":"https:\/\/cpi-europe.upv.es\/wp-content\/uploads\/2021\/01\/slider-collage-2.jpg","contentUrl":"https:\/\/cpi-europe.upv.es\/wp-content\/uploads\/2021\/01\/slider-collage-2.jpg","width":2000,"height":846},{"@type":"BreadcrumbList","@id":"https:\/\/cpi-europe.upv.es\/eventos\/curso_eic_accelerator\/#breadcrumb","itemListElement":[{"@type":"ListItem","position":1,"name":"Portada","item":"https:\/\/cpi-europe.upv.es\/"},{"@type":"ListItem","position":2,"name":"Curso EIC Accelerator"}]},{"@type":"WebSite","@id":"https:\/\/cpi-europe.upv.es\/#website","url":"https:\/\/cpi-europe.upv.es\/","name":"CPI EUROPE","description":"","publisher":{"@id":"https:\/\/cpi-europe.upv.es\/#organization"},"potentialAction":[{"@type":"SearchAction","target":{"@type":"EntryPoint","urlTemplate":"https:\/\/cpi-europe.upv.es\/?s={search_term_string}"},"query-input":{"@type":"PropertyValueSpecification","valueRequired":true,"valueName":"search_term_string"}}],"inLanguage":"en-GB"},{"@type":"Organization","@id":"https:\/\/cpi-europe.upv.es\/#organization","name":"CPI Europe","url":"https:\/\/cpi-europe.upv.es\/","logo":{"@type":"ImageObject","inLanguage":"en-GB","@id":"https:\/\/cpi-europe.upv.es\/#\/schema\/logo\/image\/","url":"https:\/\/cpi-europe.upv.es\/wp-content\/uploads\/2020\/12\/logo-cpi-web-ok.png","contentUrl":"https:\/\/cpi-europe.upv.es\/wp-content\/uploads\/2020\/12\/logo-cpi-web-ok.png","width":869,"height":111,"caption":"CPI Europe"},"image":{"@id":"https:\/\/cpi-europe.upv.es\/#\/schema\/logo\/image\/"},"sameAs":["https:\/\/www.facebook.com\/UPV","https:\/\/x.com\/UPV","https:\/\/www.instagram.com\/instaUPV\/"]}]}},"_links":{"self":[{"href":"https:\/\/cpi-europe.upv.es\/en\/wp-json\/wp\/v2\/mec-events\/1752","targetHints":{"allow":["GET"]}}],"collection":[{"href":"https:\/\/cpi-europe.upv.es\/en\/wp-json\/wp\/v2\/mec-events"}],"about":[{"href":"https:\/\/cpi-europe.upv.es\/en\/wp-json\/wp\/v2\/types\/mec-events"}],"author":[{"embeddable":true,"href":"https:\/\/cpi-europe.upv.es\/en\/wp-json\/wp\/v2\/users\/4"}],"replies":[{"embeddable":true,"href":"https:\/\/cpi-europe.upv.es\/en\/wp-json\/wp\/v2\/comments?post=1752"}],"wp:featuredmedia":[{"embeddable":true,"href":"https:\/\/cpi-europe.upv.es\/en\/wp-json\/wp\/v2\/media\/781"}],"wp:attachment":[{"href":"https:\/\/cpi-europe.upv.es\/en\/wp-json\/wp\/v2\/media?parent=1752"}],"wp:term":[{"taxonomy":"post_tag","embeddable":true,"href":"https:\/\/cpi-europe.upv.es\/en\/wp-json\/wp\/v2\/tags?post=1752"},{"taxonomy":"mec_category","embeddable":true,"href":"https:\/\/cpi-europe.upv.es\/en\/wp-json\/wp\/v2\/mec_category?post=1752"}],"curies":[{"name":"wp","href":"https:\/\/api.w.org\/{rel}","templated":true}]}}

<p>CPI EUROPE organiza el <strong>2 de diciembre</strong> el curso con título <strong>“EIC Accelerator: Características y claves para la preparación de propuestas”</strong>. Este curso será impartido en castellano por Valentín Polo (PNO), consultor especialista con experiencia en este programa de financiación.</p>
<p>En modalidad presencial y gratuita, está destinado a personal UPV o personal externo, con vínculo con una empresa spin-off UPV existente (participada o no participada) o en fase de creación. Será requisito indispensable describir dicho vínculo en el formulario de inscripción para ser admitido en el curso.</p>
<p>Las 20 plazas del curso ya están cubiertas pero la inscripción permanecerá abierta para crear una lista de espera en caso de posibles vacantes.</p>
<p>Puede consultarse la <strong>agenda</strong> aquí: <a href="https://cpi-europe.upv.es/wp-content/uploads/2021/11/FLYER-Accelerator-1.pdf" target="_blank" rel="noopener">Agenda Curso EIC Accelerator</a></p>

<p>CPI EUROPE organiza el 2 de diciembre el curso con título “EIC Accelerator: Características y claves para la preparación de propuestas”. Este curso será impartido en castellano por Valentín Polo (PNO), consultor especialista con experiencia en este programa de financiación. En modalidad presencial y gratuita, está destinado a personal UPV o personal externo, con vínculo con &hellip;</p>
<p class="read-more"> <a class="" href="https://cpi-europe.upv.es/en/eventos/curso_eic_accelerator/"> <span class="screen-reader-text">Curso EIC Accelerator</span> Read More »</a></p>

<!-- This site is optimized with the Yoast SEO plugin v27.1.1 - https://yoast.com/product/yoast-seo-wordpress/ -->
<title>Curso EIC Accelerator | CPI EUROPE</title>
<meta name="robots" content="index, follow, max-snippet:-1, max-image-preview:large, max-video-preview:-1" />
<link rel="canonical" href="https://cpi-europe.upv.es/en/eventos/curso_eic_accelerator/" />
<meta property="og:locale" content="en_GB" />
<meta property="og:type" content="article" />
<meta property="og:title" content="Curso EIC Accelerator | CPI EUROPE" />
<meta property="og:description" content="CPI EUROPE organiza el 2 de diciembre el curso con título “EIC Accelerator: Características y claves para la preparación de propuestas”. Este curso será impartido en castellano por Valentín Polo (PNO), consultor especialista con experiencia en este programa de financiación. En modalidad presencial y gratuita, está destinado a personal UPV o personal externo, con vínculo con &hellip; Curso EIC Accelerator Read More »" />
<meta property="og:url" content="https://cpi-europe.upv.es/en/eventos/curso_eic_accelerator/" />
<meta property="og:site_name" content="CPI EUROPE" />
<meta property="article:publisher" content="https://www.facebook.com/UPV" />
<meta property="article:modified_time" content="2021-11-29T11:45:12+00:00" />
<meta property="og:image" content="https://cpi-europe.upv.es/wp-content/uploads/2021/01/slider-collage-2.jpg" />
	<meta property="og:image:width" content="2000" />
	<meta property="og:image:height" content="846" />
	<meta property="og:image:type" content="image/jpeg" />
<meta name="twitter:card" content="summary_large_image" />
<meta name="twitter:site" content="@UPV" />
<meta name="twitter:label1" content="Estimated reading time" />
	<meta name="twitter:data1" content="1 minute" />
<script type="application/ld+json" class="yoast-schema-graph">{"@context":"https://schema.org","@graph":[{"@type":"WebPage","@id":"https://cpi-europe.upv.es/eventos/curso_eic_accelerator/","url":"https://cpi-europe.upv.es/eventos/curso_eic_accelerator/","name":"Curso EIC Accelerator | CPI EUROPE","isPartOf":{"@id":"https://cpi-europe.upv.es/#website"},"primaryImageOfPage":{"@id":"https://cpi-europe.upv.es/eventos/curso_eic_accelerator/#primaryimage"},"image":{"@id":"https://cpi-europe.upv.es/eventos/curso_eic_accelerator/#primaryimage"},"thumbnailUrl":"https://cpi-europe.upv.es/wp-content/uploads/2021/01/slider-collage-2.jpg","datePublished":"2021-11-09T08:23:06+00:00","dateModified":"2021-11-29T11:45:12+00:00","breadcrumb":{"@id":"https://cpi-europe.upv.es/eventos/curso_eic_accelerator/#breadcrumb"},"inLanguage":"en-GB","potentialAction":[{"@type":"ReadAction","target":["https://cpi-europe.upv.es/eventos/curso_eic_accelerator/"]}]},{"@type":"ImageObject","inLanguage":"en-GB","@id":"https://cpi-europe.upv.es/eventos/curso_eic_accelerator/#primaryimage","url":"https://cpi-europe.upv.es/wp-content/uploads/2021/01/slider-collage-2.jpg","contentUrl":"https://cpi-europe.upv.es/wp-content/uploads/2021/01/slider-collage-2.jpg","width":2000,"height":846},{"@type":"BreadcrumbList","@id":"https://cpi-europe.upv.es/eventos/curso_eic_accelerator/#breadcrumb","itemListElement":[{"@type":"ListItem","position":1,"name":"Portada","item":"https://cpi-europe.upv.es/"},{"@type":"ListItem","position":2,"name":"Curso EIC Accelerator"}]},{"@type":"WebSite","@id":"https://cpi-europe.upv.es/#website","url":"https://cpi-europe.upv.es/","name":"CPI EUROPE","description":"","publisher":{"@id":"https://cpi-europe.upv.es/#organization"},"potentialAction":[{"@type":"SearchAction","target":{"@type":"EntryPoint","urlTemplate":"https://cpi-europe.upv.es/?s={search_term_string}"},"query-input":{"@type":"PropertyValueSpecification","valueRequired":true,"valueName":"search_term_string"}}],"inLanguage":"en-GB"},{"@type":"Organization","@id":"https://cpi-europe.upv.es/#organization","name":"CPI Europe","url":"https://cpi-europe.upv.es/","logo":{"@type":"ImageObject","inLanguage":"en-GB","@id":"https://cpi-europe.upv.es/#/schema/logo/image/","url":"https://cpi-europe.upv.es/wp-content/uploads/2020/12/logo-cpi-web-ok.png","contentUrl":"https://cpi-europe.upv.es/wp-content/uploads/2020/12/logo-cpi-web-ok.png","width":869,"height":111,"caption":"CPI Europe"},"image":{"@id":"https://cpi-europe.upv.es/#/schema/logo/image/"},"sameAs":["https://www.facebook.com/UPV","https://x.com/UPV","https://www.instagram.com/instaUPV/"]}]}</script>
<!-- / Yoast SEO plugin. -->

CPI EUROPE organiza el 2 de diciembre el curso con título “EIC Accelerator: Características y claves para la preparación de propuestas”. Este curso será impartido en castellano por Valentín Polo (PNO), consultor especialista con experiencia en este programa de financiación. En modalidad presencial y gratuita, está destinado a personal UPV o personal externo, con vínculo con &hellip; Curso EIC Accelerator Read More »
