{"id":1448,"date":"2021-05-06T13:26:40","date_gmt":"2021-05-06T11:26:40","guid":{"rendered":"https:\/\/cpi-europe.upv.es\/eventos\/save-the-date-infoday-ec-cluster-1-copy\/"},"modified":"2021-05-11T09:34:30","modified_gmt":"2021-05-11T07:34:30","slug":"infoday-ec-cluster-4-industria","status":"publish","type":"mec-events","link":"https:\/\/cpi-europe.upv.es\/en\/eventos\/infoday-ec-cluster-4-industria\/","title":{"rendered":"Infoday Nacional Cl\u00faster 4 Horizonte Europa \u00abIndustria\u00bb"},"content":{"rendered":"<p>El mi\u00e9rcoles <strong>19 de mayo<\/strong> CDTI organiza una Jornada Informativa sobre el \u00e1rea de INDUSTRIA del Cluster 4 de Horizonte Europa, a trav\u00e9s de la plataforma Zoom.<\/p>\n<p>En la primera parte de la jornada se presentar\u00e1 el nuevo Programa de Trabajo 2021-2022, Destinos 1 y 2, que incluyen las tem\u00e1ticas de Materiales Avanzados, Fabricaci\u00f3n Avanzada, Industria de Procesos y Materias Primas, contando con representantes de la Comisi\u00f3n Europea (DG RTD, DG GROW).<\/p>\n<p>En la segunda parte, se abordar\u00e1n cuestiones pr\u00e1cticas espec\u00edficas a tener en cuenta a la hora de preparar las propuestas, se\u00f1alando las novedades en Horizonte Europa (plantillas, reglas de participaci\u00f3n, etc.) as\u00ed como las claves para preparar una propuesta de \u00e9xito en el \u00e1rea de Industria.<\/p>\n<p>Los asistentes que tengan inter\u00e9s en una revisi\u00f3n de ideas de proyecto pueden aprovechar esta jornada para entrevistarse con los Puntos Nacionales de Contacto, que asesorar\u00e1n sobre ideas concretas de proyecto, previa petici\u00f3n y confirmaci\u00f3n de la entrevista.<\/p>\n<p>La agenda y el formulario de inscripci\u00f3n est\u00e1n disponibles en el siguiente <a href=\"https:\/\/eventos.cdti.es\/ES\/2021InfodayCLuster4\" target=\"_blank\" rel=\"noopener\">enlace<\/a>.<\/p>","protected":false},"excerpt":{"rendered":"<p>El mi\u00e9rcoles 19 de mayo CDTI organiza una Jornada Informativa sobre el \u00e1rea de INDUSTRIA del Cluster 4 de Horizonte Europa, a trav\u00e9s de la plataforma Zoom. En la primera parte de la jornada se presentar\u00e1 el nuevo Programa de Trabajo 2021-2022, Destinos 1 y 2, que incluyen las tem\u00e1ticas de Materiales Avanzados, Fabricaci\u00f3n Avanzada, &hellip;<\/p>\n<p class=\"read-more\"> <a class=\"\" href=\"https:\/\/cpi-europe.upv.es\/en\/eventos\/infoday-ec-cluster-4-industria\/\"> <span class=\"screen-reader-text\">Infoday Nacional Cl\u00faster 4 Horizonte Europa \u00abIndustria\u00bb<\/span> Read More \u00bb<\/a><\/p>","protected":false},"author":4,"featured_media":1360,"comment_status":"closed","ping_status":"closed","template":"","tags":[],"mec_category":[15],"class_list":["post-1448","mec-events","type-mec-events","status-publish","has-post-thumbnail","hentry","mec_category-externos"],"yoast_head":"<!-- This site is optimized with the Yoast SEO plugin v27.1.1 - https:\/\/yoast.com\/product\/yoast-seo-wordpress\/ -->\n<title>Infoday Nacional Cl\u00faster 4 Horizonte Europa &quot;Industria&quot; | CPI EUROPE<\/title>\n<meta name=\"robots\" content=\"index, follow, max-snippet:-1, max-image-preview:large, max-video-preview:-1\" \/>\n<link rel=\"canonical\" href=\"https:\/\/cpi-europe.upv.es\/en\/eventos\/infoday-ec-cluster-4-industria\/\" \/>\n<meta property=\"og:locale\" content=\"en_GB\" \/>\n<meta property=\"og:type\" content=\"article\" \/>\n<meta property=\"og:title\" content=\"Infoday Nacional Cl\u00faster 4 Horizonte Europa &quot;Industria&quot; | CPI EUROPE\" \/>\n<meta property=\"og:description\" content=\"El mi\u00e9rcoles 19 de mayo CDTI organiza una Jornada Informativa sobre el \u00e1rea de INDUSTRIA del Cluster 4 de Horizonte Europa, a trav\u00e9s de la plataforma Zoom. En la primera parte de la jornada se presentar\u00e1 el nuevo Programa de Trabajo 2021-2022, Destinos 1 y 2, que incluyen las tem\u00e1ticas de Materiales Avanzados, Fabricaci\u00f3n Avanzada, &hellip; Infoday Nacional Cl\u00faster 4 Horizonte Europa \u00abIndustria\u00bb Read More \u00bb\" \/>\n<meta property=\"og:url\" content=\"https:\/\/cpi-europe.upv.es\/en\/eventos\/infoday-ec-cluster-4-industria\/\" \/>\n<meta property=\"og:site_name\" content=\"CPI EUROPE\" \/>\n<meta property=\"article:publisher\" content=\"https:\/\/www.facebook.com\/UPV\" \/>\n<meta property=\"article:modified_time\" content=\"2021-05-11T07:34:30+00:00\" \/>\n<meta property=\"og:image\" content=\"https:\/\/cpi-europe.upv.es\/wp-content\/uploads\/2021\/03\/imagen-CDTI-web2.png\" \/>\n\t<meta property=\"og:image:width\" content=\"549\" \/>\n\t<meta property=\"og:image:height\" content=\"413\" \/>\n\t<meta property=\"og:image:type\" content=\"image\/png\" \/>\n<meta name=\"twitter:card\" content=\"summary_large_image\" \/>\n<meta name=\"twitter:site\" content=\"@UPV\" \/>\n<meta name=\"twitter:label1\" content=\"Estimated reading time\" \/>\n\t<meta name=\"twitter:data1\" content=\"1 minute\" \/>\n<script type=\"application\/ld+json\" class=\"yoast-schema-graph\">{\"@context\":\"https:\/\/schema.org\",\"@graph\":[{\"@type\":\"WebPage\",\"@id\":\"https:\/\/cpi-europe.upv.es\/eventos\/infoday-ec-cluster-4-industria\/\",\"url\":\"https:\/\/cpi-europe.upv.es\/eventos\/infoday-ec-cluster-4-industria\/\",\"name\":\"Infoday Nacional Cl\u00faster 4 Horizonte Europa \\\"Industria\\\" | CPI EUROPE\",\"isPartOf\":{\"@id\":\"https:\/\/cpi-europe.upv.es\/#website\"},\"primaryImageOfPage\":{\"@id\":\"https:\/\/cpi-europe.upv.es\/eventos\/infoday-ec-cluster-4-industria\/#primaryimage\"},\"image\":{\"@id\":\"https:\/\/cpi-europe.upv.es\/eventos\/infoday-ec-cluster-4-industria\/#primaryimage\"},\"thumbnailUrl\":\"https:\/\/cpi-europe.upv.es\/wp-content\/uploads\/2021\/03\/imagen-CDTI-web2.png\",\"datePublished\":\"2021-05-06T11:26:40+00:00\",\"dateModified\":\"2021-05-11T07:34:30+00:00\",\"breadcrumb\":{\"@id\":\"https:\/\/cpi-europe.upv.es\/eventos\/infoday-ec-cluster-4-industria\/#breadcrumb\"},\"inLanguage\":\"en-GB\",\"potentialAction\":[{\"@type\":\"ReadAction\",\"target\":[\"https:\/\/cpi-europe.upv.es\/eventos\/infoday-ec-cluster-4-industria\/\"]}]},{\"@type\":\"ImageObject\",\"inLanguage\":\"en-GB\",\"@id\":\"https:\/\/cpi-europe.upv.es\/eventos\/infoday-ec-cluster-4-industria\/#primaryimage\",\"url\":\"https:\/\/cpi-europe.upv.es\/wp-content\/uploads\/2021\/03\/imagen-CDTI-web2.png\",\"contentUrl\":\"https:\/\/cpi-europe.upv.es\/wp-content\/uploads\/2021\/03\/imagen-CDTI-web2.png\",\"width\":549,\"height\":413},{\"@type\":\"BreadcrumbList\",\"@id\":\"https:\/\/cpi-europe.upv.es\/eventos\/infoday-ec-cluster-4-industria\/#breadcrumb\",\"itemListElement\":[{\"@type\":\"ListItem\",\"position\":1,\"name\":\"Portada\",\"item\":\"https:\/\/cpi-europe.upv.es\/\"},{\"@type\":\"ListItem\",\"position\":2,\"name\":\"Infoday Nacional Cl\u00faster 4 Horizonte Europa \u00abIndustria\u00bb\"}]},{\"@type\":\"WebSite\",\"@id\":\"https:\/\/cpi-europe.upv.es\/#website\",\"url\":\"https:\/\/cpi-europe.upv.es\/\",\"name\":\"CPI EUROPE\",\"description\":\"\",\"publisher\":{\"@id\":\"https:\/\/cpi-europe.upv.es\/#organization\"},\"potentialAction\":[{\"@type\":\"SearchAction\",\"target\":{\"@type\":\"EntryPoint\",\"urlTemplate\":\"https:\/\/cpi-europe.upv.es\/?s={search_term_string}\"},\"query-input\":{\"@type\":\"PropertyValueSpecification\",\"valueRequired\":true,\"valueName\":\"search_term_string\"}}],\"inLanguage\":\"en-GB\"},{\"@type\":\"Organization\",\"@id\":\"https:\/\/cpi-europe.upv.es\/#organization\",\"name\":\"CPI Europe\",\"url\":\"https:\/\/cpi-europe.upv.es\/\",\"logo\":{\"@type\":\"ImageObject\",\"inLanguage\":\"en-GB\",\"@id\":\"https:\/\/cpi-europe.upv.es\/#\/schema\/logo\/image\/\",\"url\":\"https:\/\/cpi-europe.upv.es\/wp-content\/uploads\/2020\/12\/logo-cpi-web-ok.png\",\"contentUrl\":\"https:\/\/cpi-europe.upv.es\/wp-content\/uploads\/2020\/12\/logo-cpi-web-ok.png\",\"width\":869,\"height\":111,\"caption\":\"CPI Europe\"},\"image\":{\"@id\":\"https:\/\/cpi-europe.upv.es\/#\/schema\/logo\/image\/\"},\"sameAs\":[\"https:\/\/www.facebook.com\/UPV\",\"https:\/\/x.com\/UPV\",\"https:\/\/www.instagram.com\/instaUPV\/\"]}]}<\/script>\n<!-- \/ Yoast SEO plugin. -->","yoast_head_json":{"title":"Infoday Nacional Cl\u00faster 4 Horizonte Europa \"Industria\" | CPI EUROPE","robots":{"index":"index","follow":"follow","max-snippet":"max-snippet:-1","max-image-preview":"max-image-preview:large","max-video-preview":"max-video-preview:-1"},"canonical":"https:\/\/cpi-europe.upv.es\/en\/eventos\/infoday-ec-cluster-4-industria\/","og_locale":"en_GB","og_type":"article","og_title":"Infoday Nacional Cl\u00faster 4 Horizonte Europa \"Industria\" | CPI EUROPE","og_description":"El mi\u00e9rcoles 19 de mayo CDTI organiza una Jornada Informativa sobre el \u00e1rea de INDUSTRIA del Cluster 4 de Horizonte Europa, a trav\u00e9s de la plataforma Zoom. En la primera parte de la jornada se presentar\u00e1 el nuevo Programa de Trabajo 2021-2022, Destinos 1 y 2, que incluyen las tem\u00e1ticas de Materiales Avanzados, Fabricaci\u00f3n Avanzada, &hellip; Infoday Nacional Cl\u00faster 4 Horizonte Europa \u00abIndustria\u00bb Read More \u00bb","og_url":"https:\/\/cpi-europe.upv.es\/en\/eventos\/infoday-ec-cluster-4-industria\/","og_site_name":"CPI EUROPE","article_publisher":"https:\/\/www.facebook.com\/UPV","article_modified_time":"2021-05-11T07:34:30+00:00","og_image":[{"width":549,"height":413,"url":"https:\/\/cpi-europe.upv.es\/wp-content\/uploads\/2021\/03\/imagen-CDTI-web2.png","type":"image\/png"}],"twitter_card":"summary_large_image","twitter_site":"@UPV","twitter_misc":{"Estimated reading time":"1 minute"},"schema":{"@context":"https:\/\/schema.org","@graph":[{"@type":"WebPage","@id":"https:\/\/cpi-europe.upv.es\/eventos\/infoday-ec-cluster-4-industria\/","url":"https:\/\/cpi-europe.upv.es\/eventos\/infoday-ec-cluster-4-industria\/","name":"Infoday Nacional Cl\u00faster 4 Horizonte Europa \"Industria\" | CPI EUROPE","isPartOf":{"@id":"https:\/\/cpi-europe.upv.es\/#website"},"primaryImageOfPage":{"@id":"https:\/\/cpi-europe.upv.es\/eventos\/infoday-ec-cluster-4-industria\/#primaryimage"},"image":{"@id":"https:\/\/cpi-europe.upv.es\/eventos\/infoday-ec-cluster-4-industria\/#primaryimage"},"thumbnailUrl":"https:\/\/cpi-europe.upv.es\/wp-content\/uploads\/2021\/03\/imagen-CDTI-web2.png","datePublished":"2021-05-06T11:26:40+00:00","dateModified":"2021-05-11T07:34:30+00:00","breadcrumb":{"@id":"https:\/\/cpi-europe.upv.es\/eventos\/infoday-ec-cluster-4-industria\/#breadcrumb"},"inLanguage":"en-GB","potentialAction":[{"@type":"ReadAction","target":["https:\/\/cpi-europe.upv.es\/eventos\/infoday-ec-cluster-4-industria\/"]}]},{"@type":"ImageObject","inLanguage":"en-GB","@id":"https:\/\/cpi-europe.upv.es\/eventos\/infoday-ec-cluster-4-industria\/#primaryimage","url":"https:\/\/cpi-europe.upv.es\/wp-content\/uploads\/2021\/03\/imagen-CDTI-web2.png","contentUrl":"https:\/\/cpi-europe.upv.es\/wp-content\/uploads\/2021\/03\/imagen-CDTI-web2.png","width":549,"height":413},{"@type":"BreadcrumbList","@id":"https:\/\/cpi-europe.upv.es\/eventos\/infoday-ec-cluster-4-industria\/#breadcrumb","itemListElement":[{"@type":"ListItem","position":1,"name":"Portada","item":"https:\/\/cpi-europe.upv.es\/"},{"@type":"ListItem","position":2,"name":"Infoday Nacional Cl\u00faster 4 Horizonte Europa \u00abIndustria\u00bb"}]},{"@type":"WebSite","@id":"https:\/\/cpi-europe.upv.es\/#website","url":"https:\/\/cpi-europe.upv.es\/","name":"CPI EUROPE","description":"","publisher":{"@id":"https:\/\/cpi-europe.upv.es\/#organization"},"potentialAction":[{"@type":"SearchAction","target":{"@type":"EntryPoint","urlTemplate":"https:\/\/cpi-europe.upv.es\/?s={search_term_string}"},"query-input":{"@type":"PropertyValueSpecification","valueRequired":true,"valueName":"search_term_string"}}],"inLanguage":"en-GB"},{"@type":"Organization","@id":"https:\/\/cpi-europe.upv.es\/#organization","name":"CPI Europe","url":"https:\/\/cpi-europe.upv.es\/","logo":{"@type":"ImageObject","inLanguage":"en-GB","@id":"https:\/\/cpi-europe.upv.es\/#\/schema\/logo\/image\/","url":"https:\/\/cpi-europe.upv.es\/wp-content\/uploads\/2020\/12\/logo-cpi-web-ok.png","contentUrl":"https:\/\/cpi-europe.upv.es\/wp-content\/uploads\/2020\/12\/logo-cpi-web-ok.png","width":869,"height":111,"caption":"CPI Europe"},"image":{"@id":"https:\/\/cpi-europe.upv.es\/#\/schema\/logo\/image\/"},"sameAs":["https:\/\/www.facebook.com\/UPV","https:\/\/x.com\/UPV","https:\/\/www.instagram.com\/instaUPV\/"]}]}},"_links":{"self":[{"href":"https:\/\/cpi-europe.upv.es\/en\/wp-json\/wp\/v2\/mec-events\/1448","targetHints":{"allow":["GET"]}}],"collection":[{"href":"https:\/\/cpi-europe.upv.es\/en\/wp-json\/wp\/v2\/mec-events"}],"about":[{"href":"https:\/\/cpi-europe.upv.es\/en\/wp-json\/wp\/v2\/types\/mec-events"}],"author":[{"embeddable":true,"href":"https:\/\/cpi-europe.upv.es\/en\/wp-json\/wp\/v2\/users\/4"}],"replies":[{"embeddable":true,"href":"https:\/\/cpi-europe.upv.es\/en\/wp-json\/wp\/v2\/comments?post=1448"}],"wp:featuredmedia":[{"embeddable":true,"href":"https:\/\/cpi-europe.upv.es\/en\/wp-json\/wp\/v2\/media\/1360"}],"wp:attachment":[{"href":"https:\/\/cpi-europe.upv.es\/en\/wp-json\/wp\/v2\/media?parent=1448"}],"wp:term":[{"taxonomy":"post_tag","embeddable":true,"href":"https:\/\/cpi-europe.upv.es\/en\/wp-json\/wp\/v2\/tags?post=1448"},{"taxonomy":"mec_category","embeddable":true,"href":"https:\/\/cpi-europe.upv.es\/en\/wp-json\/wp\/v2\/mec_category?post=1448"}],"curies":[{"name":"wp","href":"https:\/\/api.w.org\/{rel}","templated":true}]}}

Infoday Nacional Clúster 4 Horizonte Europa «Industria»

<p>El miércoles <strong>19 de mayo</strong> CDTI organiza una Jornada Informativa sobre el área de INDUSTRIA del Cluster 4 de Horizonte Europa, a través de la plataforma Zoom.</p>
<p>En la primera parte de la jornada se presentará el nuevo Programa de Trabajo 2021-2022, Destinos 1 y 2, que incluyen las temáticas de Materiales Avanzados, Fabricación Avanzada, Industria de Procesos y Materias Primas, contando con representantes de la Comisión Europea (DG RTD, DG GROW).</p>
<p>En la segunda parte, se abordarán cuestiones prácticas específicas a tener en cuenta a la hora de preparar las propuestas, señalando las novedades en Horizonte Europa (plantillas, reglas de participación, etc.) así como las claves para preparar una propuesta de éxito en el área de Industria.</p>
<p>Los asistentes que tengan interés en una revisión de ideas de proyecto pueden aprovechar esta jornada para entrevistarse con los Puntos Nacionales de Contacto, que asesorarán sobre ideas concretas de proyecto, previa petición y confirmación de la entrevista.</p>
<p>La agenda y el formulario de inscripción están disponibles en el siguiente <a href="https://eventos.cdti.es/ES/2021InfodayCLuster4" target="_blank" rel="noopener">enlace</a>.</p>

<p>El miércoles 19 de mayo CDTI organiza una Jornada Informativa sobre el área de INDUSTRIA del Cluster 4 de Horizonte Europa, a través de la plataforma Zoom. En la primera parte de la jornada se presentará el nuevo Programa de Trabajo 2021-2022, Destinos 1 y 2, que incluyen las temáticas de Materiales Avanzados, Fabricación Avanzada, &hellip;</p>
<p class="read-more"> <a class="" href="https://cpi-europe.upv.es/en/eventos/infoday-ec-cluster-4-industria/"> <span class="screen-reader-text">Infoday Nacional Clúster 4 Horizonte Europa «Industria»</span> Read More »</a></p>

<!-- This site is optimized with the Yoast SEO plugin v27.1.1 - https://yoast.com/product/yoast-seo-wordpress/ -->
<title>Infoday Nacional Clúster 4 Horizonte Europa &quot;Industria&quot; | CPI EUROPE</title>
<meta name="robots" content="index, follow, max-snippet:-1, max-image-preview:large, max-video-preview:-1" />
<link rel="canonical" href="https://cpi-europe.upv.es/en/eventos/infoday-ec-cluster-4-industria/" />
<meta property="og:locale" content="en_GB" />
<meta property="og:type" content="article" />
<meta property="og:title" content="Infoday Nacional Clúster 4 Horizonte Europa &quot;Industria&quot; | CPI EUROPE" />
<meta property="og:description" content="El miércoles 19 de mayo CDTI organiza una Jornada Informativa sobre el área de INDUSTRIA del Cluster 4 de Horizonte Europa, a través de la plataforma Zoom. En la primera parte de la jornada se presentará el nuevo Programa de Trabajo 2021-2022, Destinos 1 y 2, que incluyen las temáticas de Materiales Avanzados, Fabricación Avanzada, &hellip; Infoday Nacional Clúster 4 Horizonte Europa «Industria» Read More »" />
<meta property="og:url" content="https://cpi-europe.upv.es/en/eventos/infoday-ec-cluster-4-industria/" />
<meta property="og:site_name" content="CPI EUROPE" />
<meta property="article:publisher" content="https://www.facebook.com/UPV" />
<meta property="article:modified_time" content="2021-05-11T07:34:30+00:00" />
<meta property="og:image" content="https://cpi-europe.upv.es/wp-content/uploads/2021/03/imagen-CDTI-web2.png" />
	<meta property="og:image:width" content="549" />
	<meta property="og:image:height" content="413" />
	<meta property="og:image:type" content="image/png" />
<meta name="twitter:card" content="summary_large_image" />
<meta name="twitter:site" content="@UPV" />
<meta name="twitter:label1" content="Estimated reading time" />
	<meta name="twitter:data1" content="1 minute" />
<script type="application/ld+json" class="yoast-schema-graph">{"@context":"https://schema.org","@graph":[{"@type":"WebPage","@id":"https://cpi-europe.upv.es/eventos/infoday-ec-cluster-4-industria/","url":"https://cpi-europe.upv.es/eventos/infoday-ec-cluster-4-industria/","name":"Infoday Nacional Clúster 4 Horizonte Europa \"Industria\" | CPI EUROPE","isPartOf":{"@id":"https://cpi-europe.upv.es/#website"},"primaryImageOfPage":{"@id":"https://cpi-europe.upv.es/eventos/infoday-ec-cluster-4-industria/#primaryimage"},"image":{"@id":"https://cpi-europe.upv.es/eventos/infoday-ec-cluster-4-industria/#primaryimage"},"thumbnailUrl":"https://cpi-europe.upv.es/wp-content/uploads/2021/03/imagen-CDTI-web2.png","datePublished":"2021-05-06T11:26:40+00:00","dateModified":"2021-05-11T07:34:30+00:00","breadcrumb":{"@id":"https://cpi-europe.upv.es/eventos/infoday-ec-cluster-4-industria/#breadcrumb"},"inLanguage":"en-GB","potentialAction":[{"@type":"ReadAction","target":["https://cpi-europe.upv.es/eventos/infoday-ec-cluster-4-industria/"]}]},{"@type":"ImageObject","inLanguage":"en-GB","@id":"https://cpi-europe.upv.es/eventos/infoday-ec-cluster-4-industria/#primaryimage","url":"https://cpi-europe.upv.es/wp-content/uploads/2021/03/imagen-CDTI-web2.png","contentUrl":"https://cpi-europe.upv.es/wp-content/uploads/2021/03/imagen-CDTI-web2.png","width":549,"height":413},{"@type":"BreadcrumbList","@id":"https://cpi-europe.upv.es/eventos/infoday-ec-cluster-4-industria/#breadcrumb","itemListElement":[{"@type":"ListItem","position":1,"name":"Portada","item":"https://cpi-europe.upv.es/"},{"@type":"ListItem","position":2,"name":"Infoday Nacional Clúster 4 Horizonte Europa «Industria»"}]},{"@type":"WebSite","@id":"https://cpi-europe.upv.es/#website","url":"https://cpi-europe.upv.es/","name":"CPI EUROPE","description":"","publisher":{"@id":"https://cpi-europe.upv.es/#organization"},"potentialAction":[{"@type":"SearchAction","target":{"@type":"EntryPoint","urlTemplate":"https://cpi-europe.upv.es/?s={search_term_string}"},"query-input":{"@type":"PropertyValueSpecification","valueRequired":true,"valueName":"search_term_string"}}],"inLanguage":"en-GB"},{"@type":"Organization","@id":"https://cpi-europe.upv.es/#organization","name":"CPI Europe","url":"https://cpi-europe.upv.es/","logo":{"@type":"ImageObject","inLanguage":"en-GB","@id":"https://cpi-europe.upv.es/#/schema/logo/image/","url":"https://cpi-europe.upv.es/wp-content/uploads/2020/12/logo-cpi-web-ok.png","contentUrl":"https://cpi-europe.upv.es/wp-content/uploads/2020/12/logo-cpi-web-ok.png","width":869,"height":111,"caption":"CPI Europe"},"image":{"@id":"https://cpi-europe.upv.es/#/schema/logo/image/"},"sameAs":["https://www.facebook.com/UPV","https://x.com/UPV","https://www.instagram.com/instaUPV/"]}]}</script>
<!-- / Yoast SEO plugin. -->

Infoday Nacional Clúster 4 Horizonte Europa "Industria" | CPI EUROPE

El miércoles 19 de mayo CDTI organiza una Jornada Informativa sobre el área de INDUSTRIA del Cluster 4 de Horizonte Europa, a través de la plataforma Zoom. En la primera parte de la jornada se presentará el nuevo Programa de Trabajo 2021-2022, Destinos 1 y 2, que incluyen las temáticas de Materiales Avanzados, Fabricación Avanzada, &hellip; Infoday Nacional Clúster 4 Horizonte Europa «Industria» Read More »
